{"id":658,"date":"2017-06-08T11:32:35","date_gmt":"2017-06-08T11:32:35","guid":{"rendered":"https:\/\/www.ull.es\/admision-becas\/?page_id=658"},"modified":"2026-03-10T11:47:46","modified_gmt":"2026-03-10T11:47:46","slug":"alumnado-formacion-profesional","status":"publish","type":"page","link":"https:\/\/www.ull.es\/admision-becas\/pau\/alumnado-formacion-profesional\/","title":{"rendered":"Alumnado de formaci\u00f3n profesional"},"content":{"rendered":"\n<div class=\"wp-block-stackable-columns alignfull stk-block-columns stk-block stk-2cbe2d9 stk-block-background stk--has-background-overlay\" data-block-id=\"2cbe2d9\"><style>.stk-2cbe2d9 {background-image:url(https:\/\/www.ull.es\/admision-becas\/wp-content\/uploads\/sites\/8\/2025\/11\/Landing-PAU_Header.jpg) !important;min-height:600px !important;align-items:center !important;padding-top:0px !important;padding-right:0px !important;padding-bottom:0px !important;padding-left:0px !important;margin-top:-30px !important;margin-bottom:50px !important;display:flex !important;}.stk-2cbe2d9-column{max-width:1300px !important;min-width:auto !important;}@media screen and (max-width: 767px){.stk-2cbe2d9 {min-height:400px !important;}}<\/style><div class=\"stk-row stk-inner-blocks stk-block-content stk-content-align stk-2cbe2d9-column\">\n<div class=\"wp-block-stackable-column stk-block-column stk-column stk-block stk-67d5c45\" data-v=\"4\" data-block-id=\"67d5c45\"><style>@media screen and (min-width: 768px) and (max-width: 1023px){.stk-67d5c45 {flex:var(--stk-flex-grow, 1) 1 calc(60% - var(--stk-column-gap, 0px) * 1 \/ 2 ) !important;}}@media screen and (max-width: 767px){.stk-67d5c45 {padding-top:10px !important;padding-right:10px !important;padding-bottom:10px !important;padding-left:10px !important;}}<\/style><div class=\"stk-column-wrapper stk-block-column__content stk-container stk-67d5c45-container stk--no-background stk--no-padding\"><div class=\"stk-block-content stk-inner-blocks stk-67d5c45-inner-blocks\">\n<div class=\"wp-block-stackable-heading stk-block-heading stk-block-heading--v2 stk-block stk-c229f24\" id=\"alumnado-fp\" data-block-id=\"c229f24\"><style>.stk-c229f24 {margin-bottom:0px !important;}.stk-c229f24 .stk-block-heading__text{font-size:80px !important;color:#ffffff !important;font-weight:700 !important;font-family:\"Montserrat\", Sans-serif !important;}@media screen and (max-width: 1023px){.stk-c229f24 .stk-block-heading__text{font-size:50px !important;}}@media screen and (max-width: 767px){.stk-c229f24 .stk-block-heading__text{font-size:47px !important;}}<\/style><h1 class=\"stk-block-heading__text has-text-color\">Alumnado FP<\/h1><\/div>\n<\/div><\/div><\/div>\n\n\n\n<div class=\"wp-block-stackable-column stk-block-column stk-column stk-block stk-a283fdb\" data-v=\"4\" data-block-id=\"a283fdb\"><style>@media screen and (min-width: 768px) and (max-width: 1023px){.stk-a283fdb {flex:var(--stk-flex-grow, 1) 1 calc(40% - var(--stk-column-gap, 0px) * 1 \/ 2 ) !important;}}<\/style><div class=\"stk-column-wrapper stk-block-column__content stk-container stk-a283fdb-container stk--no-background stk--no-padding\"><div class=\"stk-block-content stk-inner-blocks stk-a283fdb-inner-blocks\"><\/div><\/div><\/div>\n<\/div><\/div>\n\n\n\n<div class=\"wp-block-stackable-columns stk-block-columns stk-block stk-8b59b96\" data-block-id=\"8b59b96\"><style>.stk-8b59b96 .stk--block-align-8b59b96{align-items:flex-start !important;}.stk-8b59b96-column{--stk-columns-spacing:0px !important;--stk-column-gap:50px !important;}<\/style><div class=\"stk-row stk-inner-blocks stk--block-align-8b59b96 stk-block-content stk-content-align stk-8b59b96-column\">\n<div class=\"wp-block-stackable-column stk-block-column stk-column stk-block stk-dbb7e15\" data-v=\"4\" data-block-id=\"dbb7e15\"><div class=\"stk-column-wrapper stk-block-column__content stk-container stk-dbb7e15-container stk--no-background stk--no-padding\"><div class=\"stk-block-content stk-inner-blocks stk-dbb7e15-inner-blocks\">\n<div class=\"wp-block-stackable-heading stk-block-heading stk-block-heading--v2 stk-block stk-59718a5\" id=\"acceso-a-la-universidad-desde-los-titulos-de-tecnico-superior-de-formacion-profesional-tecnico-superior-de-artes-plasticas-y-diseno-y-tecnico-deportivo-superior\" data-block-id=\"59718a5\"><style>.stk-59718a5 {margin-bottom:20px !important;}.stk-59718a5 .stk-block-heading__text{font-size:35px !important;color:var(--stk-global-color-60833, #5c068c) !important;font-weight:400 !important;}@media screen and (max-width: 1023px){.stk-59718a5 .stk-block-heading__text{font-size:35px !important;}}<\/style><h2 class=\"stk-block-heading__text has-text-color\">Acceso a la Universidad desde los t\u00edtulos de T\u00e9cnico Superior de Formaci\u00f3n Profesional, T\u00e9cnico Superior de Artes Pl\u00e1sticas y Dise\u00f1o y T\u00e9cnico Deportivo Superior<\/h2><\/div>\n\n\n\n<div class=\"wp-block-stackable-text stk-block-text stk-block stk-c02ace3\" data-block-id=\"c02ace3\"><p class=\"stk-block-text__text\">Quienes est\u00e9n en posesi\u00f3n de los t\u00edtulos de T\u00e9cnico Superior de Formaci\u00f3n Profesional, T\u00e9cnico Superior de Artes Pl\u00e1sticas y Dise\u00f1o, o T\u00e9cnico Deportivo Superior o &nbsp;equivalente, podr\u00e1n ser admitidos en las titulaciones oficales de grado sin necesidad de realizar la prueba de acceso.<\/p><\/div>\n\n\n\n<p data-block-type=\"core\">No obstante estos estudiantes podr\u00e1n presentarse a la <strong>Fase de Opci\u00f3n<\/strong> de la prueba de acceso a la universidad, para mejorar la&nbsp;<a href=\"https:\/\/www.ull.es\/admision-becas\/calculo-nota-admision\/#formacion-profesional\" target=\"_blank\" rel=\"noreferrer noopener\" target=\"_blank\" rel=\"noopener\">nota de admisi\u00f3n<\/a>&nbsp;a las ense\u00f1anzas universitarias oficiales de Grado.<\/p>\n\n\n\n<p data-block-type=\"core\">El contenido de los temarios sobre los que versar\u00e1n los ejercicios de la Fase de Opci\u00f3n, ser\u00e1 el establecido para el curr\u00edculo de las materias troncales de opci\u00f3n de 2\u00ba de Bachillerato.<\/p>\n\n\n\n<p data-block-type=\"core\">La Fase de Opci\u00f3n para el alumnado en posesi\u00f3n de los t\u00edtulos de T\u00e9cnico Superior de Formaci\u00f3n Profesional, T\u00e9cnico Superior de Artes Pl\u00e1sticas y Dise\u00f1o, o T\u00e9cnico Deportivo Superior o &nbsp;equivalente, se ajustar\u00e1 a los siguientes criterios:<\/p>\n\n\n\n<ol style=\"list-style-type:lower-alpha\" class=\"wp-block-list\" data-block-type=\"core\">\n<li data-block-type=\"core\">Podr\u00e1 presentarse a 1, 2, 3 o 4 materias<strong>.&nbsp;<\/strong>En el caso de que se presente a <strong>CUATRO <\/strong>materias<strong>, obligatoriamente UNA <\/strong>deber\u00e1 ser una <strong>Lengua Extranjera<\/strong>.<\/li>\n\n\n\n<li data-block-type=\"core\">Podr\u00e1 presentarse a Lengua Castellana y Literatura, Historia de Espa\u00f1a e Historia de la Filosof\u00eda.<\/li>\n\n\n\n<li data-block-type=\"core\">Podr\u00e1 presentarse a un m\u00e1ximo de dos materias de Lengua Extranjera &nbsp;(Alem\u00e1n, Franc\u00e9s, Ingl\u00e9s o Italiano), a su elecci\u00f3n.<\/li>\n\n\n\n<li data-block-type=\"core\">Podr\u00e1 presentarse a un m\u00e1ximo de dos materias de modalidad obligatorias (Matem\u00e1ticas II, Matem\u00e1ticas Aplicadas a las Ciencias Sociales II, Lat\u00edn II, An\u00e1lisis Musical II, Artes Esc\u00e9nicas II, Dibujo Art\u00edstico II o Ciencias Generales).<\/li>\n\n\n\n<li data-block-type=\"core\">El resto de materias elegibles en esta fase son las materias de modalidad opcionales: Biolog\u00eda, Coro y T\u00e9cnica Vocal II, Dibujo T\u00e9cnico II, Dibujo T\u00e9cnico Aplicado a las Artes Pl\u00e1sticas y al Dise\u00f1o, Dise\u00f1o, Empresa y Dise\u00f1o de Modelos de Negocio, F\u00edsica, Fundamentos Art\u00edsticos, Geograf\u00eda, Geolog\u00eda y Ciencias Ambientales, Griego II, Historia del Arte, Historia de la M\u00fasica y de la Danza, Literatura Dram\u00e1tica, Movimientos Culturales y Art\u00edsticos, Qu\u00edmica, T\u00e9cnicas de Expresi\u00f3n Gr\u00e1fico-Pl\u00e1stica, Tecnolog\u00eda e Ingenier\u00eda II.<\/li>\n<\/ol>\n\n\n\n<h3 class=\"wp-block-heading\" data-block-type=\"core\">Nota de admisi\u00f3n a las ense\u00f1anzas universitarias oficiales de grado<\/h3>\n\n\n\n<p data-block-type=\"core\">Para la admisi\u00f3n a las ense\u00f1anzas universitarias oficiales de Grado, se utilizar\u00e1 para la adjudicaci\u00f3n de las plazas la nota de admisi\u00f3n que corresponda, que se calcular\u00e1 con la siguiente f\u00f3rmula y se expresar\u00e1 con tres cifras decimales, redondeada a la mil\u00e9sima m\u00e1s pr\u00f3xima y en caso de equidistancia a la superior:<\/p>\n\n\n\n<ul class=\"wp-block-list\" data-block-type=\"core\">\n<li data-block-type=\"core\">\n<ul class=\"wp-block-list\" data-block-type=\"core\">\n<li data-block-type=\"core\"><strong>Nota de admisi\u00f3n = NMC + a x M1 + b x M2<\/strong><\/li>\n\n\n\n<li data-block-type=\"core\"><strong>NMC<\/strong>&nbsp;= Nota media del Ciclo Formativo<\/li>\n\n\n\n<li data-block-type=\"core\"><strong>M1, M2<\/strong>&nbsp;= Las calificaciones de un m\u00e1ximo de dos materias superadas de la fase de opci\u00f3n que proporcionen mejor nota de admisi\u00f3n.<\/li>\n\n\n\n<li data-block-type=\"core\"><strong>a, b<\/strong>&nbsp;= par\u00e1metros de ponderaci\u00f3n de las materias de la fase de opci\u00f3n.<\/li>\n<\/ul>\n<\/li>\n<\/ul>\n\n\n\n<p data-block-type=\"core\">La nota de admisi\u00f3n incorporar\u00e1 las calificaciones de las materias de la fase de opci\u00f3n atendiendo a la correspondencia entre las materias y el grado al que se accede, siempre que se haya obtenido una calificaci\u00f3n m\u00ednima de 5 en dicha materia.<a href=\"https:\/\/www.ull.es\/admision-becas\/ebau\/ponderaciones-las-titulaciones-la-ull\/\" target=\"_blank\" rel=\"noreferrer noopener\" target=\"_blank\" rel=\"noopener\">&nbsp;Ver par\u00e1metros de ponderaci\u00f3n de las materias de la fase de opci\u00f3n para las titulaciones de la ULL<\/a>.<\/p>\n\n\n\n<h3 class=\"wp-block-heading\" data-block-type=\"core\">Matr\u00edcula en la prueba de acceso.<\/h3>\n\n\n\n<h5 class=\"wp-block-heading\" data-block-type=\"core\"><strong>Alumnado que finaliza sus estudios en el mismo a\u00f1o en el que se realiza la prueba de acceso.<\/strong><\/h5>\n\n\n\n<p data-block-type=\"core\">El alumnado realizar\u00e1 la matr\u00edcula en la prueba de acceso a trav\u00e9s de una aplicaci\u00f3n telem\u00e1tica que se facilitar\u00e1 a trav\u00e9s del centro o instituto donde cursa las ense\u00f1anzas conducentes a la obtenci\u00f3n de los t\u00edtulos anteriores, de acuerdo al calendario que se aprueba cada curso acad\u00e9mico. A estos efectos el alumnado se inscribir\u00e1 y realizar\u00e1 su matr\u00edcula en el Centro donde haya cursado los estudios del Ciclo o FP correspondientes.&nbsp;<a href=\"https:\/\/www.ull.es\/admision-becas\/ebau\/como-y-cuando-inscribirse\/\" target=\"_blank\" rel=\"noreferrer noopener\" target=\"_blank\" rel=\"noopener\">M\u00e1s informaci\u00f3n<\/a>.<\/p>\n\n\n\n<h5 class=\"wp-block-heading\" data-block-type=\"core\"><strong>Alumnado que finaliz\u00f3 sus estudios en cursos anteriores al que realiza la prueba de acceso.<\/strong><\/h5>\n\n\n\n<p data-block-type=\"core\">Deber\u00e1n\u00a0<strong>previamente<\/strong>\u00a0presentar una solicitud a trav\u00e9s de la\u00a0<a href=\"https:\/\/sede.ull.es\/ecivilis-site\/catalog\/showProcedure\/502\" target=\"_blank\" rel=\"noreferrer noopener\" target=\"_blank\" rel=\"noopener\">sede electr\u00f3nica<\/a>\u00a0de la ULL solicitando su inscripci\u00f3n en la prueba.\u00a0<a href=\"https:\/\/www.ull.es\/admision-becas\/pau\/mejorar-calificacion\/mejora-de-calificacion-pau\/\" target=\"_blank\" rel=\"noreferrer noopener\" target=\"_blank\" rel=\"noopener\">M\u00e1s informaci\u00f3n<\/a>\u00a0sobre los requisitos, plazos y documentaci\u00f3n exigida.<\/p>\n\n\n\n<p data-block-type=\"core\"><strong>La estimaci\u00f3n de la solicitud no implica por s\u00ed misma la matr\u00edcula en la PAU,&nbsp;<\/strong>por lo que una vez presentada correctamente la solicitud a trav\u00e9s de la sede electr\u00f3nica de la ULL el estudiante recibir\u00e1&nbsp;un correo electr\u00f3nico en el que se le indicar\u00e1 la forma de proceder para realizar la matr\u00edcula de la PAU.&nbsp;<a href=\"https:\/\/www.ull.es\/admision-becas\/ebau\/matricula\/\" target=\"_blank\" rel=\"noreferrer noopener\" target=\"_blank\" rel=\"noopener\">Ver procedimiento y lugar de matr\u00edcula para la PAU<\/a>.<\/p>\n<\/div><\/div><\/div>\n<\/div><\/div>\n","protected":false},"excerpt":{"rendered":"<p>Alumnado FP Acceso a la Universidad desde los t\u00edtulos de T\u00e9cnico Superior de Formaci\u00f3n Profesional, T\u00e9cnico Superior de Artes Pl\u00e1sticas y Dise\u00f1o y T\u00e9cnico Deportivo Superior Quienes est\u00e9n en posesi\u00f3n de los t\u00edtulos de T\u00e9cnico Superior de Formaci\u00f3n Profesional, T\u00e9cnico Superior de Artes Pl\u00e1sticas y Dise\u00f1o, o T\u00e9cnico Deportivo Superior o &nbsp;equivalente, podr\u00e1n ser admitidos&#8230;<\/p>\n","protected":false},"author":1,"featured_media":0,"parent":567,"menu_order":0,"comment_status":"closed","ping_status":"closed","template":"templates\/template-frontpage.php","meta":{"footnotes":""},"class_list":["post-658","page","type-page","status-publish","hentry"],"_links":{"self":[{"href":"https:\/\/www.ull.es\/admision-becas\/wp-json\/wp\/v2\/pages\/658","targetHints":{"allow":["GET"]}}],"collection":[{"href":"https:\/\/www.ull.es\/admision-becas\/wp-json\/wp\/v2\/pages"}],"about":[{"href":"https:\/\/www.ull.es\/admision-becas\/wp-json\/wp\/v2\/types\/page"}],"author":[{"embeddable":true,"href":"https:\/\/www.ull.es\/admision-becas\/wp-json\/wp\/v2\/users\/1"}],"replies":[{"embeddable":true,"href":"https:\/\/www.ull.es\/admision-becas\/wp-json\/wp\/v2\/comments?post=658"}],"version-history":[{"count":36,"href":"https:\/\/www.ull.es\/admision-becas\/wp-json\/wp\/v2\/pages\/658\/revisions"}],"predecessor-version":[{"id":8783,"href":"https:\/\/www.ull.es\/admision-becas\/wp-json\/wp\/v2\/pages\/658\/revisions\/8783"}],"up":[{"embeddable":true,"href":"https:\/\/www.ull.es\/admision-becas\/wp-json\/wp\/v2\/pages\/567"}],"wp:attachment":[{"href":"https:\/\/www.ull.es\/admision-becas\/wp-json\/wp\/v2\/media?parent=658"}],"curies":[{"name":"wp","href":"https:\/\/api.w.org\/{rel}","templated":true}]}}