{"id":38,"date":"2018-11-07T13:23:33","date_gmt":"2018-11-07T13:23:33","guid":{"rendered":"https:\/\/www.ull.es\/catedras\/catedra-farmacia-asistencia\/?page_id=38"},"modified":"2022-04-28T14:04:44","modified_gmt":"2022-04-28T14:04:44","slug":"cof-sctfe","status":"publish","type":"page","link":"https:\/\/www.ull.es\/catedras\/catedra-canaria-farmacia\/cof-sctfe\/","title":{"rendered":"COF SCTFE"},"content":{"rendered":"<p>[vc_row][vc_column][vc_empty_space][\/vc_column][\/vc_row][vc_row][vc_column][vc_column_text]<\/p>\n<h2 style=\"text-align: center;\">Mensaje del PRESIDENTE DEL COF SCTFE<\/h2>\n<p>[\/vc_column_text][\/vc_column][\/vc_row][vc_row][vc_column][vc_empty_space][\/vc_column][\/vc_row][vc_row][vc_column width=\u00bb1\/2&#8243;][vc_column_text]La C\u00e1tedra Canaria de Farmacia del Colegio Oficial de Farmac\u00e9uticos en la Universidad de La Laguna, se crea para ahondar en la rigurosa investigaci\u00f3n que deseamos promover en torno a la farmacia centrada en el paciente, colaboradora con un equipo transdisciplinar, y transferir ese conocimiento generado que beneficie claramente a la sociedad a la que servimos.<\/p>\n<p>La investigaci\u00f3n cient\u00edfica reglada, como los estudios de doctorado industrial, y los nuevos m\u00e9todos de formaci\u00f3n en los distintos \u00e1mbitos del conocimiento, permiten un alto grado de flexibilidad, que hacen posible un modelo de formaci\u00f3n doctoral con base en la universidad, pero con la colaboraci\u00f3n de otros organismos, entidades y empresas.<\/p>\n<p>Esta colaboraci\u00f3n equilibrada debe ejercer de facilitador para que los farmac\u00e9uticos, cuya pr\u00e1ctica profesional est\u00e9 centrada en el paciente, puedan hacer realidad una fruct\u00edfera simbiosis sociedad-profesionales-universidad.[\/vc_column_text][\/vc_column][vc_column width=\u00bb1\/2&#8243;][vc_single_image image=\u00bb54&#8243; img_size=\u00bbfull\u00bb alignment=\u00bbcenter\u00bb css_animation=\u00bbfadeIn\u00bb][\/vc_column][\/vc_row][vc_row][vc_column][vc_empty_space][\/vc_column][\/vc_row][vc_row][vc_column][vc_column_text]<\/p>\n<h2 style=\"text-align: center;\">Presentaci\u00f3n del Departamento de<\/h2>\n<h2 style=\"text-align: center;\">Farmacia Asistencial del COF SCTFE<\/h2>\n<p style=\"text-align: center;\"><a href=\"https:\/\/www.coftenerife.es\/\" target=\"_blank\" rel=\"noopener\" target=\"_blank\" rel=\"noopener\">Cof Tenerife<\/a><\/p>\n<p>[\/vc_column_text][\/vc_column][\/vc_row][vc_row][vc_column][vc_empty_space][\/vc_column][\/vc_row][vc_row][vc_column][vc_column_text]El departamento de Farmacia Asistencial del Colegio Oficial de Farmac\u00e9uticos de Santa Cruz de Tenerife (COF SCTFE) nace para dar respuesta a la necesidad social de promover el uso racional de los medicamentos y para garantizar el desarrollo de la profesi\u00f3n farmac\u00e9utica con un enfoque m\u00e1s asistencial. Inicia su andadura en el a\u00f1o 2014 pero es en el a\u00f1o 2017 cuando se constituye oficialmente en el COF SCTFE.<\/p>\n<p>Nuestro modelo centrado en el paciente no s\u00f3lo se aplica a la persona enferma sino tambi\u00e9n a la sana, con el objetivo de controlar los factores de riesgo e impulsar la prevenci\u00f3n de la enfermedad. Se trata de trabajar con el paciente y compartir informaci\u00f3n entre profesionales para as\u00ed agilizar la transici\u00f3n del paciente entre \u00e1mbitos asistenciales.[\/vc_column_text][\/vc_column][\/vc_row][vc_row][vc_column][vc_empty_space][\/vc_column][\/vc_row][vc_row][vc_column width=\u00bb1\/4&#8243;][vc_message message_box_style=\u00bboutline\u00bb style=\u00bbsquare\u00bb icon_fontawesome=\u00bbfa fa-university\u00bb css_animation=\u00bbbounceIn\u00bb]<span style=\"font-weight: 400;\">COF SCTFE<\/span>[\/vc_message][\/vc_column][vc_column width=\u00bb3\/4&#8243;][vc_column_text]<\/p>\n<p style=\"text-align: justify;\">El COF SCTFE, pionero a nivel nacional en la creaci\u00f3n de este departamento, trabaja para proporcionar los medios y herramientas necesarias para que, desde las oficinas de farmacia, se puedan ofrecer servicios profesionales de calidad para el paciente. Estos servicios est\u00e1n fundamentalmente orientados a mejorar la calidad de vida, prevenir enfermedades y obtener mejores resultados en salud.<\/p>\n<p style=\"text-align: justify;\">Uno de los objetivos principales del departamento es garantizar a los farmac\u00e9uticos colegiados una formaci\u00f3n continuada y adecuada conforme a las exigencias sociales <span style=\"font-weight: 400;\">actuales<\/span>.<\/p>\n<p style=\"text-align: justify;\">A su vez, el departamento est\u00e1 orientado a:<\/p>\n<ul>\n<li style=\"text-align: justify;\">Promover la representaci\u00f3n del farmac\u00e9utico de oficina de farmacia y su contribuci\u00f3n a la salud p\u00fablica mediante la prestaci\u00f3n de servicios.<br \/>\nAlentar a los farmac\u00e9uticos individuales a adoptar este concepto en su pr\u00e1ctica profesional.<\/li>\n<li style=\"text-align: justify;\"><span style=\"font-weight: 400;\">Alentar a los farmac\u00e9uticos individuales a adoptar este concepto en su pr\u00e1ctica profesional.<\/span><\/li>\n<li style=\"text-align: justify;\"><span style=\"font-weight: 400;\">Fomentar la interacci\u00f3n con otras profesiones sanitarias para el desarrollo de los servicios. Se trata de colaborar entre profesionales sanitarios en lo relacionado a la conciliaci\u00f3n de la medicaci\u00f3n y de contribuir con las mismas l\u00edneas de acci\u00f3n al uso racional del medicamento.<\/span><\/li>\n<li><span style=\"font-weight: 400;\">Facilitar la <\/span><span style=\"font-weight: 400;\">educaci\u00f3n en salud a la poblaci\u00f3n <\/span><span style=\"font-weight: 400;\">para optimizar resultados en salud para el paciente.<\/span><\/li>\n<\/ul>\n<p><span style=\"font-weight: 400;\">Desde el departamento de Farmacia Asistencial impulsamos la formaci\u00f3n, la informaci\u00f3n y la investigaci\u00f3n, motivando a los farmac\u00e9uticos colegiados a participar en nuevos proyectos que permitan <\/span><span style=\"font-weight: 400;\">la implantaci\u00f3n y <\/span><span style=\"font-weight: 400;\">el desarrollo de <\/span><span style=\"font-weight: 400;\">nuevos<\/span><span style=\"font-weight: 400;\"> servicios profesionales donde el paciente es el principal protagonista.<\/span>[\/vc_column_text][\/vc_column][\/vc_row][vc_row][vc_column][vc_empty_space][\/vc_column][\/vc_row]<\/p>\n","protected":false},"excerpt":{"rendered":"<p>[vc_row][vc_column][vc_empty_space][\/vc_column][\/vc_row][vc_row][vc_column][vc_column_text] Mensaje del PRESIDENTE DEL COF SCTFE [\/vc_column_text][\/vc_column][\/vc_row][vc_row][vc_column][vc_empty_space][\/vc_column][\/vc_row][vc_row][vc_column width=\u00bb1\/2&#8243;][vc_column_text]La C\u00e1tedra Canaria de Farmacia del Colegio Oficial de Farmac\u00e9uticos en la Universidad de La Laguna, se crea para ahondar en la rigurosa investigaci\u00f3n que deseamos promover en torno a la farmacia centrada en el paciente, colaboradora con un equipo transdisciplinar, y transferir ese conocimiento generado que&#8230;<\/p>\n","protected":false},"author":5,"featured_media":0,"parent":0,"menu_order":0,"comment_status":"closed","ping_status":"closed","template":"","meta":[],"_links":{"self":[{"href":"https:\/\/www.ull.es\/catedras\/catedra-canaria-farmacia\/wp-json\/wp\/v2\/pages\/38"}],"collection":[{"href":"https:\/\/www.ull.es\/catedras\/catedra-canaria-farmacia\/wp-json\/wp\/v2\/pages"}],"about":[{"href":"https:\/\/www.ull.es\/catedras\/catedra-canaria-farmacia\/wp-json\/wp\/v2\/types\/page"}],"author":[{"embeddable":true,"href":"https:\/\/www.ull.es\/catedras\/catedra-canaria-farmacia\/wp-json\/wp\/v2\/users\/5"}],"replies":[{"embeddable":true,"href":"https:\/\/www.ull.es\/catedras\/catedra-canaria-farmacia\/wp-json\/wp\/v2\/comments?post=38"}],"version-history":[{"count":4,"href":"https:\/\/www.ull.es\/catedras\/catedra-canaria-farmacia\/wp-json\/wp\/v2\/pages\/38\/revisions"}],"predecessor-version":[{"id":163,"href":"https:\/\/www.ull.es\/catedras\/catedra-canaria-farmacia\/wp-json\/wp\/v2\/pages\/38\/revisions\/163"}],"wp:attachment":[{"href":"https:\/\/www.ull.es\/catedras\/catedra-canaria-farmacia\/wp-json\/wp\/v2\/media?parent=38"}],"curies":[{"name":"wp","href":"https:\/\/api.w.org\/{rel}","templated":true}]}}