{"id":65,"date":"2020-07-02T18:53:44","date_gmt":"2020-07-02T18:53:44","guid":{"rendered":"https:\/\/www.ull.es\/catedras\/catedra-ceoe-relaciones-laborales\/?page_id=65"},"modified":"2026-04-10T08:03:31","modified_gmt":"2026-04-10T08:03:31","slug":"miembros","status":"publish","type":"page","link":"https:\/\/www.ull.es\/catedras\/catedra-ceoe-relaciones-laborales\/miembros\/","title":{"rendered":"Miembros"},"content":{"rendered":"<p>[vc_row][vc_column][vc_column_text]<\/p>\n<h2><b>Direcci\u00f3n<\/b><\/h2>\n<p><strong>Julio Antonio Brito Santana\u00a0<\/strong> Director de la C\u00e1tedra y Gerente de la FGULL[\/vc_column_text][vc_empty_space height=\u00bb40px\u00bb][vc_column_text]<\/p>\n<h2><b>Consejo de Direcci\u00f3n<\/b><\/h2>\n<p><strong>Julio Antonio Brito Santana<\/strong> Director de la C\u00e1tedra y Gerente de la FGULL<\/p>\n<div>\n<p><b>Elena Vela S\u00e1nchez<\/b><span style=\"font-weight: 400;\">. Secretaria General de CEOE Tenerife<\/span><\/p>\n<p><b>Alba Ace\u00f1a Cort\u00e9s<\/b><span style=\"font-weight: 400;\">. Equipo T\u00e9cnico de CEOE Tenerife y coordinadora de la C\u00e1tedra.\u00a0<\/span><\/p>\n<p><b>Mercedes Leonor Morales Alonso<\/b><span style=\"font-weight: 400;\">. Asesores Empresariales Morales y Santana<\/span><\/p>\n<p><b>Alicia Correa Rodr\u00edguez<\/b><span style=\"font-weight: 400;\">. Profesora Titular ULL. Departamento de Econom\u00eda, Contabilidad y Finanzas<\/span><\/p>\n<p><b>Francisco Javier Calero Garc\u00eda<\/b><span style=\"font-weight: 400;\">. Profesor Titular ULL. Departamento de Econom\u00eda, Contabilidad y Finanzas<\/span><\/p>\n<p><b>Sarai Rodr\u00edguez Gonz\u00e1lez<\/b><span style=\"font-weight: 400;\">. Profesora Contratada Doctora. Departamento de Derecho P\u00fablico y Privado Especial y Derecho de la Empresa<\/span><\/p>\n<p><b>Jose Alberto Mart\u00ednez Gonz\u00e1lez<\/b><span style=\"font-weight: 400;\">. Profesor Titular ULL. Departamento de Direcci\u00f3n de Empresas e Historia Econ\u00f3mica.\u00a0<\/span><\/p>\n<p><b>Marta Arbelo P\u00e9rez<\/b><span style=\"font-weight: 400;\">. Directora de Secretariado de Promoci\u00f3n de la Investigaci\u00f3n.\u00a0<\/span><\/p>\n<\/div>\n<p>[\/vc_column_text][vc_empty_space height=\u00bb40px\u00bb][vc_column_text]<\/p>\n<h2><b>Comisi\u00f3n Mixta<\/b><\/h2>\n<p><strong>Mar\u00eda Lilibeth Fuentes Medina<\/strong> Directora de Secretariado (C\u00e1tedras Institucionales, Responsabilidad Social)<\/p>\n<p><strong>Isabel Karely Le\u00f3n P\u00e9rez<\/strong> Vicerrectora de Cultura y Extensi\u00f3n Universitaria<\/p>\n<p><strong>Julio Antonio Brito Santana<\/strong> Presidente de la Fundaci\u00f3n de la Universidad de La Laguna<\/p>\n<p><strong>Elena Vela S\u00e1nchez<\/strong> Secretaria General de la CEOE -Tenerife<\/p>\n<p><strong>Alba Ace\u00f1a Cort\u00e9s<\/strong> T\u00e9cnico de CEOE Tenerife y coordinadora de la C\u00e1tedra[\/vc_column_text][vc_empty_space height=\u00bb40px\u00bb][\/vc_column][\/vc_row]<\/p>\n","protected":false},"excerpt":{"rendered":"<p>[vc_row][vc_column][vc_column_text] Direcci\u00f3n Julio Antonio Brito Santana\u00a0 Director de la C\u00e1tedra y Gerente de la FGULL[\/vc_column_text][vc_empty_space height=\u00bb40px\u00bb][vc_column_text] Consejo de Direcci\u00f3n Julio Antonio Brito Santana Director de la C\u00e1tedra y Gerente de la FGULL Elena Vela S\u00e1nchez. Secretaria General de CEOE Tenerife Alba Ace\u00f1a Cort\u00e9s. Equipo T\u00e9cnico de CEOE Tenerife y coordinadora de la C\u00e1tedra.\u00a0 Mercedes Leonor&#8230;<\/p>\n","protected":false},"author":5,"featured_media":0,"parent":0,"menu_order":0,"comment_status":"closed","ping_status":"closed","template":"templates\/template-no-title.php","meta":[],"_links":{"self":[{"href":"https:\/\/www.ull.es\/catedras\/catedra-ceoe-relaciones-laborales\/wp-json\/wp\/v2\/pages\/65"}],"collection":[{"href":"https:\/\/www.ull.es\/catedras\/catedra-ceoe-relaciones-laborales\/wp-json\/wp\/v2\/pages"}],"about":[{"href":"https:\/\/www.ull.es\/catedras\/catedra-ceoe-relaciones-laborales\/wp-json\/wp\/v2\/types\/page"}],"author":[{"embeddable":true,"href":"https:\/\/www.ull.es\/catedras\/catedra-ceoe-relaciones-laborales\/wp-json\/wp\/v2\/users\/5"}],"replies":[{"embeddable":true,"href":"https:\/\/www.ull.es\/catedras\/catedra-ceoe-relaciones-laborales\/wp-json\/wp\/v2\/comments?post=65"}],"version-history":[{"count":19,"href":"https:\/\/www.ull.es\/catedras\/catedra-ceoe-relaciones-laborales\/wp-json\/wp\/v2\/pages\/65\/revisions"}],"predecessor-version":[{"id":230,"href":"https:\/\/www.ull.es\/catedras\/catedra-ceoe-relaciones-laborales\/wp-json\/wp\/v2\/pages\/65\/revisions\/230"}],"wp:attachment":[{"href":"https:\/\/www.ull.es\/catedras\/catedra-ceoe-relaciones-laborales\/wp-json\/wp\/v2\/media?parent=65"}],"curies":[{"name":"wp","href":"https:\/\/api.w.org\/{rel}","templated":true}]}}