{"id":2,"date":"2020-07-06T12:04:27","date_gmt":"2020-07-06T12:04:27","guid":{"rendered":"https:\/\/www.ull.es\/catedras\/catedra-economia-movilidad-cajacanarias\/?page_id=2"},"modified":"2026-04-07T09:34:37","modified_gmt":"2026-04-07T09:34:37","slug":"inicio","status":"publish","type":"page","link":"https:\/\/www.ull.es\/catedras\/catedra-economia-movilidad-cajacanarias\/","title":{"rendered":"Inicio"},"content":{"rendered":"<p>[vc_row][vc_column][rev_slider_vc alias=\u00bbinicio-ull1&#8243;][\/vc_column][\/vc_row][vc_row][vc_column][vc_empty_space][\/vc_column][\/vc_row][vc_row css_animation=\u00bbfadeInUp\u00bb][vc_column][vc_row_inner][vc_column_inner][vc_empty_space height=\u00bb20px\u00bb][vc_column_text]<\/p>\n<p dir=\"ltr\" style=\"text-align: center;\">La C\u00e1tedra de Econom\u00eda y Movilidad, anteriormente denominada C\u00e1tedra de Econom\u00eda y Finanzas Internacionales, adopt\u00f3 esta nueva denominaci\u00f3n en julio de 2016 con el prop\u00f3sito de darle un enfoque adicional hacia la movilidad.<\/p>\n<p>[\/vc_column_text][vc_empty_space height=\u00bb20px\u00bb][\/vc_column_inner][\/vc_row_inner][\/vc_column][\/vc_row][vc_row][vc_column css_animation=\u00bbfadeInLeft\u00bb width=\u00bb1\/3&#8243; el_class=\u00bbmorado\u00bb offset=\u00bbvc_hidden-lg vc_hidden-md\u00bb][vc_column_text css_animation=\u00bbfadeInLeft\u00bb]<\/p>\n<p class=\"personas\"><a class=\"text-mobile\" href=\"https:\/\/www.ull.es\/catedras\/catedra-economia-movilidad-cajacanarias\/la-catedra\/\" target=\"_blank\" rel=\"noopener\">LA C\u00c1TEDRA<\/a><\/p>\n<p>[\/vc_column_text][\/vc_column][vc_column css_animation=\u00bbfadeInDown\u00bb width=\u00bb1\/3&#8243; el_class=\u00bbmorado\u00bb offset=\u00bbvc_hidden-lg vc_hidden-md\u00bb][vc_column_text css_animation=\u00bbfadeInUp\u00bb]<\/p>\n<p class=\"personas\"><a class=\"text-mobile\" href=\"https:\/\/www.ull.es\/catedras\/catedra-economia-movilidad-cajacanarias\/miembros\/\" target=\"_blank\" rel=\"noopener\">MIEMBROS<\/a><\/p>\n<p>[\/vc_column_text][\/vc_column][vc_column css_animation=\u00bbfadeInRight\u00bb width=\u00bb1\/3&#8243; el_class=\u00bbmorado\u00bb offset=\u00bbvc_hidden-lg vc_hidden-md\u00bb][vc_column_text css_animation=\u00bbfadeInRight\u00bb]<\/p>\n<p class=\"personas\"><a class=\"text-mobile\" href=\"https:\/\/www.ull.es\/catedras\/catedra-economia-movilidad-cajacanarias\/actividades\/\" target=\"_blank\" rel=\"noopener\">ACTIVIDADES<\/a><\/p>\n<p>[\/vc_column_text][\/vc_column][\/vc_row][vc_row][vc_column][vc_empty_space][\/vc_column][\/vc_row][vc_row][vc_column width=\u00bb1\/3&#8243;][vc_column_text css_animation=\u00bbbounceIn\u00bb]<style>\n    .news-group .bg-size {\n        background-position: center;\n        background-size: cover;\n        width: 100%;\n        height: 48px;\n    }\n    .news-group .list-group-item-text {\n        font-size: 13px;\n    }\n    .news-group .col-md-3 {\n        padding-right: 0;\n    }\n    .news-group .list-group-item-date {\n        font-size: 11px;\n        color: #A4A4A4;\n        margin-bottom: 2px;\n        text-transform: uppercase;\n    }\n\n    .mensaje.alert-warning{\n        font-size: 12px;\n        margin: 14px !important;\n        padding: 4px 8px;\n        color: #cca60b;\n    }\n<\/style>\n\n<div class=\"panel panel-default\">\n    <div class=\"panel-heading\">\n        <h3 class=\"panel-title\">Noticias<\/h3>\n    <\/div>\n\n    <div class=\"list-group news-group\">\n                    <a href=\"https:\/\/www.ull.es\/portal\/noticias\/2025\/el-ministerio-de-transportes-incorpora-a-su-consejo-asesor-a-la-catedratica-de-la-ull-rosa-marina-gonzalez-marrero\/\" class=\"list-group-item\">\n                <div class=\"row\">\n                    <div class=\"col-md-3\">\n                        <div class=\"bg-size\" style=\"background-image: url('https:\/\/www.ull.es\/portal\/noticias\/wp-content\/uploads\/sites\/13\/2025\/10\/reunion-transporte-1-300x135.jpg');\"><\/div>\n                    <\/div>\n                    <div class=\"col-md-9\">\n                        <p class=\"list-group-item-date\">\n                            27 Oct 2025 - 10:57 UTC                        <\/p>\n                        <p class=\"list-group-item-text\">El Ministerio de Transportes incorpora a su consejo asesor a la catedr\u00e1tica de la ULL Rosa Marina Gonz\u00e1lez Marrero<\/p>\n                    <\/div>\n                <\/div>\n            <\/a>\n                    <a href=\"https:\/\/www.ull.es\/portal\/noticias\/2025\/ull-reorganiza-horarios-varias-titulaciones-aliviar-atascos\/\" class=\"list-group-item\">\n                <div class=\"row\">\n                    <div class=\"col-md-3\">\n                        <div class=\"bg-size\" style=\"background-image: url('https:\/\/www.ull.es\/portal\/noticias\/wp-content\/uploads\/sites\/13\/2025\/06\/R-prensa-escalon-horarios-07-300x200.jpg');\"><\/div>\n                    <\/div>\n                    <div class=\"col-md-9\">\n                        <p class=\"list-group-item-date\">\n                            19 Jun 2025 - 11:54 UTC                        <\/p>\n                        <p class=\"list-group-item-text\">La ULL reorganiza los horarios de varias titulaciones el pr\u00f3ximo curso para aliviar los atascos en la TF-5<\/p>\n                    <\/div>\n                <\/div>\n            <\/a>\n                    <a href=\"https:\/\/www.ull.es\/portal\/noticias\/2024\/el-cabildo-de-tenerife-y-la-ull-colaboran-en-un-estudio-de-movilidad-sostenible-para-el-macizo-de-anaga\/\" class=\"list-group-item\">\n                <div class=\"row\">\n                    <div class=\"col-md-3\">\n                        <div class=\"bg-size\" style=\"background-image: url('https:\/\/www.ull.es\/portal\/noticias\/wp-content\/uploads\/sites\/13\/2024\/11\/Macizo-de-Anaga_web-300x200.jpg');\"><\/div>\n                    <\/div>\n                    <div class=\"col-md-9\">\n                        <p class=\"list-group-item-date\">\n                            08 Nov 2024 - 13:02 UTC                        <\/p>\n                        <p class=\"list-group-item-text\">El Cabildo de Tenerife y la ULL colaboran en un estudio de movilidad sostenible para el Macizo de Anaga<\/p>\n                    <\/div>\n                <\/div>\n            <\/a>\n                    <a href=\"https:\/\/www.ull.es\/portal\/noticias\/2024\/70-emisiones-desplazamientos-alumnado-proviene-coches\/\" class=\"list-group-item\">\n                <div class=\"row\">\n                    <div class=\"col-md-3\">\n                        <div class=\"bg-size\" style=\"background-image: url('https:\/\/www.ull.es\/portal\/noticias\/wp-content\/uploads\/sites\/13\/2024\/09\/Seminario-Catedra-de-Economia-y-Movilidad_Banner-eventos-300x148.png');\"><\/div>\n                    <\/div>\n                    <div class=\"col-md-9\">\n                        <p class=\"list-group-item-date\">\n                            24 Sep 2024 - 08:48 UTC                        <\/p>\n                        <p class=\"list-group-item-text\">El 70% de las emisiones de los desplazamientos del alumnado hacia la ULL proviene de coches<\/p>\n                    <\/div>\n                <\/div>\n            <\/a>\n                    <a href=\"https:\/\/www.ull.es\/portal\/noticias\/2024\/un-seminario-de-la-catedra-de-movilidad-de-la-ull-abordo-la-logistica-el-diseno-de-rutas-y-el-transporte-maritimo\/\" class=\"list-group-item\">\n                <div class=\"row\">\n                    <div class=\"col-md-3\">\n                        <div class=\"bg-size\" style=\"background-image: url('https:\/\/www.ull.es\/portal\/noticias\/wp-content\/uploads\/sites\/13\/2024\/05\/casiano-manrique-dolores-santos-300x200.jpg');\"><\/div>\n                    <\/div>\n                    <div class=\"col-md-9\">\n                        <p class=\"list-group-item-date\">\n                            28 May 2024 - 08:56 UTC                        <\/p>\n                        <p class=\"list-group-item-text\">Un seminario de la C\u00e1tedra de Movilidad de la ULL abord\u00f3 la log\u00edstica, el dise\u00f1o de rutas y el transporte mar\u00edtimo<\/p>\n                    <\/div>\n                <\/div>\n            <\/a>\n            <\/div>\n    <div class=\"panel-footer\">\n        <a href=\"https:\/\/www.ull.es\/portal\/noticias\/?cat=6693\">M\u00c1S NOTICIAS <i class=\"fa fa-chevron-right\"><\/i><\/a>\n    <\/div>\n\n\n<\/div>[\/vc_column_text][\/vc_column][vc_column width=\u00bb1\/3&#8243;][vc_column_text]\n<style>\n    .events-group .bg-size {\n        background-position: center;\n        background-size: cover;\n        width: 100%;\n        height: 48px;\n    }\n    .events-group .list-group-item-text {\n        font-size: 13px;\n    }\n    .events-group .col-md-3 {\n        padding-right: 0;\n    }\n    .events-group .list-group-item-date {\n        font-size: 11px;\n        color: #A4A4A4;\n        margin-bottom: 2px;\n        text-transform: uppercase;\n    }\n\n    .mensaje.alert-warning{\n        font-size: 12px;\n        margin: 14px !important;\n        padding: 4px 8px;\n        color: #cca60b;\n    }\n\n<\/style>\n\n<div class=\"panel panel-default\">\n    <div class=\"panel-heading\">\n        <h3 class=\"panel-title\">Eventos<\/h3>\n    <\/div>\n\n    <div class=\"list-group events-group\">\n                    <a href=\"https:\/\/www.ull.es\/portal\/agenda\/evento\/conferencia-recogida-de-pedidos-en-almacenes-logisticos-estado-del-arte-y-perspectivas\/\" class=\"list-group-item\">\n                <div class=\"row\">\n                    <div class=\"col-md-3\">\n                        <div class=\"bg-size\" style=\"background-image: url('https:\/\/www.ull.es\/portal\/agenda\/wp-content\/uploads\/sites\/12\/2026\/04\/Conferencia_Recogida-de-pedidos-en-almacenes-logisticos_-estado-del-arte-y-perspectivas__Banner-eventos-1.jpg');\"><\/div>\n                    <\/div>\n                    <div class=\"col-md-9\">\n                        <p class=\"list-group-item-date\">\n                            21\/04\/26 - 21\/04\/26                        <\/p>\n                        <p class=\"list-group-item-text\">Conferencia: \"Recogida de pedidos en almacenes log\u00edsticos: estado del arte y perspectivas\"<\/p>\n                    <\/div>\n\n                <\/div>\n            <\/a>\n                    <a href=\"https:\/\/www.ull.es\/portal\/agenda\/evento\/ii-jornadas-de-tecnologias-de-propulsion-electrica-marina-y-electrificacion-portuaria\/\" class=\"list-group-item\">\n                <div class=\"row\">\n                    <div class=\"col-md-3\">\n                        <div class=\"bg-size\" style=\"background-image: url('https:\/\/www.ull.es\/portal\/agenda\/wp-content\/uploads\/sites\/12\/2026\/04\/II-Jornadas-de-Tecnologias-de-Propulsion-Electrica-Marina-y-Electrificacion-Portuaria_Banner-eventos.png');\"><\/div>\n                    <\/div>\n                    <div class=\"col-md-9\">\n                        <p class=\"list-group-item-date\">\n                            07\/05\/26 - 08\/05\/26                        <\/p>\n                        <p class=\"list-group-item-text\">II Jornadas de Tecnolog\u00edas de Propulsi\u00f3n El\u00e9ctrica Marina y Electrificaci\u00f3n Portuaria<\/p>\n                    <\/div>\n\n                <\/div>\n            <\/a>\n        \n    <\/div>\n    <div class=\"panel-footer\">\n        <a href=\"https:\/\/www.ull.es\/portal\/agenda\/eventos\/categoria\/catedra-de-economia-y-movilidad-cajacanarias\">M\u00c1S EVENTOS <i class=\"fa fa-chevron-right\"><\/i><\/a>\n    <\/div>\n\n\n<\/div>\n[\/vc_column_text][\/vc_column][vc_column css_animation=\u00bbfadeInDown\u00bb width=\u00bb1\/3&#8243;][vc_column_text]<\/p>\n<ul class=\"widget-box\" style=\"margin: 0px !important; padding: 0px !important;\">\n<li class=\"contacto-header\">Informaci\u00f3n de contacto<\/li>\n<li><i class=\"fa fa-map-marker\"><\/i> Facultad de Econom\u00eda, Empresa y Turismo. 2\u00ba Planta. Campus Guajara<\/li>\n<li>38071 La Laguna, Tenerife<\/li>\n<li><i class=\"fa fa-phone\"><\/i> (+34) 922 31 71 13<\/li>\n<li><i class=\"fa fa-envelope\"><\/i><a href=\"mailto:rmglzmar@ull.edu.es\" target=\"_blank\" rel=\"noopener\"> rmglzmar@ull.edu.es<\/a><\/li>\n<\/ul>\n<p>[\/vc_column_text][\/vc_column][\/vc_row]<\/p>\n","protected":false},"excerpt":{"rendered":"<p>[vc_row][vc_column][rev_slider_vc alias=\u00bbinicio-ull1&#8243;][\/vc_column][\/vc_row][vc_row][vc_column][vc_empty_space][\/vc_column][\/vc_row][vc_row css_animation=\u00bbfadeInUp\u00bb][vc_column][vc_row_inner][vc_column_inner][vc_empty_space height=\u00bb20px\u00bb][vc_column_text] La C\u00e1tedra de Econom\u00eda y Movilidad, anteriormente denominada C\u00e1tedra de Econom\u00eda y Finanzas Internacionales, adopt\u00f3 esta nueva denominaci\u00f3n en julio de 2016 con el prop\u00f3sito de darle un enfoque adicional hacia la movilidad. [\/vc_column_text][vc_empty_space height=\u00bb20px\u00bb][\/vc_column_inner][\/vc_row_inner][\/vc_column][\/vc_row][vc_row][vc_column css_animation=\u00bbfadeInLeft\u00bb width=\u00bb1\/3&#8243; el_class=\u00bbmorado\u00bb offset=\u00bbvc_hidden-lg vc_hidden-md\u00bb][vc_column_text css_animation=\u00bbfadeInLeft\u00bb] LA C\u00c1TEDRA [\/vc_column_text][\/vc_column][vc_column css_animation=\u00bbfadeInDown\u00bb width=\u00bb1\/3&#8243; el_class=\u00bbmorado\u00bb offset=\u00bbvc_hidden-lg vc_hidden-md\u00bb][vc_column_text css_animation=\u00bbfadeInUp\u00bb] MIEMBROS&#8230;<\/p>\n","protected":false},"author":2,"featured_media":0,"parent":0,"menu_order":0,"comment_status":"closed","ping_status":"open","template":"templates\/template-frontpage.php","meta":[],"_links":{"self":[{"href":"https:\/\/www.ull.es\/catedras\/catedra-economia-movilidad-cajacanarias\/wp-json\/wp\/v2\/pages\/2"}],"collection":[{"href":"https:\/\/www.ull.es\/catedras\/catedra-economia-movilidad-cajacanarias\/wp-json\/wp\/v2\/pages"}],"about":[{"href":"https:\/\/www.ull.es\/catedras\/catedra-economia-movilidad-cajacanarias\/wp-json\/wp\/v2\/types\/page"}],"author":[{"embeddable":true,"href":"https:\/\/www.ull.es\/catedras\/catedra-economia-movilidad-cajacanarias\/wp-json\/wp\/v2\/users\/2"}],"replies":[{"embeddable":true,"href":"https:\/\/www.ull.es\/catedras\/catedra-economia-movilidad-cajacanarias\/wp-json\/wp\/v2\/comments?post=2"}],"version-history":[{"count":12,"href":"https:\/\/www.ull.es\/catedras\/catedra-economia-movilidad-cajacanarias\/wp-json\/wp\/v2\/pages\/2\/revisions"}],"predecessor-version":[{"id":594,"href":"https:\/\/www.ull.es\/catedras\/catedra-economia-movilidad-cajacanarias\/wp-json\/wp\/v2\/pages\/2\/revisions\/594"}],"wp:attachment":[{"href":"https:\/\/www.ull.es\/catedras\/catedra-economia-movilidad-cajacanarias\/wp-json\/wp\/v2\/media?parent=2"}],"curies":[{"name":"wp","href":"https:\/\/api.w.org\/{rel}","templated":true}]}}