{"id":294,"date":"2021-06-24T07:52:36","date_gmt":"2021-06-24T07:52:36","guid":{"rendered":"https:\/\/www.ull.es\/catedras\/catedra-economia-movilidad-cajacanarias\/?page_id=294"},"modified":"2022-08-02T10:31:21","modified_gmt":"2022-08-02T10:31:21","slug":"actividades-2021","status":"publish","type":"page","link":"https:\/\/www.ull.es\/catedras\/catedra-economia-movilidad-cajacanarias\/actividades-2021\/","title":{"rendered":"Actividades 2021"},"content":{"rendered":"<p>[vc_row][vc_column css=\u00bb.vc_custom_1594731351291{padding-bottom: 20px !important;}\u00bb][vc_column_text]<\/p>\n<h1 class=\"container ull-site-title-blank\">Actividades 2021<\/h1>\n<p>[\/vc_column_text][\/vc_column][\/vc_row][vc_row][vc_column][vc_empty_space][\/vc_column][\/vc_row][vc_row full_width=\u00bbstretch_row\u00bb gap=\u00bb1&#8243; equal_height=\u00bbyes\u00bb][vc_column css_animation=\u00bbfadeInLeft\u00bb width=\u00bb1\/3&#8243; css=\u00bb.vc_custom_1581084709591{padding-bottom: 7% !important;background-color: #eaeaea !important;}\u00bb][vc_column_text css_animation=\u00bbnone\u00bb]<\/p>\n<h3>1 de octubre de 2021<\/h3>\n<h2 class=\"tribe-events-single-event-title\">El permiso de conducir en Espa\u00f1a y su impacto sobre la seguridad en las carreteras y ganancias sociales: un an\u00e1lisis emp\u00edrico<\/h2>\n<p>[\/vc_column_text][\/vc_column][vc_column css_animation=\u00bbfadeInRight\u00bb width=\u00bb2\/3&#8243; css=\u00bb.vc_custom_1581084489854{background-color: #eaeaea !important;}\u00bb][vc_column_text]El 1 de octubre de 2021, a las 11:00 horas, la C\u00e1tedra de Econom\u00eda y Movilidad de la ULL &#8211; Fundaci\u00f3n Caja Canarias , conjuntamente con el departamento de Econom\u00eda, contabilidad y Finanzas de la Universidad de La Laguna, organiz\u00f3 la charla \u00abEl permiso de conducir en Espa\u00f1a y su impacto sobre la seguridad en las carreteras y ganancias sociales: un an\u00e1lisis emp\u00edrico\u00bb, impartida por D. Jes\u00fas Rodr\u00edguez L\u00f3pez.[\/vc_column_text][vc_empty_space height=\u00bb15px\u00bb][vc_btn title=\u00bbV\u00eddeo\u00bb align=\u00bbleft\u00bb button_block=\u00bbtrue\u00bb el_class=\u00bbboton-marcha\u00bb link=\u00bburl:https%3A%2F%2Fwww.youtube.com%2Fwatch%3Fv%3DRw7YqeYbP8s|target:_blank\u00bb][vc_empty_space height=\u00bb15px\u00bb][\/vc_column][\/vc_row][vc_row][vc_column][vc_empty_space][\/vc_column][\/vc_row][vc_row full_width=\u00bbstretch_row\u00bb gap=\u00bb1&#8243; equal_height=\u00bbyes\u00bb][vc_column css_animation=\u00bbfadeInLeft\u00bb width=\u00bb1\/3&#8243; css=\u00bb.vc_custom_1581084709591{padding-bottom: 7% !important;background-color: #eaeaea !important;}\u00bb][vc_column_text css_animation=\u00bbnone\u00bb]<\/p>\n<h3>22 de septiembre de 2021<\/h3>\n<h2 class=\"tribe-events-single-event-title\">Evoluci\u00f3n de la movilidad y el transporte en Canarias hacia la situaci\u00f3n post-COVID<\/h2>\n<p>[\/vc_column_text][\/vc_column][vc_column css_animation=\u00bbfadeInRight\u00bb width=\u00bb2\/3&#8243; css=\u00bb.vc_custom_1581084489854{background-color: #eaeaea !important;}\u00bb][vc_column_text]La\u00a0<i>Universidad de La Laguna<\/i>,\u00a0a trav\u00e9s del\u00a0<i>Vicerrectorado de Infraestructuras y Sostenibilidad<\/i>, el\u00a0<i>Instituto Universitario de Desarrollo Regional<\/i>\u00a0y la\u00a0<i>C\u00e1tedra de Econom\u00eda y Movilidad Caja-Canarias-Universidad de La Laguna<\/i>, organiz\u00f3, en el marco de la Semana Europea de la Movilidad (2021),\u00a0el\u00a0<i>foro online \u00abEvoluci\u00f3n de la movilidad y el transporte en Canarias hacia la situaci\u00f3n post-COVID\u00bb<\/i>, celebrado por video-conferencia, el mi\u00e9rcoles 22 de septiembre de 2021, de 12.00 a 13.30 h.<\/p>\n<p>La pandemia del COVID-19 est\u00e1 generando importantes cambios en los patrones de movilidad; observando un impacto de corto plazo derivado de las restricciones a la movilidad y la menor actividad econ\u00f3mica; pero tambi\u00e9n se vislumbran unos efectos que podr\u00edan ser positivos a largo plazo y que derivan de la implantaci\u00f3n del teletrabajo y la docencia online. En cualquier caso, estamos ante un cambio de paradigma en nuestra sociedad que influir\u00e1, entre otros aspectos, en la forma de afrontar el transporte y la movilidad de los canarios. En este foro, se trat\u00f3 de ofrecer una visi\u00f3n de las tendencias y los desaf\u00edos a los que se enfrenta Canarias en el transporte y la movilidad de personas; tanto desde las perspectivas del transporte interinsular a\u00e9reo y mar\u00edtimo, como del transporte insular en sus diferentes modalidades.<\/p>\n<p>Se cont\u00f3 con la presencia de 4 ponentes:<\/p>\n<ul>\n<li><b>Jos\u00e9 Luis Becerra Dom\u00ednguez<\/b>, Gerente de\u00a0<b>BINTER<\/b>\u00a0Cargo. Licenciado en N\u00e1utica y Marina Civil.<\/li>\n<li><b>David Falc\u00f3n Molina<\/b>, Revenue Manager de\u00a0<b>Fred Olsen<\/b>\u00a0S.A. Licenciado en Estad\u00edstica con Experto en Bases de Datos y M\u00e1ster en Big Data.<\/li>\n<li><b>Gin\u00e9s Le\u00f3n Rodr\u00edguez<\/b>, Responsable del Departamento de Big Data de\u00a0<b>TITSA<\/b>. Licenciado en Estad\u00edstica, M\u00e1ster en Log\u00edstica, en Matem\u00e1tica Aplicada y en Big Data y Bussiness Intelligence<\/li>\n<li><b>Miguel Pintor Sep\u00falveda,\u00a0<\/b>Jefe del Servicio de Carreteras y Paisaje del\u00a0<b>Cabildo de Tenerife,\u00a0<\/b>Ingeniero de Caminos, Canales y Puertos y Master en Business Intelligence y Big Data<\/li>\n<\/ul>\n<p>El foro fue moderado por:<\/p>\n<ul>\n<li><b>Rosa Marina Gonz\u00e1lez Marrero<\/b>, Directora de la C\u00e1tedra de Econom\u00eda y Movilidad<\/li>\n<li><b>Jos\u00e9 Andr\u00e9s Moreno P\u00e9rez<\/b>, Director del\u00a0Instituto Universitario de Desarrollo Regional<\/li>\n<\/ul>\n<p>[\/vc_column_text][vc_empty_space height=\u00bb15px\u00bb][vc_btn title=\u00bbV\u00eddeo\u00bb align=\u00bbleft\u00bb button_block=\u00bbtrue\u00bb el_class=\u00bbboton-marcha\u00bb link=\u00bbtarget:_blank\u00bb][vc_empty_space height=\u00bb15px\u00bb][\/vc_column][\/vc_row][vc_row][vc_column][vc_empty_space][\/vc_column][\/vc_row][vc_row full_width=\u00bbstretch_row\u00bb gap=\u00bb1&#8243; equal_height=\u00bbyes\u00bb][vc_column css_animation=\u00bbfadeInLeft\u00bb width=\u00bb1\/3&#8243; css=\u00bb.vc_custom_1581084709591{padding-bottom: 7% !important;background-color: #eaeaea !important;}\u00bb][vc_column_text css_animation=\u00bbnone\u00bb]<\/p>\n<h3>14 de julio de 2021<\/h3>\n<h2 class=\"tribe-events-single-event-title\">Modelos Avanzados de Elecci\u00f3n Discreta: Aplicaciones al Transporte<\/h2>\n<p>[\/vc_column_text][\/vc_column][vc_column css_animation=\u00bbfadeInRight\u00bb width=\u00bb2\/3&#8243; css=\u00bb.vc_custom_1581084489854{background-color: #eaeaea !important;}\u00bb][vc_column_text]La c\u00e1tedra de Econom\u00eda y Movilidad de la ULL_Fundaci\u00f3n CajaCanarias organiz\u00f3 un seminario online titulado \u00abModelos Avanzados de Elecci\u00f3n Discreta: Aplicaciones al Transporte\u00bb que tuvo lugar el 14 de julio de 16:00 a 17:00h. Este seminario fue impartido por el catedr\u00e1tico em\u00e9rito de la Pontificia Universidad Cat\u00f3lica de Chile, D. <strong>Juan de Dios Ort\u00fazar Salas<\/strong>.<\/p>\n<p>D. Juan de Dios Ort\u00fazar Salas est\u00e1 considerado una de las mayores autoridades mundiales en la aplicaci\u00f3n de los modelos de elecci\u00f3n discreta para la gesti\u00f3n del transporte, entre otros asuntos. Es co-autor de un libro de referencia en la materia, \u2018Modelling Transport\u2019.[\/vc_column_text][vc_empty_space height=\u00bb15px\u00bb][vc_btn title=\u00bbV\u00eddeo\u00bb align=\u00bbleft\u00bb button_block=\u00bbtrue\u00bb el_class=\u00bbboton-marcha\u00bb link=\u00bburl:https%3A%2F%2Fwww.youtube.com%2Fwatch%3Fv%3DC6Fqn_YMXjg|target:_blank\u00bb][vc_empty_space height=\u00bb15px\u00bb][\/vc_column][\/vc_row][vc_row][vc_column][vc_empty_space][\/vc_column][\/vc_row][vc_row full_width=\u00bbstretch_row\u00bb gap=\u00bb1&#8243; equal_height=\u00bbyes\u00bb][vc_column css_animation=\u00bbfadeInLeft\u00bb width=\u00bb1\/3&#8243; css=\u00bb.vc_custom_1581084709591{padding-bottom: 7% !important;background-color: #eaeaea !important;}\u00bb][vc_column_text css_animation=\u00bbnone\u00bb]<\/p>\n<h3>1 y 2 de julio de 2021<\/h3>\n<h2 class=\"tribe-events-single-event-title\">Transporte a\u00e9reo en Canarias. Una asignatura pendiente<\/h2>\n<p>[\/vc_column_text][\/vc_column][vc_column css_animation=\u00bbfadeInRight\u00bb width=\u00bb2\/3&#8243; css=\u00bb.vc_custom_1581084489854{background-color: #eaeaea !important;}\u00bb][vc_column_text]La c\u00e1tedra de Econom\u00eda y Movilidad de la ULL_Fundaci\u00f3n CajaCanarias ha participado en las Jornadas sobre \u2018Transporte a\u00e9reo en Canarias. Una asignatura pendiente\u00bb, celebradas en la Universidad de Verano de Maspalomas, donde se particip\u00f3 en un seminario que se celebr\u00f3 el 1 y 2 de julio de 2021, y que tuvo como objetivo promover una reflexi\u00f3n integral sobre temas de gran relevancia en el \u00e1mbito A\u00e9reo de Canarias, que se abord\u00f3 por profesionales del sector, adem\u00e1s de acad\u00e9micos y cient\u00edficos.<\/p>\n<p>La directora de la c\u00e1tedra de Econom\u00eda y Movilidad de la ULL_Fundaci\u00f3n CajaCanarias particip\u00f3 con una ponencia titulada las \u2018Estrategias y objetivos post-pandemia\u2019.[\/vc_column_text][vc_empty_space height=\u00bb15px\u00bb][vc_btn title=\u00bbV\u00eddeo\u00bb align=\u00bbleft\u00bb button_block=\u00bbtrue\u00bb el_class=\u00bbboton-marcha\u00bb link=\u00bburl:https%3A%2F%2Fwww.youtube.com%2Fwatch%3Fv%3Du3WZo41aunc|target:_blank\u00bb][vc_empty_space height=\u00bb15px\u00bb][\/vc_column][\/vc_row][vc_row][vc_column][vc_empty_space][\/vc_column][\/vc_row][vc_row full_width=\u00bbstretch_row\u00bb gap=\u00bb1&#8243; equal_height=\u00bbyes\u00bb][vc_column css_animation=\u00bbfadeInLeft\u00bb width=\u00bb1\/3&#8243; css=\u00bb.vc_custom_1581084709591{padding-bottom: 7% !important;background-color: #eaeaea !important;}\u00bb][vc_column_text css_animation=\u00bbnone\u00bb]<\/p>\n<h3>22 de junio de 2021<\/h3>\n<h2 class=\"tribe-events-single-event-title\">Innovaci\u00f3n en la movilidad sostenible<\/h2>\n<p>[\/vc_column_text][\/vc_column][vc_column css_animation=\u00bbfadeInRight\u00bb width=\u00bb2\/3&#8243; css=\u00bb.vc_custom_1581084489854{background-color: #eaeaea !important;}\u00bb][vc_column_text]Actividad de Extensi\u00f3n Universitaria organizada por Turismo de Tenerife en colaboraci\u00f3n con la C\u00e1tedra de Econom\u00eda y Movilidad CajaCanarias ULL, que se celebr\u00f3 en modalidad online el d\u00eda 22 de junio de 2021 de 16:00 a 17:00, dentro del marco de \u00ab<a href=\"https:\/\/www.ull.es\/cultura\/cursos-extension-universitaria\/seminarios-intercatedras-2020-2021\/\" target=\"_blank\" rel=\"noopener\" target=\"_blank\" rel=\"noopener\">Seminarios Interc\u00e1tedras 2020\/2021<\/a>\u00bb.<\/p>\n<p>El objetivo de esta sesi\u00f3n online era dar a conocer varias iniciativas innovadoras en Tenerife que trabajan en l\u00ednea con el ODS 9 \u2018Industria, Innovaci\u00f3n e Infraestructuras\u2019; as\u00ed como conocer algunos de los trabajos de investigaci\u00f3n que se realizan actualmente en la Universidad de La Laguna dentro de este campo.<\/p>\n<p>Se cont\u00f3 con varios ponentes:<\/p>\n<ul>\n<li><strong>Rosa Marina Gonz\u00e1lez Marrero<\/strong>. Directora de la C\u00e1tedra de Econom\u00eda y Movilidad CajaCanarias ULL.<\/li>\n<li><strong>Jos\u00e9 Mar\u00eda P\u00e9rez Hern\u00e1ndez<\/strong>. Fundador de Fun Bike Adventures, empresa de turismo activo y de aventura.<\/li>\n<li><strong>Elena Llarena Garc\u00eda<\/strong>. Experta en proyectos de energ\u00edas renovables y tecnolog\u00eda del agua del ITER, lidera la parte t\u00e9cnica del proyecto SEAFUEL.<\/li>\n<li><strong>David Formoso Ginzos<\/strong>, COO (Chief Operating Officer) de Lovesharing, primera empresa de motosharing en Canarias, con una flota de motos 100% el\u00e9ctricas.<\/li>\n<\/ul>\n<p>[\/vc_column_text][vc_empty_space height=\u00bb15px\u00bb][vc_btn title=\u00bbV\u00eddeo\u00bb align=\u00bbleft\u00bb button_block=\u00bbtrue\u00bb el_class=\u00bbboton-marcha\u00bb link=\u00bburl:https%3A%2F%2Fwww.youtube.com%2Fwatch%3Fv%3DvOqN9DiX1SU|target:_blank\u00bb][vc_empty_space height=\u00bb15px\u00bb][vc_btn title=\u00bbCartel\u00bb align=\u00bbleft\u00bb button_block=\u00bbtrue\u00bb el_class=\u00bbboton-marcha\u00bb link=\u00bburl:https%3A%2F%2Fdrive.google.com%2Ffile%2Fd%2F1T9OCY1ZhJtiVLUQtUz953e_DEPBzQdgG%2Fview%3Fusp%3Dsharing|target:_blank\u00bb][\/vc_column][\/vc_row][vc_row][vc_column][vc_empty_space height=\u00bb40px\u00bb][\/vc_column][\/vc_row][vc_row full_width=\u00bbstretch_row\u00bb gap=\u00bb1&#8243; equal_height=\u00bbyes\u00bb disable_element=\u00bbyes\u00bb][vc_column css_animation=\u00bbfadeInLeft\u00bb width=\u00bb1\/3&#8243; css=\u00bb.vc_custom_1581084709591{padding-bottom: 7% !important;background-color: #eaeaea !important;}\u00bb][vc_column_text css_animation=\u00bbnone\u00bb]<\/p>\n<h3>18 de septiembre de 2020<\/h3>\n<h2 class=\"post_title entry-title\">Movilidad sin emisiones<\/h2>\n<p>[\/vc_column_text][\/vc_column][vc_column css_animation=\u00bbfadeInRight\u00bb width=\u00bb2\/3&#8243; css=\u00bb.vc_custom_1581084489854{background-color: #eaeaea !important;}\u00bb][vc_column_text]La c\u00e1tedra de Econom\u00eda y Movilidad de la Universidad de La Laguna Fundaci\u00f3n CajaCanarias organiza, en el marco de la Semana Europea de la Movilidad y bajo el lema escogido este a\u00f1o para su celebraci\u00f3n: \u00a8Movilidad sin emisiones\u00a8, un seminario online gratuito sobre El an\u00e1lisis de las emisiones de CO2 derivadas de la movilidad en coche en Europa y la importancia del veh\u00edculo el\u00e9ctrico como reductor de emisiones, que se enmarca en el ciclo de actividades de Extensi\u00f3n Universitaria \u00abSeminarios Interc\u00e1tedras 2020\/2021\u00bb.[\/vc_column_text][vc_empty_space height=\u00bb15px\u00bb][vc_btn title=\u00bbV\u00eddeo\u00bb align=\u00bbleft\u00bb button_block=\u00bbtrue\u00bb el_class=\u00bbboton-marcha\u00bb link=\u00bburl:https%3A%2F%2Fyoutu.be%2FrK7kJgn-RHQ|target:_blank\u00bb][vc_empty_space height=\u00bb15px\u00bb][vc_btn title=\u00bbPresentaci\u00f3n de Alfredo Ram\u00edrez\u00bb align=\u00bbleft\u00bb button_block=\u00bbtrue\u00bb el_class=\u00bbboton-marcha\u00bb link=\u00bburl:https%3A%2F%2Fdrive.google.com%2Ffile%2Fd%2F1ZZaGKPiCMiPEE-qq_mQ5hMdc7kV1HbzZ%2Fview%3Fusp%3Dsharing|target:_blank\u00bb][vc_empty_space height=\u00bb15px\u00bb][vc_btn title=\u00bbPresentaci\u00f3n \u00c1ngel Marrero\u00bb align=\u00bbleft\u00bb button_block=\u00bbtrue\u00bb el_class=\u00bbboton-marcha\u00bb link=\u00bburl:https%3A%2F%2Fdrive.google.com%2Ffile%2Fd%2F1echVYTiYwRSTH&#8211;gIXU-FpRmR6oyXcj6%2Fview%3Fusp%3Dsharing|target:_blank\u00bb][\/vc_column][\/vc_row]<\/p>\n","protected":false},"excerpt":{"rendered":"<p>[vc_row][vc_column css=\u00bb.vc_custom_1594731351291{padding-bottom: 20px !important;}\u00bb][vc_column_text] Actividades 2021 [\/vc_column_text][\/vc_column][\/vc_row][vc_row][vc_column][vc_empty_space][\/vc_column][\/vc_row][vc_row full_width=\u00bbstretch_row\u00bb gap=\u00bb1&#8243; equal_height=\u00bbyes\u00bb][vc_column css_animation=\u00bbfadeInLeft\u00bb width=\u00bb1\/3&#8243; css=\u00bb.vc_custom_1581084709591{padding-bottom: 7% !important;background-color: #eaeaea !important;}\u00bb][vc_column_text css_animation=\u00bbnone\u00bb] 1 de octubre de 2021 El permiso de conducir en Espa\u00f1a y su impacto sobre la seguridad en las carreteras y ganancias sociales: un an\u00e1lisis emp\u00edrico [\/vc_column_text][\/vc_column][vc_column css_animation=\u00bbfadeInRight\u00bb width=\u00bb2\/3&#8243; css=\u00bb.vc_custom_1581084489854{background-color: #eaeaea !important;}\u00bb][vc_column_text]El 1 de octubre de 2021,&#8230;<\/p>\n","protected":false},"author":2,"featured_media":0,"parent":0,"menu_order":0,"comment_status":"closed","ping_status":"closed","template":"","meta":[],"_links":{"self":[{"href":"https:\/\/www.ull.es\/catedras\/catedra-economia-movilidad-cajacanarias\/wp-json\/wp\/v2\/pages\/294"}],"collection":[{"href":"https:\/\/www.ull.es\/catedras\/catedra-economia-movilidad-cajacanarias\/wp-json\/wp\/v2\/pages"}],"about":[{"href":"https:\/\/www.ull.es\/catedras\/catedra-economia-movilidad-cajacanarias\/wp-json\/wp\/v2\/types\/page"}],"author":[{"embeddable":true,"href":"https:\/\/www.ull.es\/catedras\/catedra-economia-movilidad-cajacanarias\/wp-json\/wp\/v2\/users\/2"}],"replies":[{"embeddable":true,"href":"https:\/\/www.ull.es\/catedras\/catedra-economia-movilidad-cajacanarias\/wp-json\/wp\/v2\/comments?post=294"}],"version-history":[{"count":21,"href":"https:\/\/www.ull.es\/catedras\/catedra-economia-movilidad-cajacanarias\/wp-json\/wp\/v2\/pages\/294\/revisions"}],"predecessor-version":[{"id":364,"href":"https:\/\/www.ull.es\/catedras\/catedra-economia-movilidad-cajacanarias\/wp-json\/wp\/v2\/pages\/294\/revisions\/364"}],"wp:attachment":[{"href":"https:\/\/www.ull.es\/catedras\/catedra-economia-movilidad-cajacanarias\/wp-json\/wp\/v2\/media?parent=294"}],"curies":[{"name":"wp","href":"https:\/\/api.w.org\/{rel}","templated":true}]}}