{"id":335,"date":"2022-03-11T15:12:36","date_gmt":"2022-03-11T15:12:36","guid":{"rendered":"https:\/\/www.ull.es\/catedras\/catedra-economia-movilidad-cajacanarias\/?page_id=335"},"modified":"2023-12-19T09:24:55","modified_gmt":"2023-12-19T09:24:55","slug":"actividades-2022","status":"publish","type":"page","link":"https:\/\/www.ull.es\/catedras\/catedra-economia-movilidad-cajacanarias\/actividades-2022\/","title":{"rendered":"Actividades 2022"},"content":{"rendered":"<p>[vc_row][vc_column css=\u00bb.vc_custom_1594731351291{padding-bottom: 20px !important;}\u00bb][vc_column_text]<\/p>\n<h1 class=\"container ull-site-title-blank\">Actividades 2022<\/h1>\n<p>[\/vc_column_text][\/vc_column][\/vc_row][vc_row][vc_column][vc_empty_space][\/vc_column][\/vc_row][vc_row full_width=\u00bbstretch_row\u00bb gap=\u00bb1&#8243; equal_height=\u00bbyes\u00bb][vc_column css_animation=\u00bbfadeInLeft\u00bb width=\u00bb1\/3&#8243; css=\u00bb.vc_custom_1581084709591{padding-bottom: 7% !important;background-color: #eaeaea !important;}\u00bb][vc_column_text css_animation=\u00bbnone\u00bb]<\/p>\n<h3>12 de diciembre de 2022<\/h3>\n<h2 class=\"tribe-events-single-event-title\">Algunas cuestiones a prop\u00f3sito de la gesti\u00f3n de la movilidad<\/h2>\n<p>[\/vc_column_text][\/vc_column][vc_column css_animation=\u00bbfadeInRight\u00bb width=\u00bb2\/3&#8243; css=\u00bb.vc_custom_1581084489854{background-color: #eaeaea !important;}\u00bb][vc_column_text]<\/p>\n<div>La directora de la c\u00e1tedra de Econom\u00eda y Movilidad- CajaCanarias-ULL particip\u00f3 el 12 de diciembre de 2022 en el Ciclo el Valor de lo P\u00fablico. A 40 a\u00f1os de autonom\u00eda Canaria. Este Ciclo ha sido organizado por la Real Sociedad Econ\u00f3mica de Amigos del Pa\u00eds de Tenerie\u00a0 y\u00a0 la ponencia presentada por D\u00aa Rosa Marina Gonz\u00e1lez Marrero fue: Algunas cuestiones a prop\u00f3sito de la gesti\u00f3n de la movilidad.<\/div>\n<div><\/div>\n<p>[\/vc_column_text][vc_empty_space height=\u00bb15px\u00bb][vc_btn title=\u00bbV\u00eddeo\u00bb align=\u00bbleft\u00bb button_block=\u00bbtrue\u00bb el_class=\u00bbboton-marcha\u00bb link=\u00bburl:https%3A%2F%2Fyoutu.be%2Fvpyz5yZ0nCA|target:_blank\u00bb][\/vc_column][\/vc_row][vc_row][vc_column][vc_empty_space][\/vc_column][\/vc_row][vc_row full_width=\u00bbstretch_row\u00bb gap=\u00bb1&#8243; equal_height=\u00bbyes\u00bb][vc_column css_animation=\u00bbfadeInLeft\u00bb width=\u00bb1\/3&#8243; css=\u00bb.vc_custom_1581084709591{padding-bottom: 7% !important;background-color: #eaeaea !important;}\u00bb][vc_column_text css_animation=\u00bbnone\u00bb]<\/p>\n<h3>24 de noviembre de 2022<\/h3>\n<h2 class=\"tribe-events-single-event-title\">Homenaje en la Universidad de La Laguna a la figura de Emilio Ontiveros<\/h2>\n<p>[\/vc_column_text][\/vc_column][vc_column css_animation=\u00bbfadeInRight\u00bb width=\u00bb2\/3&#8243; css=\u00bb.vc_custom_1581084489854{background-color: #eaeaea !important;}\u00bb][vc_column_text]<\/p>\n<div>\n<p>La C\u00e1tedra de Econom\u00eda y Movilidad CajaCanarias, el Departamento de Econom\u00eda, Contabilidad y Finanzas y la Facultad de Econom\u00eda, Empresa y Turismo de la Universidad de La Laguna organizaron un acto en homenaje a Emilio Ontiveros Baeza, fundador y presidente de Analistas Financieros Internacionales (AFi), catedr\u00e1tico em\u00e9rito de Econom\u00eda de la Empresa de la Universidad Aut\u00f3noma de Madrid y miembro de \u2018\u2019EuropeG\u2019\u2019, recientemente fallecido. El acto reuni\u00f3 a varias autoridades acad\u00e9micas, as\u00ed como a reputados economistas que recordaron la figura y pusieron en valor las aportaciones de Ontiveros.<\/p>\n<p>El acto fue inaugurado por la rectora, Rosa Mar\u00eda Aguilar, quien record\u00f3 la trayectoria ejemplar de Ontiveros a lo largo de su vida, tanto en el \u00e1mbito acad\u00e9mico como empresarial, a la vez que destac\u00f3 su vinculaci\u00f3n con la Universidad de La Laguna. Por su parte, el vicerrector de Cultura, Participaci\u00f3n Social y Campus Ofra y La Palma, intervino Juan Albino M\u00e9ndez, resalt\u00f3 el curr\u00edculo y personalidad del homenajeado.<\/p>\n<p>El acto fue presentado por la directora de la c\u00e1tedra organizadora, Rosa Marina Gonz\u00e1lez, quien dio paso al primer ponente, \u00c1ngel Berges Lobera, catedr\u00e1tico en Econom\u00eda Financiera y Contabilidad, socio de AFi y amigo de Ontiveros. En su intervenci\u00f3n, rememor\u00f3 diversas facetas del homenajeado, especialmente la personal y humana, destacando la val\u00eda y lamentando la p\u00e9rdida irreparable de este gran experto en Econom\u00eda.<\/p>\n<\/div>\n<div><\/div>\n<p>[\/vc_column_text][vc_empty_space height=\u00bb15px\u00bb][vc_btn title=\u00bbCartel\u00bb align=\u00bbleft\u00bb button_block=\u00bbtrue\u00bb el_class=\u00bbboton-marcha\u00bb link=\u00bburl:https%3A%2F%2Fdrive.google.com%2Ffile%2Fd%2F1UBt1i19F1w6pg8bzPumrhUlP5RHQxYy0%2Fview%3Fusp%3Dsharing|target:_blank\u00bb][\/vc_column][\/vc_row][vc_row][vc_column][vc_empty_space][\/vc_column][\/vc_row][vc_row full_width=\u00bbstretch_row\u00bb gap=\u00bb1&#8243; equal_height=\u00bbyes\u00bb][vc_column css_animation=\u00bbfadeInLeft\u00bb width=\u00bb1\/3&#8243; css=\u00bb.vc_custom_1581084709591{padding-bottom: 7% !important;background-color: #eaeaea !important;}\u00bb][vc_column_text css_animation=\u00bbnone\u00bb]<\/p>\n<h3>24 de octubre de 2022<\/h3>\n<h2 class=\"tribe-events-single-event-title\">II Foro Universidad de La Laguna D\u00eda Internacional contra el Cambio Clim\u00e1tico<\/h2>\n<p>[\/vc_column_text][\/vc_column][vc_column css_animation=\u00bbfadeInRight\u00bb width=\u00bb2\/3&#8243; css=\u00bb.vc_custom_1581084489854{background-color: #eaeaea !important;}\u00bb][vc_column_text]<\/p>\n<div>La directora de la Catedra de Econom\u00eda y Movilidad, Rosa Marina Gonz\u00e1lez Marrero, present\u00f3 una comunicaci\u00f3n acerca del cambio clim\u00e1tico y la gesti\u00f3n de la movilidad en el segundo Foro organizado por la Universidad de La Laguna, en relaci\u00f3n al d\u00eda internacional contra el Cambio Clim\u00e1tico.<\/div>\n<div><\/div>\n<p>[\/vc_column_text][vc_empty_space height=\u00bb15px\u00bb][vc_btn title=\u00bbV\u00eddeo\u00bb align=\u00bbleft\u00bb button_block=\u00bbtrue\u00bb el_class=\u00bbboton-marcha\u00bb link=\u00bburl:https%3A%2F%2Fyoutu.be%2F2y03BGH42Ns|target:_blank\u00bb][\/vc_column][\/vc_row][vc_row][vc_column][vc_empty_space][\/vc_column][\/vc_row][vc_row full_width=\u00bbstretch_row\u00bb gap=\u00bb1&#8243; equal_height=\u00bbyes\u00bb][vc_column css_animation=\u00bbfadeInLeft\u00bb width=\u00bb1\/3&#8243; css=\u00bb.vc_custom_1581084709591{padding-bottom: 7% !important;background-color: #eaeaea !important;}\u00bb][vc_column_text css_animation=\u00bbnone\u00bb]<\/p>\n<h3>18 de octubre de 2022<\/h3>\n<h2 class=\"tribe-events-single-event-title\">Estrategia de movilidad urbana sostenible<\/h2>\n<p>[\/vc_column_text][\/vc_column][vc_column css_animation=\u00bbfadeInRight\u00bb width=\u00bb2\/3&#8243; css=\u00bb.vc_custom_1581084489854{background-color: #eaeaea !important;}\u00bb][vc_column_text]<\/p>\n<div>La directora de la c\u00e1tedra particip\u00f3 en la jornada T\u00e9cnica Estrategia de Movilidad Urbana sostenible, celebrada el 18 de octubre en la Demarcaci\u00f3n de Santa Cruz de Tenerife del Colegio de Ingenieros de Caminos, Canales y Puertos, dentro de la actividades que organiz\u00f3 el Ayuntamiento de Santa Cruz para la Semana Europea de la Movilidad. Se present\u00f3 el Congreso de Ingenier\u00eda del Transporte que se celebrar\u00e1 en junio de 2023 en San Crist\u00f3bal de La Laguna.<\/div>\n<div><\/div>\n<p>[\/vc_column_text][vc_empty_space height=\u00bb15px\u00bb][vc_btn title=\u00bbPresentaci\u00f3n de Rosa Marina Gonz\u00e1lez Marrero\u00bb align=\u00bbleft\u00bb button_block=\u00bbtrue\u00bb el_class=\u00bbboton-marcha\u00bb link=\u00bburl:https%3A%2F%2Fdrive.google.com%2Ffile%2Fd%2F17o5S3AfF_2fKT6SqPfD3f0MW_8JrC2la%2Fview%3Fusp%3Dsharing|target:_blank\u00bb][vc_empty_space height=\u00bb15px\u00bb][vc_btn title=\u00bbCartel\u00bb align=\u00bbleft\u00bb button_block=\u00bbtrue\u00bb el_class=\u00bbboton-marcha\u00bb link=\u00bburl:https%3A%2F%2Fdrive.google.com%2Ffile%2Fd%2F1bXs26Wc5M0kD8HBqxzjx35EucDmUUHzD%2Fview%3Fusp%3Dsharing|target:_blank\u00bb][\/vc_column][\/vc_row][vc_row][vc_column][vc_empty_space][\/vc_column][\/vc_row][vc_row full_width=\u00bbstretch_row\u00bb gap=\u00bb1&#8243; equal_height=\u00bbyes\u00bb][vc_column css_animation=\u00bbfadeInLeft\u00bb width=\u00bb1\/3&#8243; css=\u00bb.vc_custom_1581084709591{padding-bottom: 7% !important;background-color: #eaeaea !important;}\u00bb][vc_column_text css_animation=\u00bbnone\u00bb]<\/p>\n<h3>30 de septiembre de 2022<\/h3>\n<h2 class=\"tribe-events-single-event-title\">Econom\u00eda Internacional: Comercio y Finanzas<\/h2>\n<p>[\/vc_column_text][\/vc_column][vc_column css_animation=\u00bbfadeInRight\u00bb width=\u00bb2\/3&#8243; css=\u00bb.vc_custom_1581084489854{background-color: #eaeaea !important;}\u00bb][vc_column_text]El\u00a0 \u00a030 de septiembre tuvo lugar en el Sal\u00f3n de grados de la Facultad de Econom\u00eda, Empresa y Turismo de la Universidad de La Laguna, el IX WORKSHOP \u201cEconom\u00eda Internacional: Comercio y Finanzas\u201d organizado por la C\u00e1tedra de Econom\u00eda y Movilidad CajaCanarias-Universidad de La Laguna y con la colaboraci\u00f3n del Instituto Universitario de Desarrollo Regional y del Departamento de Econom\u00eda, Contabilidad y Finanzas.[\/vc_column_text][vc_empty_space height=\u00bb15px\u00bb][vc_btn title=\u00bbPresentaci\u00f3n de Sim\u00f3n Sosvilla Rivero\u00bb align=\u00bbleft\u00bb button_block=\u00bbtrue\u00bb el_class=\u00bbboton-marcha\u00bb link=\u00bburl:https%3A%2F%2Fdrive.google.com%2Ffile%2Fd%2F1kXygYrX7RylR9XNgao7XT9HcFS5ywQjD%2Fview%3Fusp%3Dsharing|target:_blank\u00bb][vc_empty_space height=\u00bb15px\u00bb][vc_btn title=\u00bbPresentaci\u00f3n de Jorge P\u00e9rez Rodr\u00edguez\u00bb align=\u00bbleft\u00bb button_block=\u00bbtrue\u00bb el_class=\u00bbboton-marcha\u00bb link=\u00bburl:https%3A%2F%2Fdrive.google.com%2Ffile%2Fd%2F1-6ENI2sBZ-iGu7ILscpeZO98ndVm-Z38%2Fview%3Fusp%3Dsharing|target:_blank\u00bb][vc_empty_space height=\u00bb15px\u00bb][vc_btn title=\u00bbPresentaci\u00f3n de Fernando Perera\u00bb align=\u00bbleft\u00bb button_block=\u00bbtrue\u00bb el_class=\u00bbboton-marcha\u00bb link=\u00bburl:https%3A%2F%2Fdrive.google.com%2Ffile%2Fd%2F1z6NoZcYu8cMof4DjchypJaNuLfqzOSMf%2Fview%3Fusp%3Dsharing|target:_blank\u00bb][vc_empty_space height=\u00bb15px\u00bb][vc_btn title=\u00bbPresentaci\u00f3n de David Cova\u00bb align=\u00bbleft\u00bb button_block=\u00bbtrue\u00bb el_class=\u00bbboton-marcha\u00bb link=\u00bburl:https%3A%2F%2Fdrive.google.com%2Ffile%2Fd%2F1ktRpHIgLc4gYORJ3Ej2v849AW0rFNuO5%2Fview%3Fusp%3Dsharing|target:_blank\u00bb][vc_empty_space height=\u00bb15px\u00bb][vc_btn title=\u00bbPresentaci\u00f3n de Sermpinis, G., Vagenas-Nanos y E. Movaghari, H.\u00bb align=\u00bbleft\u00bb button_block=\u00bbtrue\u00bb el_class=\u00bbboton-marcha\u00bb link=\u00bburl:https%3A%2F%2Fdrive.google.com%2Ffile%2Fd%2F1VTJslJQPWVNBpm5MoVdm-63CNxQXDFxH%2Fview%3Fusp%3Dsharing|target:_blank\u00bb][vc_empty_space height=\u00bb15px\u00bb][vc_btn title=\u00bbPresentaci\u00f3n de Mar\u00eda del Carmen D\u00edaz Rold\u00e1n\u00bb align=\u00bbleft\u00bb button_block=\u00bbtrue\u00bb el_class=\u00bbboton-marcha\u00bb link=\u00bburl:https%3A%2F%2Fdrive.google.com%2Ffile%2Fd%2F1H1p6bPBJJGqRqMIAu7qgaZ-gXIux-xI8%2Fview%3Fusp%3Dsharing|target:_blank\u00bb][vc_empty_space height=\u00bb15px\u00bb][\/vc_column][\/vc_row][vc_row][vc_column][vc_empty_space][\/vc_column][\/vc_row][vc_row full_width=\u00bbstretch_row\u00bb gap=\u00bb1&#8243; equal_height=\u00bbyes\u00bb][vc_column css_animation=\u00bbfadeInLeft\u00bb width=\u00bb1\/3&#8243; css=\u00bb.vc_custom_1581084709591{padding-bottom: 7% !important;background-color: #eaeaea !important;}\u00bb][vc_column_text css_animation=\u00bbnone\u00bb]<\/p>\n<h3>20 de septiembre de 2022<\/h3>\n<h2 class=\"tribe-events-single-event-title\"><b>La reconquista del espacio p\u00fablico<\/b><\/h2>\n<p>[\/vc_column_text][\/vc_column][vc_column css_animation=\u00bbfadeInRight\u00bb width=\u00bb2\/3&#8243; css=\u00bb.vc_custom_1581084489854{background-color: #eaeaea !important;}\u00bb][vc_column_text]Dentro de la\u00a0<a href=\"https:\/\/mobilityweek.eu\/home\/\" target=\"_blank\" rel=\"noopener\" target=\"_blank\" rel=\"noopener\">Semana Europea de la Movilidad<\/a> la C\u00e1tedra de Econom\u00eda y Movilidad CajaCanarias de la Universidad de La Laguna particip\u00f3 en la charla titulada \u00abLa reconquista del espacio p\u00fablico\u00bb en el Aulario de Guajara de la Universidad de La Laguna. En ella se dialog\u00f3 y pusieron puntos en com\u00fan sobre movilidad, sostenibilidad y espacio p\u00fablico, en La Laguna.<\/p>\n<div dir=\"auto\">Participaron como ponentes: Rodrigo Vargas, arquitecto; Yeray Hern\u00e1ndez, Doctor en Econom\u00eda Aplicada por la ULL; Juan Samuel Garc\u00eda, doctor en Geograf\u00eda por la ULL; y, Henar Mart\u00edn ingeniera Civil, especialista en movilidad. \u00a0Moder\u00f3: Rosa Marina Gonz\u00e1lez, Directora de la C\u00e1tedra de Econom\u00eda y Movilidad CajaCanarias-ULL<\/div>\n<p>[\/vc_column_text][vc_empty_space height=\u00bb15px\u00bb][vc_btn title=\u00bbPresentaci\u00f3n de Yeray Hern\u00e1ndez\u00bb align=\u00bbleft\u00bb button_block=\u00bbtrue\u00bb el_class=\u00bbboton-marcha\u00bb link=\u00bburl:https%3A%2F%2Fdrive.google.com%2Ffile%2Fd%2F1f9u9dCKgktTqfzAG-6caI5XUGBi9h8wd%2Fview%3Fusp%3Dsharing|target:_blank\u00bb][vc_empty_space height=\u00bb15px\u00bb][vc_btn title=\u00bbPresentaci\u00f3n de Rodrigo Vargas\u00bb align=\u00bbleft\u00bb button_block=\u00bbtrue\u00bb el_class=\u00bbboton-marcha\u00bb link=\u00bburl:https%3A%2F%2Fdrive.google.com%2Ffile%2Fd%2F166l6i5Wgw3A17KnN8bm9lTs30h2fFoKL%2Fview%3Fusp%3Dsharing|target:_blank\u00bb][vc_empty_space height=\u00bb15px\u00bb][vc_btn title=\u00bbPresentaci\u00f3n de Juan Samuel\u00bb align=\u00bbleft\u00bb button_block=\u00bbtrue\u00bb el_class=\u00bbboton-marcha\u00bb link=\u00bburl:https%3A%2F%2Fdrive.google.com%2Ffile%2Fd%2F1s1ezjhki8cloyDhD8FkrwrOJqbZzvjjM%2Fview%3Fusp%3Dsharing|target:_blank\u00bb][vc_empty_space height=\u00bb15px\u00bb][vc_btn title=\u00bbPresentaci\u00f3n de Henar Mart\u00edn Armas\u00bb align=\u00bbleft\u00bb button_block=\u00bbtrue\u00bb el_class=\u00bbboton-marcha\u00bb link=\u00bburl:https%3A%2F%2Fdrive.google.com%2Ffile%2Fd%2F1JokNxB6oZDBdfXGnTCCeo6bVEVh7tTdr%2Fview%3Fusp%3Dsharing|target:_blank\u00bb][vc_empty_space height=\u00bb15px\u00bb][\/vc_column][\/vc_row][vc_row][vc_column][vc_empty_space][\/vc_column][\/vc_row][vc_row full_width=\u00bbstretch_row\u00bb gap=\u00bb1&#8243; equal_height=\u00bbyes\u00bb][vc_column css_animation=\u00bbfadeInLeft\u00bb width=\u00bb1\/3&#8243; css=\u00bb.vc_custom_1581084709591{padding-bottom: 7% !important;background-color: #eaeaea !important;}\u00bb][vc_column_text css_animation=\u00bbnone\u00bb]<\/p>\n<h3>20 de septiembre de 2022<\/h3>\n<h2 class=\"tribe-events-single-event-title\"><b>Investigando en movilidad en la ULL y presentaci\u00f3n de casos de estudio reales<\/b><\/h2>\n<p>[\/vc_column_text][\/vc_column][vc_column css_animation=\u00bbfadeInRight\u00bb width=\u00bb2\/3&#8243; css=\u00bb.vc_custom_1581084489854{background-color: #eaeaea !important;}\u00bb][vc_column_text]Dentro de la\u00a0<a href=\"https:\/\/mobilityweek.eu\/home\/\" target=\"_blank\" rel=\"noopener\" target=\"_blank\" rel=\"noopener\">Semana Europea de la Movilidad<\/a> la C\u00e1tedra de Econom\u00eda y Movilidad CajaCanarias de la Universidad de La Laguna present\u00f3 la jornada \u00abInvestigando en movilidad en la ULL y presentaci\u00f3n de casos de estudio reales\u00bb. El objetivo de la misma es\u00a0 por un lado, dar a conocer la investigaci\u00f3n que hacen algunos doctorandos de la ULL relacionada con temas de transporte y movilidad; por otro lado, presentar algunos casos de estudio relacionados con la elaboraci\u00f3n de Planes de Movilidad Urbana Sostenibles para diferentes ayuntamientos de Canarias.[\/vc_column_text][vc_empty_space height=\u00bb15px\u00bb][vc_btn title=\u00bbPresentaci\u00f3n de Marina Gonz\u00e1lez Marrero\u00bb align=\u00bbleft\u00bb button_block=\u00bbtrue\u00bb el_class=\u00bbboton-marcha\u00bb link=\u00bburl:https%3A%2F%2Fdrive.google.com%2Ffile%2Fd%2F14M4eIMycFGNKMh75gev75Zj7Mq_pUO7c%2Fview%3Fusp%3Dsharing|target:_blank\u00bb][vc_empty_space height=\u00bb15px\u00bb][vc_btn title=\u00bbPresentaci\u00f3n de Guillermo Esquivel Gonz\u00e1lez\u00bb align=\u00bbleft\u00bb button_block=\u00bbtrue\u00bb el_class=\u00bbboton-marcha\u00bb link=\u00bburl:https%3A%2F%2Fdrive.google.com%2Ffile%2Fd%2F1Q2j3xKzz80JZ1Q1-nrenm5IH-i51ZGVP%2Fview%3Fusp%3Dsharing|target:_blank\u00bb][vc_empty_space height=\u00bb15px\u00bb][vc_btn title=\u00bbPresentaci\u00f3n de Gin\u00e9s Le\u00f3n\u00bb align=\u00bbleft\u00bb button_block=\u00bbtrue\u00bb el_class=\u00bbboton-marcha\u00bb link=\u00bburl:https%3A%2F%2Fdrive.google.com%2Ffile%2Fd%2F1lUc-xJZ4g9ddKLxgAnisRHMQOItEutpn%2Fview%3Fusp%3Dsharing|target:_blank\u00bb][vc_empty_space height=\u00bb15px\u00bb][vc_btn title=\u00bbPresentaci\u00f3n de Imanol Nieto Gonz\u00e1lez\u00bb align=\u00bbleft\u00bb button_block=\u00bbtrue\u00bb el_class=\u00bbboton-marcha\u00bb link=\u00bburl:https%3A%2F%2Fdrive.google.com%2Ffile%2Fd%2F1xoRoIsgSBinTbbEj2DapuGNROdXrprAC%2Fview%3Fusp%3Dsharing|target:_blank\u00bb][vc_empty_space height=\u00bb15px\u00bb][vc_btn title=\u00bbPresentaci\u00f3n de Pedro Josafat Brito Castro y Sergio Navarrete Gonz\u00e1lez\u00bb align=\u00bbleft\u00bb button_block=\u00bbtrue\u00bb el_class=\u00bbboton-marcha\u00bb link=\u00bburl:https%3A%2F%2Fdrive.google.com%2Ffile%2Fd%2F18djLXDKpFFRJLKAVdCCRbFIRU7GvAqi3%2Fview%3Fusp%3Dsharing|target:_blank\u00bb][vc_empty_space height=\u00bb15px\u00bb][\/vc_column][\/vc_row][vc_row][vc_column][vc_empty_space][\/vc_column][\/vc_row][vc_row full_width=\u00bbstretch_row\u00bb gap=\u00bb1&#8243; equal_height=\u00bbyes\u00bb][vc_column css_animation=\u00bbfadeInLeft\u00bb width=\u00bb1\/3&#8243; css=\u00bb.vc_custom_1581084709591{padding-bottom: 7% !important;background-color: #eaeaea !important;}\u00bb][vc_column_text css_animation=\u00bbnone\u00bb]<\/p>\n<h3>19 de septiembre de 2022<\/h3>\n<h2 class=\"tribe-events-single-event-title\"><b>Presentado el XV Congreso de Ingenier\u00eda y Transporte organizado por la ULL y que se celebrar\u00e1 en 2023<\/b><\/h2>\n<p>[\/vc_column_text][\/vc_column][vc_column css_animation=\u00bbfadeInRight\u00bb width=\u00bb2\/3&#8243; css=\u00bb.vc_custom_1581084489854{background-color: #eaeaea !important;}\u00bb][vc_column_text]Este 19 de septiembre tuvo lugar la presentaci\u00f3n del XV Congreso de Ingenier\u00eda y Transporte (CIT2023) que organizan la C\u00e1tedra de Econom\u00eda y Movilidad_CajaCanarias y el Instituto Universitario de Desarrollo Regional de la Universidad de La Laguna. Esta presentaci\u00f3n form\u00f3 parte de las actividades que la Concejal\u00eda de Movilidad Sostenible del Ayuntamiento de La Laguna ofreci\u00f3 dentro de la de la Semana Europea de la Movilidad. El tema elegido por la Comisi\u00f3n Europea para esta campa\u00f1a es \u00abMejores Conexiones\u00bb; y su lema \u00abCombina y mu\u00e9vete\u00bb. Asistieron a esta presentaci\u00f3n D\u00f1a. Rosa Marina Gonz\u00e1lez Marrero, directora de la C\u00e1tedra de Econom\u00eda y Movilidad Fundaci\u00f3n CajaCanarias-Cabildo de Tenerife y D. Ernesto Pereda de Pablo, Vicerrector de Investigaci\u00f3n de la Universidad de La Laguna y D. Jos\u00e9 Alberto Le\u00f3n Alonso, director Insular de Movilidad del Cabildo de Tenerife.[\/vc_column_text][vc_empty_space height=\u00bb15px\u00bb][vc_single_image image=\u00bb379&#8243; img_size=\u00bb300&#215;200&#8243;][\/vc_column][\/vc_row][vc_row][vc_column][vc_empty_space][\/vc_column][\/vc_row][vc_row full_width=\u00bbstretch_row\u00bb gap=\u00bb1&#8243; equal_height=\u00bbyes\u00bb][vc_column css_animation=\u00bbfadeInLeft\u00bb width=\u00bb1\/3&#8243; css=\u00bb.vc_custom_1581084709591{padding-bottom: 7% !important;background-color: #eaeaea !important;}\u00bb][vc_column_text css_animation=\u00bbnone\u00bb]<\/p>\n<h3>29 de abril de 2022<\/h3>\n<h2 class=\"tribe-events-single-event-title\"><b>Retos de la Movilidad Urbana<\/b><\/h2>\n<p>[\/vc_column_text][\/vc_column][vc_column css_animation=\u00bbfadeInRight\u00bb width=\u00bb2\/3&#8243; css=\u00bb.vc_custom_1581084489854{background-color: #eaeaea !important;}\u00bb][vc_column_text]<span style=\"font-weight: 400;\">El Aula Magna de la Facultad de Econom\u00eda, Empresa y Turismo acogi\u00f3 la conferencia titulada <\/span>\u201cRetos de la Movilidad Urbana\u201d<span style=\"font-weight: 400;\">, que present\u00f3 el catedr\u00e1tico<\/span> <span style=\"font-weight: 400;\">de Transportes <\/span>Andr\u00e9s Monz\u00f3n de C\u00e1ceres<span style=\"font-weight: 400;\"> y organiz\u00f3 la C\u00e1tedra de Econom\u00eda y Movilidad Fundaci\u00f3n CajaCanarias_ULL. Esta conferencia se celebr\u00f3 dentro de <b>XXXVI\u00a0Semana\u00a0de la\u00a0Empresa<\/b> que se organiz\u00f3 en la Facultad de Econom\u00eda, Empresa y Turismo durante los d\u00edas 27, 28 y 29 de abril.<\/span>[\/vc_column_text][vc_empty_space height=\u00bb15px\u00bb][vc_btn title=\u00bbPrograma\u00bb align=\u00bbleft\u00bb button_block=\u00bbtrue\u00bb el_class=\u00bbboton-marcha\u00bb link=\u00bburl:https%3A%2F%2Fdrive.google.com%2Ffile%2Fd%2F1-hUGbstSpQjh-kmaRFGR6IJYstrk2rmB%2Fview%3Fusp%3Dsharing|target:_blank\u00bb][vc_empty_space height=\u00bb15px\u00bb][vc_single_image image=\u00bb350&#8243; img_size=\u00bb300&#215;200&#8243;][\/vc_column][\/vc_row][vc_row][vc_column][vc_empty_space][\/vc_column][\/vc_row][vc_row full_width=\u00bbstretch_row\u00bb gap=\u00bb1&#8243; equal_height=\u00bbyes\u00bb][vc_column css_animation=\u00bbfadeInLeft\u00bb width=\u00bb1\/3&#8243; css=\u00bb.vc_custom_1581084709591{padding-bottom: 7% !important;background-color: #eaeaea !important;}\u00bb][vc_column_text css_animation=\u00bbnone\u00bb]<\/p>\n<h3>22 de abril de 2022<\/h3>\n<h2 class=\"tribe-events-single-event-title\">Encuentro de doctorandos en el \u00e1mbito tem\u00e1tico de Econom\u00eda<\/h2>\n<p>[\/vc_column_text][\/vc_column][vc_column css_animation=\u00bbfadeInRight\u00bb width=\u00bb2\/3&#8243; css=\u00bb.vc_custom_1581084489854{background-color: #eaeaea !important;}\u00bb][vc_column_text]El Sal\u00f3n de Grados de la Facultad de Econom\u00eda, Empresa y Turismo acogi\u00f3 un Encuentro de Doctorandos que trabajan en el \u00e1mbito tem\u00e1tico de Econom\u00eda organizado por el departamento de Econom\u00eda, Contabilidad y Finanzas en colaboraci\u00f3n con la C\u00e1tedra de Econom\u00eda y Movilidad Fundaci\u00f3n Cajacanarias ULL y el Centro de Estudios de Desigualdad Social y Gobernanza.[\/vc_column_text][vc_empty_space height=\u00bb15px\u00bb][vc_btn title=\u00bbPrograma\u00bb align=\u00bbleft\u00bb button_block=\u00bbtrue\u00bb el_class=\u00bbboton-marcha\u00bb link=\u00bburl:https%3A%2F%2Fdrive.google.com%2Ffile%2Fd%2F1vvA0Ml1kzBYkpPUtBv2ylfp7vEyTKGkk%2Fview%3Fusp%3Dsharing|target:_blank\u00bb][vc_empty_space height=\u00bb15px\u00bb][vc_single_image image=\u00bb343&#8243; img_size=\u00bb300&#215;200&#8243;][\/vc_column][\/vc_row][vc_row][vc_column][vc_empty_space][\/vc_column][\/vc_row][vc_row full_width=\u00bbstretch_row\u00bb gap=\u00bb1&#8243; equal_height=\u00bbyes\u00bb][vc_column css_animation=\u00bbfadeInLeft\u00bb width=\u00bb1\/3&#8243; css=\u00bb.vc_custom_1581084709591{padding-bottom: 7% !important;background-color: #eaeaea !important;}\u00bb][vc_column_text css_animation=\u00bbnone\u00bb]<\/p>\n<h3>9 de marzo de 2022<\/h3>\n<h2 class=\"tribe-events-single-event-title\">Algunas Reflexiones sobre la Movildad<\/h2>\n<p>[\/vc_column_text][\/vc_column][vc_column css_animation=\u00bbfadeInRight\u00bb width=\u00bb2\/3&#8243; css=\u00bb.vc_custom_1581084489854{background-color: #eaeaea !important;}\u00bb][vc_column_text]Conferencia impartida por la directora de la c\u00e1tedra de Econom\u00eda y Movilidad de la ULL-Fundaci\u00f3n CajaCanarias, Rosa Marina Gonz\u00e1lez Marrero, en las II Jornadas del Foro Econ\u00f3mico y Social de La Laguna celebrada el mi\u00e9rcoles d\u00eda 9 de marzo en la Real Sociedad Econ\u00f3mica de Amigos del Pais de Tenerife.[\/vc_column_text][vc_empty_space height=\u00bb15px\u00bb][vc_btn title=\u00bbPrograma\u00bb align=\u00bbleft\u00bb button_block=\u00bbtrue\u00bb el_class=\u00bbboton-marcha\u00bb link=\u00bburl:https%3A%2F%2Fdrive.google.com%2Ffile%2Fd%2F13fcNEMoWxjUlgd3N1MN5g1wZg0O_XAE0%2Fview%3Fusp%3Dsharing|target:_blank\u00bb][vc_empty_space height=\u00bb15px\u00bb][vc_btn title=\u00bbV\u00eddeo\u00bb align=\u00bbleft\u00bb button_block=\u00bbtrue\u00bb el_class=\u00bbboton-marcha\u00bb link=\u00bburl:https%3A%2F%2Fwww.youtube.com%2Fwatch%3Fv%3Dhs5kdXDsaH4%26t%3D1s|target:_blank\u00bb][vc_empty_space height=\u00bb15px\u00bb][vc_single_image image=\u00bb352&#8243; img_size=\u00bb300&#215;200&#8243;][\/vc_column][\/vc_row][vc_row][vc_column][vc_empty_space][\/vc_column][\/vc_row]<\/p>\n","protected":false},"excerpt":{"rendered":"<p>[vc_row][vc_column css=\u00bb.vc_custom_1594731351291{padding-bottom: 20px !important;}\u00bb][vc_column_text] Actividades 2022 [\/vc_column_text][\/vc_column][\/vc_row][vc_row][vc_column][vc_empty_space][\/vc_column][\/vc_row][vc_row full_width=\u00bbstretch_row\u00bb gap=\u00bb1&#8243; equal_height=\u00bbyes\u00bb][vc_column css_animation=\u00bbfadeInLeft\u00bb width=\u00bb1\/3&#8243; css=\u00bb.vc_custom_1581084709591{padding-bottom: 7% !important;background-color: #eaeaea !important;}\u00bb][vc_column_text css_animation=\u00bbnone\u00bb] 12 de diciembre de 2022 Algunas cuestiones a prop\u00f3sito de la gesti\u00f3n de la movilidad [\/vc_column_text][\/vc_column][vc_column css_animation=\u00bbfadeInRight\u00bb width=\u00bb2\/3&#8243; css=\u00bb.vc_custom_1581084489854{background-color: #eaeaea !important;}\u00bb][vc_column_text] La directora de la c\u00e1tedra de Econom\u00eda y Movilidad- CajaCanarias-ULL particip\u00f3 el 12 de diciembre de&#8230;<\/p>\n","protected":false},"author":3,"featured_media":0,"parent":0,"menu_order":0,"comment_status":"closed","ping_status":"closed","template":"","meta":[],"_links":{"self":[{"href":"https:\/\/www.ull.es\/catedras\/catedra-economia-movilidad-cajacanarias\/wp-json\/wp\/v2\/pages\/335"}],"collection":[{"href":"https:\/\/www.ull.es\/catedras\/catedra-economia-movilidad-cajacanarias\/wp-json\/wp\/v2\/pages"}],"about":[{"href":"https:\/\/www.ull.es\/catedras\/catedra-economia-movilidad-cajacanarias\/wp-json\/wp\/v2\/types\/page"}],"author":[{"embeddable":true,"href":"https:\/\/www.ull.es\/catedras\/catedra-economia-movilidad-cajacanarias\/wp-json\/wp\/v2\/users\/3"}],"replies":[{"embeddable":true,"href":"https:\/\/www.ull.es\/catedras\/catedra-economia-movilidad-cajacanarias\/wp-json\/wp\/v2\/comments?post=335"}],"version-history":[{"count":31,"href":"https:\/\/www.ull.es\/catedras\/catedra-economia-movilidad-cajacanarias\/wp-json\/wp\/v2\/pages\/335\/revisions"}],"predecessor-version":[{"id":341,"href":"https:\/\/www.ull.es\/catedras\/catedra-economia-movilidad-cajacanarias\/wp-json\/wp\/v2\/pages\/335\/revisions\/341"}],"wp:attachment":[{"href":"https:\/\/www.ull.es\/catedras\/catedra-economia-movilidad-cajacanarias\/wp-json\/wp\/v2\/media?parent=335"}],"curies":[{"name":"wp","href":"https:\/\/api.w.org\/{rel}","templated":true}]}}