{"id":510,"date":"2025-02-21T09:26:13","date_gmt":"2025-02-21T09:26:13","guid":{"rendered":"https:\/\/www.ull.es\/catedras\/catedra-economia-movilidad-cajacanarias\/?page_id=510"},"modified":"2025-12-10T09:28:12","modified_gmt":"2025-12-10T09:28:12","slug":"actividades-2025","status":"publish","type":"page","link":"https:\/\/www.ull.es\/catedras\/catedra-economia-movilidad-cajacanarias\/actividades-2025\/","title":{"rendered":"Actividades 2025"},"content":{"rendered":"<p>[vc_row][vc_column css=\u00bb.vc_custom_1594731351291{padding-bottom: 20px !important;}\u00bb][vc_column_text]<\/p>\n<h1 class=\"container ull-site-title-blank\">Actividades 2025<\/h1>\n<p>[\/vc_column_text][\/vc_column][\/vc_row][vc_row][vc_column][vc_empty_space][\/vc_column][\/vc_row][vc_row full_width=\u00bbstretch_row\u00bb gap=\u00bb1&#8243; equal_height=\u00bbyes\u00bb][vc_column css_animation=\u00bbfadeInLeft\u00bb width=\u00bb1\/3&#8243; css=\u00bb.vc_custom_1581084709591{padding-bottom: 7% !important;background-color: #eaeaea !important;}\u00bb][vc_column_text css_animation=\u00bbnone\u00bb]<\/p>\n<h3>26 de noviembre de 2025<\/h3>\n<h2 class=\"tribe-events-single-event-title\">Seminario \u00abInvestigaci\u00f3n en transporte sostenible\u00bb<\/h2>\n<p>[\/vc_column_text][\/vc_column][vc_column css_animation=\u00bbfadeInRight\u00bb width=\u00bb2\/3&#8243; css=\u00bb.vc_custom_1581084489854{background-color: #eaeaea !important;}\u00bb][vc_column_text]<\/p>\n<div>\n<div dir=\"auto\">\n<p>La C\u00e1tedra de Econom\u00eda y Movilidad CajaCanarias de la Universidad de La Laguna organiz\u00f3 el 26 de noviembre de 2025\u00a0 un seminario titulado: \u201cInvestigaci\u00f3n en transporte Sostenible. Las oonencias fueron:<\/p>\n<ul>\n<li>\u201cMovilidad Sostenible en Espacios Tur\u00edsticos: An\u00e1lisis de las preferencias por el uso de paquetes de movilidad\u201d Presenta: D\u00aa Rosa Marina Gonz\u00e1lez Marrero Directora de la C\u00e1tedra de Econom\u00eda y Movilidad CajaCanarias-ULL<\/li>\n<li>\u201cDatos en movimiento: Clave para una movilidad sostenible\u201d Presenta: D. Guillermo Esquivel Gonz\u00e1lez T\u00e9cnico de gesti\u00f3n de servicios en TITSA y alumno del Doctorado en Matem\u00e1ticas y Estad\u00edstica de la Universidad de La Laguna<\/li>\n<li>\u201cInfluencia de la conciencia medioambiental en la decisi\u00f3n de compartir coche entre los miembros de la comunidad universitaria\u201d Presenta: D. Imanol Nieto Gonz\u00e1lez Profesor Ayudante Doctor del Departamento de Econom\u00eda Aplicada y M\u00e9todos Cuantitativos<\/li>\n<\/ul>\n<div><\/div>\n<\/div>\n<\/div>\n<div><\/div>\n<p>[\/vc_column_text][vc_empty_space height=\u00bb15px\u00bb][vc_btn title=\u00bbPresentaci\u00f3n de Imanol Nieto Gonz\u00e1lez\u00bb size=\u00bblg\u00bb align=\u00bbleft\u00bb button_block=\u00bbtrue\u00bb el_class=\u00bbboton-marcha\u00bb link=\u00bburl:https%3A%2F%2Fdrive.google.com%2Ffile%2Fd%2F17RwV80Ivdi7XRpG56efFtE5OErU_Ei0R%2Fview%3Fusp%3Dsharing|target:_blank\u00bb][vc_empty_space height=\u00bb15px\u00bb][vc_btn title=\u00bbPresentaci\u00f3n de Guillermo Esquivel Gonz\u00e1lez\u00bb size=\u00bblg\u00bb align=\u00bbleft\u00bb button_block=\u00bbtrue\u00bb el_class=\u00bbboton-marcha\u00bb link=\u00bburl:https%3A%2F%2Fdrive.google.com%2Ffile%2Fd%2F1tOBOkMUjH_lYTiq9TwZ0Dx__fUXCI0p2%2Fview%3Fusp%3Dsharing|target:_blank\u00bb][vc_empty_space height=\u00bb15px\u00bb][vc_btn title=\u00bbPresentaci\u00f3n de Rosa Marina Gonz\u00e1lez Marrero\u00bb size=\u00bblg\u00bb align=\u00bbleft\u00bb button_block=\u00bbtrue\u00bb el_class=\u00bbboton-marcha\u00bb link=\u00bburl:https%3A%2F%2Fdrive.google.com%2Ffile%2Fd%2F1UUN77mwDbXyfYG81SXaM05_d5TOWhWx5%2Fview%3Fusp%3Dsharing|target:_blank\u00bb][\/vc_column][\/vc_row][vc_row][vc_column][vc_empty_space][\/vc_column][\/vc_row][vc_row full_width=\u00bbstretch_row\u00bb gap=\u00bb1&#8243; equal_height=\u00bbyes\u00bb][vc_column css_animation=\u00bbfadeInLeft\u00bb width=\u00bb1\/3&#8243; css=\u00bb.vc_custom_1581084709591{padding-bottom: 7% !important;background-color: #eaeaea !important;}\u00bb][vc_column_text css_animation=\u00bbnone\u00bb]<\/p>\n<h3>19 de noviembre de 2025<\/h3>\n<h2 class=\"tribe-events-single-event-title\">Movilidad sostenible y algunas reflexiones acerca del presente y futuro de Tenerife<\/h2>\n<p>[\/vc_column_text][\/vc_column][vc_column css_animation=\u00bbfadeInRight\u00bb width=\u00bb2\/3&#8243; css=\u00bb.vc_custom_1581084489854{background-color: #eaeaea !important;}\u00bb][vc_column_text]<\/p>\n<div>\n<div dir=\"auto\">\n<div>Dentro de las Jornadas Cambio clim\u00e1tico y modelo energ\u00e9tico en Canarias. \u00bfSeremos resilientes? Organizadas por la Fundaci\u00f3n CajaCanarias<\/div>\n<div>\n<div>Impartida por Rosa Marina Gonz\u00e1lez Marrero (directora de la C\u00e1tedra de Econom\u00eda y Movilidad CajaCanarias de la ULL)<\/div>\n<\/div>\n<\/div>\n<\/div>\n<div><\/div>\n<p>[\/vc_column_text][vc_empty_space height=\u00bb15px\u00bb][vc_btn title=\u00bbPresentaci\u00f3n\u00bb size=\u00bblg\u00bb align=\u00bbleft\u00bb button_block=\u00bbtrue\u00bb el_class=\u00bbboton-marcha\u00bb link=\u00bburl:https%3A%2F%2Fdrive.google.com%2Ffile%2Fd%2F16TeLbY8Nhq04TGxKS_mjCzbgtN9yjw7I%2Fview%3Fusp%3Ddrive_link|target:_blank\u00bb][vc_empty_space height=\u00bb15px\u00bb][vc_images_carousel images=\u00bb559,560&#8243; img_size=\u00bb300&#215;200&#8243;][\/vc_column][\/vc_row][vc_row][vc_column][vc_empty_space][\/vc_column][\/vc_row][vc_row full_width=\u00bbstretch_row\u00bb gap=\u00bb1&#8243; equal_height=\u00bbyes\u00bb][vc_column css_animation=\u00bbfadeInLeft\u00bb width=\u00bb1\/3&#8243; css=\u00bb.vc_custom_1581084709591{padding-bottom: 7% !important;background-color: #eaeaea !important;}\u00bb][vc_column_text css_animation=\u00bbnone\u00bb]<\/p>\n<h3>Octubre de 2025<\/h3>\n<h2 class=\"tribe-events-single-event-title\">Comisi\u00f3n del Pacto por una Movilidad Sostenible del Cabildo insular de Tenerife<\/h2>\n<p>[\/vc_column_text][\/vc_column][vc_column css_animation=\u00bbfadeInRight\u00bb width=\u00bb2\/3&#8243; css=\u00bb.vc_custom_1581084489854{background-color: #eaeaea !important;}\u00bb][vc_column_text]<\/p>\n<div>\n<div dir=\"auto\">\n<div dir=\"auto\">\n<p>La C\u00e1tedra de Econom\u00eda y movilidad participa en la Comisi\u00f3n del Pacto por una Movilidad Sostenible del Cabildo insular de Tenerife. Esta comisi\u00f3n se constituy\u00f3 en el a\u00f1o 2025 y mantuvo su primera reuni\u00f3n en octubre. Durante el a\u00f1o 2025 se han celebrado tres reuniones.<\/p>\n<p>El pacto por la movilidad es un instrumento de colaboraci\u00f3n sin naturaleza contractual o vinculante.<\/p>\n<\/div>\n<\/div>\n<\/div>\n<div><\/div>\n<p>[\/vc_column_text][\/vc_column][\/vc_row][vc_row][vc_column][vc_empty_space][\/vc_column][\/vc_row][vc_row full_width=\u00bbstretch_row\u00bb gap=\u00bb1&#8243; equal_height=\u00bbyes\u00bb][vc_column css_animation=\u00bbfadeInLeft\u00bb width=\u00bb1\/3&#8243; css=\u00bb.vc_custom_1581084709591{padding-bottom: 7% !important;background-color: #eaeaea !important;}\u00bb][vc_column_text css_animation=\u00bbnone\u00bb]<\/p>\n<h3>18 de septiembre de 2025<\/h3>\n<h2 class=\"tribe-events-single-event-title\">D\u00eda del coche compartido<\/h2>\n<p>[\/vc_column_text][\/vc_column][vc_column css_animation=\u00bbfadeInRight\u00bb width=\u00bb2\/3&#8243; css=\u00bb.vc_custom_1581084489854{background-color: #eaeaea !important;}\u00bb][vc_column_text]<\/p>\n<div>\n<div dir=\"auto\">\n<p>Dentro de la semana Europea de la Movilidad, la C\u00e1tedra de Econom\u00eda y movilidad ha impulsado una experiencia piloto en la Facultad de Econom\u00eda, Empresa y Turismo. Esta experiencia se celebr\u00f3 el 18 de septiembre y consiste en recompensar con una zona del estacionamiento reservado y en primera l\u00ednea para todos aquellos que vengan a la #ULL en veh\u00edculos con dos o m\u00e1s ocupantes.<\/p>\n<p>El evento, fue impulsado por la C\u00e1tedra de Econom\u00eda y Movilidad CajaCanarias y la Facultad y se consigui\u00f3 que en determinadas franjas horarias hubiera una ocupaci\u00f3n del 80% del espacio habilitado para estos veh\u00edculos.<\/p>\n<p>Eulalia Garc\u00eda, consejera de Movilidad, y Seraf\u00edn Mesa, consejero de Juventud y Formaci\u00f3n del Cabildo de Tenerife, acudieron para interesarse por esta actividad.<\/p>\n<p>&nbsp;<\/p>\n<\/div>\n<\/div>\n<div><\/div>\n<p>[\/vc_column_text][vc_empty_space height=\u00bb15px\u00bb][vc_images_carousel images=\u00bb552,553,554,555,556&#8243; img_size=\u00bb300&#215;200&#8243;][\/vc_column][\/vc_row][vc_row][vc_column][vc_empty_space][\/vc_column][\/vc_row][vc_row full_width=\u00bbstretch_row\u00bb gap=\u00bb1&#8243; equal_height=\u00bbyes\u00bb][vc_column css_animation=\u00bbfadeInLeft\u00bb width=\u00bb1\/3&#8243; css=\u00bb.vc_custom_1581084709591{padding-bottom: 7% !important;background-color: #eaeaea !important;}\u00bb][vc_column_text css_animation=\u00bbnone\u00bb]<\/p>\n<h3>17 de septiembre de 2025<\/h3>\n<h2 class=\"tribe-events-single-event-title\">Conferencia \u00abAlgunos casos de estudio sobre la Movilidad Tur\u00edstica y Universitaria en Canarias\u00bb<\/h2>\n<p>[\/vc_column_text][\/vc_column][vc_column css_animation=\u00bbfadeInRight\u00bb width=\u00bb2\/3&#8243; css=\u00bb.vc_custom_1581084489854{background-color: #eaeaea !important;}\u00bb][vc_column_text]<\/p>\n<div>\n<div dir=\"auto\">\n<p>Dentro de la Semana Europea de la Movilidad, el Ayuntamiento de San Crist\u00f3bal de La Laguna junto con la C\u00e1tedra de Econom\u00eda y Movilidad CajaCanarias de La Universidad de La Laguna organiza una conferencia titulada \u00abAlgunos casos de estudio sobre la Movilidad Tur\u00edstica y Universitaria en Canarias\u00bb, que se imparti\u00f3 el mi\u00e9rcoles 17 de septiembre en el Centro Ciudadano \u00abEl Tranv\u00eda\u00bb (La Cuesta), sede de la V Jornada FES 2025 \u00abLa Laguna Se Mueve\u00bb.<\/p>\n<p>La directora de la C\u00e1tedra, do\u00f1a Rosa Marina Gonz\u00e1lez Marrero, particip\u00f3 en dicha jornada con la conferencia titulada \u00abAlgunos casos de estudio sobre la Movilidad Tur\u00edstica y Universitaria en Canarias\u00bb. En esta presentaci\u00f3n la directora present\u00f3 los principales resultados derivados de varios proyectos de investigaci\u00f3n que ha liderado, referidos tanto a movilidad de los turistas como a movilidad del alumnado universitario, proponiendo diferentes medidas de actuaci\u00f3n para conseguir unos patrones de movilidad m\u00e1s sostenible en ambos contextos.<\/p>\n<p>&nbsp;<\/p>\n<\/div>\n<\/div>\n<div><\/div>\n<p>[\/vc_column_text][vc_empty_space height=\u00bb15px\u00bb][vc_btn title=\u00bbPrograma\u00bb size=\u00bblg\u00bb align=\u00bbleft\u00bb button_block=\u00bbtrue\u00bb el_class=\u00bbboton-marcha\u00bb link=\u00bburl:https%3A%2F%2Fdrive.google.com%2Ffile%2Fd%2F1QYnvACwqvWl2F_Qac35xZdNAXvZ6KbGz%2Fview%3Fusp%3Dsharing|target:_blank\u00bb][vc_empty_space height=\u00bb15px\u00bb][vc_images_carousel images=\u00bb550&#8243; img_size=\u00bb300&#215;200&#8243;][\/vc_column][\/vc_row][vc_row][vc_column][vc_empty_space][\/vc_column][\/vc_row][vc_row full_width=\u00bbstretch_row\u00bb gap=\u00bb1&#8243; equal_height=\u00bbyes\u00bb][vc_column css_animation=\u00bbfadeInLeft\u00bb width=\u00bb1\/3&#8243; css=\u00bb.vc_custom_1581084709591{padding-bottom: 7% !important;background-color: #eaeaea !important;}\u00bb][vc_column_text css_animation=\u00bbnone\u00bb]<\/p>\n<h3>28 de mayo de 2025<\/h3>\n<h2 class=\"tribe-events-single-event-title\">Presentaci\u00f3n del estudio de impacto econ\u00f3mico, social y medioambiental de la red de tranv\u00eda de Metrotenerife<\/h2>\n<p>[\/vc_column_text][\/vc_column][vc_column css_animation=\u00bbfadeInRight\u00bb width=\u00bb2\/3&#8243; css=\u00bb.vc_custom_1581084489854{background-color: #eaeaea !important;}\u00bb][vc_column_text]<\/p>\n<div>\n<div dir=\"auto\">El 28 de mayo de 2025 se present\u00f3 el estudio de impacto econ\u00f3mico, social y medioambiental de la red de tranv\u00eda de Metrotenerife. Este estudio fue elaborado por Diego Crespo Pereira, docente e Investigador de la Universida de da Coru\u00f1a y por \u00d3scar De Gregorio Vicente, docente e Investigador, de la Universidad Internacional de La Rioja.<\/div>\n<\/div>\n<div><\/div>\n<p>[\/vc_column_text][vc_empty_space height=\u00bb15px\u00bb][vc_btn title=\u00bbPresentaci\u00f3n\u00bb size=\u00bblg\u00bb align=\u00bbleft\u00bb button_block=\u00bbtrue\u00bb el_class=\u00bbboton-marcha\u00bb link=\u00bburl:https%3A%2F%2Fdrive.google.com%2Ffile%2Fd%2F1wxUrk9Fht6TFdShYAX8wu0YUtwb7qV_2%2Fview%3Fusp%3Dsharing|target:_blank\u00bb][\/vc_column][\/vc_row][vc_row][vc_column][vc_empty_space][\/vc_column][\/vc_row][vc_row full_width=\u00bbstretch_row\u00bb gap=\u00bb1&#8243; equal_height=\u00bbyes\u00bb][vc_column css_animation=\u00bbfadeInLeft\u00bb width=\u00bb1\/3&#8243; css=\u00bb.vc_custom_1581084709591{padding-bottom: 7% !important;background-color: #eaeaea !important;}\u00bb][vc_column_text css_animation=\u00bbnone\u00bb]<\/p>\n<h3>8 de mayo de 2025<\/h3>\n<h2 class=\"tribe-events-single-event-title\">Un modelo macroecon\u00f3mico para el siglo XXI<\/h2>\n<p>[\/vc_column_text][\/vc_column][vc_column css_animation=\u00bbfadeInRight\u00bb width=\u00bb2\/3&#8243; css=\u00bb.vc_custom_1581084489854{background-color: #eaeaea !important;}\u00bb][vc_column_text]<\/p>\n<div>\n<div dir=\"auto\">El jueves 8 de mayo de 2025 se celebr\u00f3 la Conferencia titulada \u00abUn modelo macroecon\u00f3mico para el siglo XXI\u00bb, impartida por la doctora Carmen D\u00edaz Rold\u00e1n, Catedr\u00e1tica del departamento de An\u00e1lisis Econ\u00f3mico y Finanzas de la Facultad de Derecho y Ciencias Sociales de la Universidad de Castilla-La Mancha.<\/div>\n<\/div>\n<div><\/div>\n<p>[\/vc_column_text][vc_empty_space height=\u00bb15px\u00bb][vc_btn title=\u00bbPresentaci\u00f3n\u00bb size=\u00bblg\u00bb align=\u00bbleft\u00bb button_block=\u00bbtrue\u00bb el_class=\u00bbboton-marcha\u00bb link=\u00bburl:https%3A%2F%2Fdrive.google.com%2Ffile%2Fd%2F1d_HQ5glOw8bS_wdkLC5feX3NYzpSGhXY%2Fview%3Fusp%3Dsharing|target:_blank\u00bb][\/vc_column][\/vc_row][vc_row][vc_column][vc_empty_space][\/vc_column][\/vc_row][vc_row full_width=\u00bbstretch_row\u00bb gap=\u00bb1&#8243; equal_height=\u00bbyes\u00bb][vc_column css_animation=\u00bbfadeInLeft\u00bb width=\u00bb1\/3&#8243; css=\u00bb.vc_custom_1581084709591{padding-bottom: 7% !important;background-color: #eaeaea !important;}\u00bb][vc_column_text css_animation=\u00bbnone\u00bb]<\/p>\n<h3>De abril a mayo de 2025<\/h3>\n<h2 class=\"tribe-events-single-event-title\">Estancia en la c\u00e1tedra de la profesora D\u00aa Carmen D\u00edaz Rold\u00e1n<\/h2>\n<p>[\/vc_column_text][\/vc_column][vc_column css_animation=\u00bbfadeInRight\u00bb width=\u00bb2\/3&#8243; css=\u00bb.vc_custom_1581084489854{background-color: #eaeaea !important;}\u00bb][vc_column_text]<\/p>\n<div>\n<div dir=\"auto\">\n<p>D\u00aa Carmen D\u00edaz Rold\u00e1n (Catedr\u00e1tica de Universidad del Departamento de An\u00e1lisis Econ\u00f3mico y Finanzas, Facultad de Derecho y CC. Sociales, Universidad de Castilla-La Mancha) ha realizado una estancia en la Universidad de La Laguna, espec\u00edficamente en la Facultad de Econom\u00eda, Empresa y Turismo donde est\u00e1 la c\u00e1tedra de Econom\u00eda y Movilidad (Fundaci\u00f3n CajaCanarias), del 21 de abril al 16 de mayo.<\/p>\n<p>Durante su estancia desarroll\u00f3 diversos trabajos de investigaci\u00f3n en colaboraci\u00f3n con investigadores de la c\u00e1tedra, sobre temas de la regla monetaria y su introducci\u00f3n en un modelo macroecon\u00f3mico. Adem\u00e1s, imparti\u00f3 el 8 de mayo de 2025 el seminario titulado: \u201cUn modelo macroecon\u00f3mico para el siglo XXI\u201d.<\/p>\n<\/div>\n<\/div>\n<div><\/div>\n<p>[\/vc_column_text][vc_empty_space height=\u00bb15px\u00bb][\/vc_column][\/vc_row][vc_row][vc_column][vc_empty_space][\/vc_column][\/vc_row][vc_row full_width=\u00bbstretch_row\u00bb gap=\u00bb1&#8243; equal_height=\u00bbyes\u00bb][vc_column css_animation=\u00bbfadeInLeft\u00bb width=\u00bb1\/3&#8243; css=\u00bb.vc_custom_1581084709591{padding-bottom: 7% !important;background-color: #eaeaea !important;}\u00bb][vc_column_text css_animation=\u00bbnone\u00bb]<\/p>\n<h3>26 de marzo de 2025<\/h3>\n<h2 class=\"tribe-events-single-event-title\">Hac\u00eda una movilidad sostenible en Tenerife: Conclusiones y Propuestas desde el Modelo de Smart City<\/h2>\n<p>[\/vc_column_text][\/vc_column][vc_column css_animation=\u00bbfadeInRight\u00bb width=\u00bb2\/3&#8243; css=\u00bb.vc_custom_1581084489854{background-color: #eaeaea !important;}\u00bb][vc_column_text]<\/p>\n<div>\n<div dir=\"auto\">La C\u00e1tedra de Econom\u00eda y Movilidad CajaCanarias-Universidad de La Laguna organiz\u00f3 el\u00a0 w6 de marzo, en la Sal\u00f3n de Grados de la Facultad de Econom\u00eda, Empresa y Turismo, la conferencia titulada: \u00abHac\u00eda una movilidad Sostenible en Tenerife: Conclusiones y Propuestas desde el Modelo de Smart City\u00bb impartida por el Dr. D. Florentino de Guzm\u00e1n Plasencia Medina.<\/div>\n<\/div>\n<div><\/div>\n<p>[\/vc_column_text][vc_empty_space height=\u00bb15px\u00bb][vc_btn title=\u00bbPresentaci\u00f3n\u00bb size=\u00bblg\u00bb align=\u00bbleft\u00bb button_block=\u00bbtrue\u00bb el_class=\u00bbboton-marcha\u00bb link=\u00bburl:https%3A%2F%2Fdrive.google.com%2Ffile%2Fd%2F1UC8VIQOmSSA9wVBJ1pyfAk7rCCKl9pe3%2Fview%3Fusp%3Dsharing|target:_blank\u00bb][\/vc_column][\/vc_row][vc_row][vc_column][vc_empty_space][\/vc_column][\/vc_row][vc_row full_width=\u00bbstretch_row\u00bb gap=\u00bb1&#8243; equal_height=\u00bbyes\u00bb][vc_column css_animation=\u00bbfadeInLeft\u00bb width=\u00bb1\/3&#8243; css=\u00bb.vc_custom_1581084709591{padding-bottom: 7% !important;background-color: #eaeaea !important;}\u00bb][vc_column_text css_animation=\u00bbnone\u00bb]<\/p>\n<h3>21 de marzo de 2025<\/h3>\n<h2 class=\"tribe-events-single-event-title\">Perspectiva econ\u00f3mica 2025<\/h2>\n<p>[\/vc_column_text][\/vc_column][vc_column css_animation=\u00bbfadeInRight\u00bb width=\u00bb2\/3&#8243; css=\u00bb.vc_custom_1581084489854{background-color: #eaeaea !important;}\u00bb][vc_column_text]<\/p>\n<div>\n<div dir=\"auto\">\n<p>La C\u00e1tedra de Econom\u00eda y Movilidad CajaCanarias Universidad de La Laguna organiz\u00f3 el\u00a0 21 de marzo, en el Sal\u00f3n de Grados de la Facultad de Econom\u00eda, Empresa y Turismo, la Conferencia: \u2018Perspectiva econ\u00f3mica 2025\u2019, que fue impartida por el Dr. D. David Cova.<\/p>\n<p>D. David Cova es Doctor en Econom\u00eda, ha sido profesor en la Facultad de Econom\u00eda de la Universidad de La Laguna y cuenta con una dilatada trayectoria como responsable de CajaCanarias, donde fue director general. Tambi\u00e9n ha sido Delegado General en la Direcci\u00f3n Territorial de Canarias en CaixaBank y miembro del Consejo Directivo de la Asociaci\u00f3n Espa\u00f1ola de Directivos en Canarias.<\/p>\n<\/div>\n<\/div>\n<div><\/div>\n<p>[\/vc_column_text][vc_empty_space height=\u00bb15px\u00bb][vc_btn title=\u00bbPresentaci\u00f3n\u00bb size=\u00bblg\u00bb align=\u00bbleft\u00bb button_block=\u00bbtrue\u00bb el_class=\u00bbboton-marcha\u00bb link=\u00bburl:https%3A%2F%2Fdrive.google.com%2Ffile%2Fd%2F1MFtUfBjHRuTnQ5GGnWv0lI3QUSn3ooIm%2Fview%3Fusp%3Dsharing|target:_blank\u00bb][\/vc_column][\/vc_row][vc_row][vc_column][vc_empty_space][\/vc_column][\/vc_row][vc_row full_width=\u00bbstretch_row\u00bb gap=\u00bb1&#8243; equal_height=\u00bbyes\u00bb][vc_column css_animation=\u00bbfadeInLeft\u00bb width=\u00bb1\/3&#8243; css=\u00bb.vc_custom_1581084709591{padding-bottom: 7% !important;background-color: #eaeaea !important;}\u00bb][vc_column_text css_animation=\u00bbnone\u00bb]<\/p>\n<h3>14 de febrero de 2025<\/h3>\n<h2 class=\"tribe-events-single-event-title\">Dise\u00f1o de redes de transporte p\u00fablico<\/h2>\n<p>[\/vc_column_text][\/vc_column][vc_column css_animation=\u00bbfadeInRight\u00bb width=\u00bb2\/3&#8243; css=\u00bb.vc_custom_1581084489854{background-color: #eaeaea !important;}\u00bb][vc_column_text]<\/p>\n<div>\n<div dir=\"auto\">El Instituto Universitario de Desarrollo Regional de la Universidad de La Laguna y la C\u00e1tedra de Econom\u00eda y Movilidad CajaCanarias-Universidad de La Laguna organizaron la conferencia: \u00abDise\u00f1o de redes de transporte p\u00fablico\u00bb, impartida por el profesor e investigador honorario del Instituto de Matem\u00e1ticas de la Universidad de Sevilla, Dr. D. Juan Antonio Mesa L\u00f3pez-Colmenar. Este evento tuvo lugar el viernes 14 de febrero a las 12:00 h en la Sala Leonor Hern\u00e1ndez Benitez de la Facultad de Econom\u00eda, Empresa y Turismo.<\/div>\n<\/div>\n<div><\/div>\n<p>[\/vc_column_text][vc_empty_space height=\u00bb15px\u00bb][vc_btn title=\u00bbPresentaci\u00f3n\u00bb size=\u00bblg\u00bb align=\u00bbleft\u00bb button_block=\u00bbtrue\u00bb el_class=\u00bbboton-marcha\u00bb link=\u00bburl:https%3A%2F%2Fdrive.google.com%2Ffile%2Fd%2F1R14sS_B9JrTTcnLRb-gwHFksK0pS_POJ%2Fview%3Fusp%3Dsharing|target:_blank\u00bb][\/vc_column][\/vc_row][vc_row][vc_column][vc_empty_space][\/vc_column][\/vc_row][vc_row][vc_column][\/vc_column][\/vc_row]<\/p>\n","protected":false},"excerpt":{"rendered":"<p>[vc_row][vc_column css=\u00bb.vc_custom_1594731351291{padding-bottom: 20px !important;}\u00bb][vc_column_text] Actividades 2025 [\/vc_column_text][\/vc_column][\/vc_row][vc_row][vc_column][vc_empty_space][\/vc_column][\/vc_row][vc_row full_width=\u00bbstretch_row\u00bb gap=\u00bb1&#8243; equal_height=\u00bbyes\u00bb][vc_column css_animation=\u00bbfadeInLeft\u00bb width=\u00bb1\/3&#8243; css=\u00bb.vc_custom_1581084709591{padding-bottom: 7% !important;background-color: #eaeaea !important;}\u00bb][vc_column_text css_animation=\u00bbnone\u00bb] 26 de noviembre de 2025 Seminario \u00abInvestigaci\u00f3n en transporte sostenible\u00bb [\/vc_column_text][\/vc_column][vc_column css_animation=\u00bbfadeInRight\u00bb width=\u00bb2\/3&#8243; css=\u00bb.vc_custom_1581084489854{background-color: #eaeaea !important;}\u00bb][vc_column_text] La C\u00e1tedra de Econom\u00eda y Movilidad CajaCanarias de la Universidad de La Laguna organiz\u00f3 el 26 de noviembre de 2025\u00a0 un&#8230;<\/p>\n","protected":false},"author":3,"featured_media":0,"parent":0,"menu_order":0,"comment_status":"closed","ping_status":"closed","template":"","meta":[],"_links":{"self":[{"href":"https:\/\/www.ull.es\/catedras\/catedra-economia-movilidad-cajacanarias\/wp-json\/wp\/v2\/pages\/510"}],"collection":[{"href":"https:\/\/www.ull.es\/catedras\/catedra-economia-movilidad-cajacanarias\/wp-json\/wp\/v2\/pages"}],"about":[{"href":"https:\/\/www.ull.es\/catedras\/catedra-economia-movilidad-cajacanarias\/wp-json\/wp\/v2\/types\/page"}],"author":[{"embeddable":true,"href":"https:\/\/www.ull.es\/catedras\/catedra-economia-movilidad-cajacanarias\/wp-json\/wp\/v2\/users\/3"}],"replies":[{"embeddable":true,"href":"https:\/\/www.ull.es\/catedras\/catedra-economia-movilidad-cajacanarias\/wp-json\/wp\/v2\/comments?post=510"}],"version-history":[{"count":22,"href":"https:\/\/www.ull.es\/catedras\/catedra-economia-movilidad-cajacanarias\/wp-json\/wp\/v2\/pages\/510\/revisions"}],"predecessor-version":[{"id":575,"href":"https:\/\/www.ull.es\/catedras\/catedra-economia-movilidad-cajacanarias\/wp-json\/wp\/v2\/pages\/510\/revisions\/575"}],"wp:attachment":[{"href":"https:\/\/www.ull.es\/catedras\/catedra-economia-movilidad-cajacanarias\/wp-json\/wp\/v2\/media?parent=510"}],"curies":[{"name":"wp","href":"https:\/\/api.w.org\/{rel}","templated":true}]}}