{"id":601,"date":"2026-04-13T07:37:29","date_gmt":"2026-04-13T07:37:29","guid":{"rendered":"https:\/\/www.ull.es\/catedras\/catedra-economia-movilidad-cajacanarias\/?page_id=601"},"modified":"2026-04-13T07:47:29","modified_gmt":"2026-04-13T07:47:29","slug":"actividades-2026","status":"publish","type":"page","link":"https:\/\/www.ull.es\/catedras\/catedra-economia-movilidad-cajacanarias\/actividades-2026\/","title":{"rendered":"Actividades 2026"},"content":{"rendered":"<p>[vc_row][vc_column css=\u00bb.vc_custom_1594731351291{padding-bottom: 20px !important;}\u00bb][vc_column_text]<\/p>\n<h1 class=\"container ull-site-title-blank\">Actividades 2026<\/h1>\n<p>[\/vc_column_text][\/vc_column][\/vc_row][vc_row][vc_column][vc_empty_space][\/vc_column][\/vc_row][vc_row full_width=\u00bbstretch_row\u00bb gap=\u00bb1&#8243; equal_height=\u00bbyes\u00bb][vc_column css_animation=\u00bbfadeInLeft\u00bb width=\u00bb1\/3&#8243; css=\u00bb.vc_custom_1581084709591{padding-bottom: 7% !important;background-color: #eaeaea !important;}\u00bb][vc_column_text css_animation=\u00bbnone\u00bb]<\/p>\n<h3>10 de abril de 2026<\/h3>\n<h2 class=\"tribe-events-single-event-title\">Seminario \u00abLa econom\u00eda de Canarias: Claves globales y efectos cercanos\u00bb<\/h2>\n<p>[\/vc_column_text][\/vc_column][vc_column css_animation=\u00bbfadeInRight\u00bb width=\u00bb2\/3&#8243; css=\u00bb.vc_custom_1581084489854{background-color: #eaeaea !important;}\u00bb][vc_column_text]<\/p>\n<div>\n<div dir=\"auto\">\n<p>\u00abLa econom\u00eda de Canarias: Claves globales y efectos cercanos\u00bb\u00a0 impartida por Jos\u00e9 Miguel Gonz\u00e1lez, director de Consultor\u00eda y Gesti\u00f3n Comercial de Corporaci\u00f3n 5. Licenciado en Ciencias Econ\u00f3micas y Empresariales. Este seminario tambi\u00e9n fue ofrecido como actividad formativa para los alumnos del grado en Econom\u00eda de la asignatura de macroeconom\u00eda I.<\/p>\n<div><\/div>\n<\/div>\n<\/div>\n<div><\/div>\n<p>[\/vc_column_text][vc_empty_space height=\u00bb15px\u00bb][vc_btn title=\u00bbPresentaci\u00f3n de Jos\u00e9 Miguel Gonz\u00e1lez\u00bb size=\u00bblg\u00bb align=\u00bbleft\u00bb button_block=\u00bbtrue\u00bb el_class=\u00bbboton-marcha\u00bb link=\u00bburl:https%3A%2F%2Fdocs.google.com%2Fpresentation%2Fd%2F1MsmUW6myTWyZmZnCiFFFzyg-Cp-blSTQ%2Fedit%3Fusp%3Dsharing%26ouid%3D117431771520648191477%26rtpof%3Dtrue%26sd%3Dtrue|target:_blank\u00bb][vc_empty_space height=\u00bb15px\u00bb][vc_gallery interval=\u00bb3&#8243; images=\u00bb603,604&#8243; img_size=\u00bb300&#215;200&#8243;][\/vc_column][\/vc_row][vc_row][vc_column][vc_empty_space][\/vc_column][\/vc_row][vc_row full_width=\u00bbstretch_row\u00bb gap=\u00bb1&#8243; equal_height=\u00bbyes\u00bb][vc_column css_animation=\u00bbfadeInLeft\u00bb width=\u00bb1\/3&#8243; css=\u00bb.vc_custom_1581084709591{padding-bottom: 7% !important;background-color: #eaeaea !important;}\u00bb][vc_column_text css_animation=\u00bbnone\u00bb]<\/p>\n<h3>Del 2 al 4 de marzo de 2026<\/h3>\n<h2 class=\"tribe-events-single-event-title\">Curso para j\u00f3venes investigadores<\/h2>\n<p>[\/vc_column_text][\/vc_column][vc_column css_animation=\u00bbfadeInRight\u00bb width=\u00bb2\/3&#8243; css=\u00bb.vc_custom_1581084489854{background-color: #eaeaea !important;}\u00bb][vc_column_text]<\/p>\n<div>\n<div dir=\"auto\">\n<p id=\"m_-7988076204957236303m_4098649501136156371docs-internal-guid-5d547846-7fff-6f9b-232b-a3d75383d64b\" dir=\"ltr\">La C\u00e1tedra de Econom\u00eda y Movilidad CajaCanarias-Cabildo de Tenerife de la ULL, junto con el instituto Universitario de Desarrollo Regional, ha organizado un curso durante los d\u00edas del 2 al 4 de marzo de 2026, dirigido a j\u00f3venes investigadores (doctorandos, alumnos de M\u00e1ster, etc.) con el objetivo de completar su formaci\u00f3n en competencias investigadoras.<\/p>\n<p dir=\"ltr\">Este curso fue\u00a0impartido por el catedr\u00e1tico de la Universidad de Oviedo, Dr. Antonio \u00c1lvarez Pinilla,\u00a0se combinar\u00e1n unas sesiones expositivas con otras actividades donde el estudiante realiza algunas breves tareas y tiene acceso a una interacci\u00f3n directa con el profesor \u00c1lvarez Pinilla.<\/p>\n<div><\/div>\n<\/div>\n<\/div>\n<div><\/div>\n<p>[\/vc_column_text][vc_empty_space height=\u00bb15px\u00bb][vc_gallery interval=\u00bb3&#8243; images=\u00bb609&#8243; img_size=\u00bb300&#215;200&#8243;][\/vc_column][\/vc_row][vc_row][vc_column][vc_empty_space][\/vc_column][\/vc_row][vc_row][vc_column][\/vc_column][\/vc_row]<\/p>\n","protected":false},"excerpt":{"rendered":"<p>[vc_row][vc_column css=\u00bb.vc_custom_1594731351291{padding-bottom: 20px !important;}\u00bb][vc_column_text] Actividades 2026 [\/vc_column_text][\/vc_column][\/vc_row][vc_row][vc_column][vc_empty_space][\/vc_column][\/vc_row][vc_row full_width=\u00bbstretch_row\u00bb gap=\u00bb1&#8243; equal_height=\u00bbyes\u00bb][vc_column css_animation=\u00bbfadeInLeft\u00bb width=\u00bb1\/3&#8243; css=\u00bb.vc_custom_1581084709591{padding-bottom: 7% !important;background-color: #eaeaea !important;}\u00bb][vc_column_text css_animation=\u00bbnone\u00bb] 10 de abril de 2026 Seminario \u00abLa econom\u00eda de Canarias: Claves globales y efectos cercanos\u00bb [\/vc_column_text][\/vc_column][vc_column css_animation=\u00bbfadeInRight\u00bb width=\u00bb2\/3&#8243; css=\u00bb.vc_custom_1581084489854{background-color: #eaeaea !important;}\u00bb][vc_column_text] \u00abLa econom\u00eda de Canarias: Claves globales y efectos cercanos\u00bb\u00a0 impartida por Jos\u00e9 Miguel Gonz\u00e1lez, director de&#8230;<\/p>\n","protected":false},"author":3,"featured_media":0,"parent":0,"menu_order":0,"comment_status":"closed","ping_status":"closed","template":"templates\/template-frontpage.php","meta":[],"_links":{"self":[{"href":"https:\/\/www.ull.es\/catedras\/catedra-economia-movilidad-cajacanarias\/wp-json\/wp\/v2\/pages\/601"}],"collection":[{"href":"https:\/\/www.ull.es\/catedras\/catedra-economia-movilidad-cajacanarias\/wp-json\/wp\/v2\/pages"}],"about":[{"href":"https:\/\/www.ull.es\/catedras\/catedra-economia-movilidad-cajacanarias\/wp-json\/wp\/v2\/types\/page"}],"author":[{"embeddable":true,"href":"https:\/\/www.ull.es\/catedras\/catedra-economia-movilidad-cajacanarias\/wp-json\/wp\/v2\/users\/3"}],"replies":[{"embeddable":true,"href":"https:\/\/www.ull.es\/catedras\/catedra-economia-movilidad-cajacanarias\/wp-json\/wp\/v2\/comments?post=601"}],"version-history":[{"count":5,"href":"https:\/\/www.ull.es\/catedras\/catedra-economia-movilidad-cajacanarias\/wp-json\/wp\/v2\/pages\/601\/revisions"}],"predecessor-version":[{"id":610,"href":"https:\/\/www.ull.es\/catedras\/catedra-economia-movilidad-cajacanarias\/wp-json\/wp\/v2\/pages\/601\/revisions\/610"}],"wp:attachment":[{"href":"https:\/\/www.ull.es\/catedras\/catedra-economia-movilidad-cajacanarias\/wp-json\/wp\/v2\/media?parent=601"}],"curies":[{"name":"wp","href":"https:\/\/api.w.org\/{rel}","templated":true}]}}