{"id":152,"date":"2021-08-11T12:46:28","date_gmt":"2021-08-11T12:46:28","guid":{"rendered":"https:\/\/www.ull.es\/catedras\/catedra-edosoft-computacion-nube\/?page_id=152"},"modified":"2021-09-30T07:58:20","modified_gmt":"2021-09-30T07:58:20","slug":"apoyo","status":"publish","type":"page","link":"https:\/\/www.ull.es\/catedras\/catedra-edosoft-computacion-nube\/apoyo\/","title":{"rendered":"Apoyo"},"content":{"rendered":"<p>[vc_row full_width=\u00bbstretch_row_content\u00bb css=\u00bb.vc_custom_1628678915703{padding-right: 5% !important;padding-left: 5% !important;background-color: #d6efff !important;}\u00bb][vc_column][vc_custom_heading text=\u00bbFormaci\u00f3n &#8211; Apoyo al Grado Ingenier\u00eda Inform\u00e1tica\u00bb font_container=\u00bbtag:h2|text_align:left|color:%231f0354&#8243; use_theme_fonts=\u00bbyes\u00bb][vc_column_text][\/vc_column_text][vc_empty_space height=\u00bb80px\u00bb][vc_row_inner equal_height=\u00bbyes\u00bb][vc_column_inner width=\u00bb1\/2&#8243;][vc_column_text]Uno de los objetivos de la C\u00e1tedra Edosoft de Computaci\u00f3n en la Nube e Inteligencia Artificial en materia de formaci\u00f3n es la de servir como apoyo a los Grados y M\u00e1steres de la Universidad de la Laguna relacionados con las tecnolog\u00edas,<\/p>\n<p>Estos Grados y M\u00e1steres engloban asignaturas que guardan relaci\u00f3n directa o indirecta con las \u00e1reas de la C\u00e1tedra, especialmente, aunque no los \u00fanicos, los M\u00e1steres en \u00ab<a href=\"https:\/\/www.ull.es\/masteres\/ingenieria-informatica\/\" target=\"_blank\" rel=\"noopener\" target=\"_blank\" rel=\"noopener\">Full Stack (Ingenier\u00eda Inform\u00e1tica)<\/a>\u00bb y \u00ab<a href=\"https:\/\/www.ull.es\/masteres\/ciberseguridad-inteligencia-datos\/\" target=\"_blank\" rel=\"noopener\" target=\"_blank\" rel=\"noopener\">Ciberseguridad e Inteligencia de Datos<\/a>\u00ab.<\/p>\n<p>Adem\u00e1s, la C\u00e1tedra contempla actividades formativas tales como masterclasses, talleres pr\u00e1cticos, concursos y l\u00edneas de investigaci\u00f3n exclusivos para el alumnado del Grado.[\/vc_column_text][\/vc_column_inner][vc_column_inner width=\u00bb1\/2&#8243; css=\u00bb.vc_custom_1631523396837{background-image: url(https:\/\/www.ull.es\/catedras\/catedra-edosoft-computacion-nube\/wp-content\/uploads\/sites\/14\/2021\/08\/Group-52.png?id=154) !important;background-position: center !important;background-repeat: no-repeat !important;background-size: contain !important;}\u00bb][\/vc_column_inner][\/vc_row_inner][vc_empty_space height=\u00bb50px\u00bb][\/vc_column][\/vc_row]<\/p>\n","protected":false},"excerpt":{"rendered":"<p>[vc_row full_width=\u00bbstretch_row_content\u00bb css=\u00bb.vc_custom_1628678915703{padding-right: 5% !important;padding-left: 5% !important;background-color: #d6efff !important;}\u00bb][vc_column][vc_custom_heading text=\u00bbFormaci\u00f3n &#8211; Apoyo al Grado Ingenier\u00eda Inform\u00e1tica\u00bb font_container=\u00bbtag:h2|text_align:left|color:%231f0354&#8243; use_theme_fonts=\u00bbyes\u00bb][vc_column_text][\/vc_column_text][vc_empty_space height=\u00bb80px\u00bb][vc_row_inner equal_height=\u00bbyes\u00bb][vc_column_inner width=\u00bb1\/2&#8243;][vc_column_text]Uno de los objetivos de la C\u00e1tedra Edosoft de Computaci\u00f3n en la Nube e Inteligencia Artificial en materia de formaci\u00f3n es la de servir como apoyo a los Grados y M\u00e1steres de la Universidad de&#8230;<\/p>\n","protected":false},"author":5,"featured_media":0,"parent":0,"menu_order":0,"comment_status":"closed","ping_status":"closed","template":"templates\/template-frontpage.php","meta":[],"_links":{"self":[{"href":"https:\/\/www.ull.es\/catedras\/catedra-edosoft-computacion-nube\/wp-json\/wp\/v2\/pages\/152"}],"collection":[{"href":"https:\/\/www.ull.es\/catedras\/catedra-edosoft-computacion-nube\/wp-json\/wp\/v2\/pages"}],"about":[{"href":"https:\/\/www.ull.es\/catedras\/catedra-edosoft-computacion-nube\/wp-json\/wp\/v2\/types\/page"}],"author":[{"embeddable":true,"href":"https:\/\/www.ull.es\/catedras\/catedra-edosoft-computacion-nube\/wp-json\/wp\/v2\/users\/5"}],"replies":[{"embeddable":true,"href":"https:\/\/www.ull.es\/catedras\/catedra-edosoft-computacion-nube\/wp-json\/wp\/v2\/comments?post=152"}],"version-history":[{"count":8,"href":"https:\/\/www.ull.es\/catedras\/catedra-edosoft-computacion-nube\/wp-json\/wp\/v2\/pages\/152\/revisions"}],"predecessor-version":[{"id":445,"href":"https:\/\/www.ull.es\/catedras\/catedra-edosoft-computacion-nube\/wp-json\/wp\/v2\/pages\/152\/revisions\/445"}],"wp:attachment":[{"href":"https:\/\/www.ull.es\/catedras\/catedra-edosoft-computacion-nube\/wp-json\/wp\/v2\/media?parent=152"}],"curies":[{"name":"wp","href":"https:\/\/api.w.org\/{rel}","templated":true}]}}