{"id":32,"date":"2021-08-10T10:55:03","date_gmt":"2021-08-10T10:55:03","guid":{"rendered":"https:\/\/www.ull.es\/catedras\/catedra-edosoft-computacion-nube\/?page_id=32"},"modified":"2021-09-30T07:53:22","modified_gmt":"2021-09-30T07:53:22","slug":"computacion-en-la-nube","status":"publish","type":"page","link":"https:\/\/www.ull.es\/catedras\/catedra-edosoft-computacion-nube\/computacion-en-la-nube\/","title":{"rendered":"Computaci\u00f3n en la nube"},"content":{"rendered":"<p>[vc_row full_width=\u00bbstretch_row_content\u00bb css=\u00bb.vc_custom_1628673922503{background: #e9e6ee url(https:\/\/www.ull.es\/catedras\/catedra-edosoft-computacion-nube\/wp-content\/uploads\/sites\/14\/2021\/08\/cuadrado.png?id=67) !important;background-position: center !important;background-repeat: no-repeat !important;background-size: cover !important;}\u00bb][vc_column css=\u00bb.vc_custom_1628595306323{background-position: 0 0 !important;background-repeat: no-repeat !important;}\u00bb][vc_row_inner css=\u00bb.vc_custom_1628673999976{padding-top: 5% !important;padding-right: 10% !important;padding-left: 10% !important;background-position: 0 0 !important;background-repeat: no-repeat !important;}\u00bb][vc_column_inner el_class=\u00bbfondo-blanco\u00bb width=\u00bb2\/3&#8243; css=\u00bb.vc_custom_1628595445463{background-color: #ffffff !important;}\u00bb][vc_column_text]<span style=\"color: #535fe9; font-size: 24px;\">Conociendo<\/span>[\/vc_column_text][vc_custom_heading text=\u00bbLa computaci\u00f3n en la nube\u00bb font_container=\u00bbtag:h2|text_align:left|color:%231f0354&#8243; use_theme_fonts=\u00bbyes\u00bb][vc_column_text]La computaci\u00f3n en la nube (Cloud Computing en ingl\u00e9s) es un modelo de computaci\u00f3n que permite acceder remotamente, desde cualquier lugar, en cualquier momento y a trav\u00e9s de cualquier dispositivo a servidores, redes, almacenamiento, herramientas de desarrollo y aplicaciones, sin la necesidad de conectarse a un ordenador personal o a un servidor local.<\/p>\n<p>La Nube permite que empresas e instituciones no requieran de grandes inversiones para comprar servidores o equipos inform\u00e1ticos, evitando los costes de mantenimiento y creando un entorno m\u00e1s seguro para su ecosistema de informaci\u00f3n, herramientas y aplicaciones. En un modelo tradicional, las empresas almacenaban todos sus datos y programas en sus propios discos duros y servidores, con las limitaciones en cuanto a seguridad y escalabilidad que ello conlleva.<\/p>\n<p>La computaci\u00f3n en la nube habilita, a d\u00eda de hoy, que cualquier organizaci\u00f3n pueda acelerar sus procesos de innovaci\u00f3n, impulsar sus servicios, agilizar sus operaciones y, adem\u00e1s, abaratar costes.<\/p>\n<p>Seg\u00fan el modelo de despliegue, encontramos diferentes tipos de nube: nube p\u00fablica, nube privada, nube h\u00edbrida y nube m\u00faltiple. Tambi\u00e9n, en funci\u00f3n del servicio, podemos clasificarlas como: SaaS (Software as a Service), PaaS (Platform as a Service) e IaaS (Infrastructure as a Service).[\/vc_column_text][vc_empty_space][\/vc_column_inner][vc_column_inner width=\u00bb1\/3&#8243;][\/vc_column_inner][\/vc_row_inner][\/vc_column][\/vc_row]<\/p>\n","protected":false},"excerpt":{"rendered":"<p>[vc_row full_width=\u00bbstretch_row_content\u00bb css=\u00bb.vc_custom_1628673922503{background: #e9e6ee url(https:\/\/www.ull.es\/catedras\/catedra-edosoft-computacion-nube\/wp-content\/uploads\/sites\/14\/2021\/08\/cuadrado.png?id=67) !important;background-position: center !important;background-repeat: no-repeat !important;background-size: cover !important;}\u00bb][vc_column css=\u00bb.vc_custom_1628595306323{background-position: 0 0 !important;background-repeat: no-repeat !important;}\u00bb][vc_row_inner css=\u00bb.vc_custom_1628673999976{padding-top: 5% !important;padding-right: 10% !important;padding-left: 10% !important;background-position: 0 0 !important;background-repeat: no-repeat !important;}\u00bb][vc_column_inner el_class=\u00bbfondo-blanco\u00bb width=\u00bb2\/3&#8243; css=\u00bb.vc_custom_1628595445463{background-color: #ffffff !important;}\u00bb][vc_column_text]Conociendo[\/vc_column_text][vc_custom_heading text=\u00bbLa computaci\u00f3n en la nube\u00bb font_container=\u00bbtag:h2|text_align:left|color:%231f0354&#8243; use_theme_fonts=\u00bbyes\u00bb][vc_column_text]La computaci\u00f3n en la nube (Cloud Computing en ingl\u00e9s) es un modelo de computaci\u00f3n&#8230;<\/p>\n","protected":false},"author":5,"featured_media":0,"parent":0,"menu_order":0,"comment_status":"closed","ping_status":"closed","template":"templates\/template-frontpage.php","meta":[],"_links":{"self":[{"href":"https:\/\/www.ull.es\/catedras\/catedra-edosoft-computacion-nube\/wp-json\/wp\/v2\/pages\/32"}],"collection":[{"href":"https:\/\/www.ull.es\/catedras\/catedra-edosoft-computacion-nube\/wp-json\/wp\/v2\/pages"}],"about":[{"href":"https:\/\/www.ull.es\/catedras\/catedra-edosoft-computacion-nube\/wp-json\/wp\/v2\/types\/page"}],"author":[{"embeddable":true,"href":"https:\/\/www.ull.es\/catedras\/catedra-edosoft-computacion-nube\/wp-json\/wp\/v2\/users\/5"}],"replies":[{"embeddable":true,"href":"https:\/\/www.ull.es\/catedras\/catedra-edosoft-computacion-nube\/wp-json\/wp\/v2\/comments?post=32"}],"version-history":[{"count":8,"href":"https:\/\/www.ull.es\/catedras\/catedra-edosoft-computacion-nube\/wp-json\/wp\/v2\/pages\/32\/revisions"}],"predecessor-version":[{"id":470,"href":"https:\/\/www.ull.es\/catedras\/catedra-edosoft-computacion-nube\/wp-json\/wp\/v2\/pages\/32\/revisions\/470"}],"wp:attachment":[{"href":"https:\/\/www.ull.es\/catedras\/catedra-edosoft-computacion-nube\/wp-json\/wp\/v2\/media?parent=32"}],"curies":[{"name":"wp","href":"https:\/\/api.w.org\/{rel}","templated":true}]}}