{"id":54,"date":"2021-08-11T09:20:54","date_gmt":"2021-08-11T09:20:54","guid":{"rendered":"https:\/\/www.ull.es\/catedras\/catedra-edosoft-computacion-nube\/?page_id=54"},"modified":"2021-09-30T07:54:41","modified_gmt":"2021-09-30T07:54:41","slug":"inteligencia-artificial","status":"publish","type":"page","link":"https:\/\/www.ull.es\/catedras\/catedra-edosoft-computacion-nube\/inteligencia-artificial\/","title":{"rendered":"Inteligencia Artificial"},"content":{"rendered":"<p>[vc_row full_width=\u00bbstretch_row_content\u00bb css=\u00bb.vc_custom_1628673284143{background: #e9e6ee url(https:\/\/www.ull.es\/catedras\/catedra-edosoft-computacion-nube\/wp-content\/uploads\/sites\/14\/2021\/08\/conociendo-ai.png?id=59) !important;background-position: center !important;background-repeat: no-repeat !important;background-size: cover !important;}\u00bb][vc_column css=\u00bb.vc_custom_1628595306323{background-position: 0 0 !important;background-repeat: no-repeat !important;}\u00bb][vc_row_inner css=\u00bb.vc_custom_1628673258767{background-position: 0 0 !important;background-repeat: no-repeat !important;}\u00bb][vc_column_inner width=\u00bb1\/2&#8243;][\/vc_column_inner][vc_column_inner el_class=\u00bbfondo-blanco\u00bb width=\u00bb1\/2&#8243; css=\u00bb.vc_custom_1628673326395{background-color: #ffffff !important;}\u00bb][vc_column_text]Conociendo[\/vc_column_text][vc_custom_heading text=\u00bbInteligencia artificial\u00bb font_container=\u00bbtag:h2|text_align:left|color:%231f0354&#8243; use_theme_fonts=\u00bbyes\u00bb][vc_column_text]Una definici\u00f3n muy gen\u00e9rica de Inteligencia Artificial (IA) ser\u00eda que es la combinaci\u00f3n de algoritmos planteados con el prop\u00f3sito de crear software que presente las mismas capacidades de razonamiento que el ser humano. No obstante, atendiendo a la diferenciaci\u00f3n que establec\u00edan los expertos en ciencias de la computaci\u00f3n Stuart Russell y Peter Norvig tenemos cuatro tipos: sistemas que piensan como humanos, sistemas que act\u00faan como humanos, sistemas que usan la l\u00f3gica racional y sistemas que act\u00faan racionalmente.<\/p>\n<p>La Inteligencia Artificial est\u00e1 presente en much\u00edsimos elementos que utilizamos a diario: el sistema de detecci\u00f3n facial de nuestros smartphones, los asistentes virtuales como Alexa o Siri, el texto predictivo que usan las herramientas de Google Workspace o las recomendaciones de productos de Amazon son algunos ejemplos.<\/p>\n<p>La gran diferencia entre un programa inform\u00e1tico cualquiera y la IA es que esta \u00faltima no depende de recibir \u00f3rdenes para funcionar. Es ella la que genera resultados seg\u00fan los datos de los que dispone. La Inteligencia Artificial engloba otros conceptos profundos y complejos, pero que debes, como m\u00ednimo conocer. Hablamos de sistemas expertos, aprendizaje autom\u00e1tico (Machine Learning), aprendizaje profundo (Deep Learning) o las redes neuronales.[\/vc_column_text][vc_empty_space][\/vc_column_inner][\/vc_row_inner][\/vc_column][\/vc_row]<\/p>\n","protected":false},"excerpt":{"rendered":"<p>[vc_row full_width=\u00bbstretch_row_content\u00bb css=\u00bb.vc_custom_1628673284143{background: #e9e6ee url(https:\/\/www.ull.es\/catedras\/catedra-edosoft-computacion-nube\/wp-content\/uploads\/sites\/14\/2021\/08\/conociendo-ai.png?id=59) !important;background-position: center !important;background-repeat: no-repeat !important;background-size: cover !important;}\u00bb][vc_column css=\u00bb.vc_custom_1628595306323{background-position: 0 0 !important;background-repeat: no-repeat !important;}\u00bb][vc_row_inner css=\u00bb.vc_custom_1628673258767{background-position: 0 0 !important;background-repeat: no-repeat !important;}\u00bb][vc_column_inner width=\u00bb1\/2&#8243;][\/vc_column_inner][vc_column_inner el_class=\u00bbfondo-blanco\u00bb width=\u00bb1\/2&#8243; css=\u00bb.vc_custom_1628673326395{background-color: #ffffff !important;}\u00bb][vc_column_text]Conociendo[\/vc_column_text][vc_custom_heading text=\u00bbInteligencia artificial\u00bb font_container=\u00bbtag:h2|text_align:left|color:%231f0354&#8243; use_theme_fonts=\u00bbyes\u00bb][vc_column_text]Una definici\u00f3n muy gen\u00e9rica de Inteligencia Artificial (IA) ser\u00eda que es la combinaci\u00f3n de algoritmos planteados con el prop\u00f3sito de crear software&#8230;<\/p>\n","protected":false},"author":5,"featured_media":0,"parent":0,"menu_order":0,"comment_status":"closed","ping_status":"closed","template":"templates\/template-frontpage.php","meta":[],"_links":{"self":[{"href":"https:\/\/www.ull.es\/catedras\/catedra-edosoft-computacion-nube\/wp-json\/wp\/v2\/pages\/54"}],"collection":[{"href":"https:\/\/www.ull.es\/catedras\/catedra-edosoft-computacion-nube\/wp-json\/wp\/v2\/pages"}],"about":[{"href":"https:\/\/www.ull.es\/catedras\/catedra-edosoft-computacion-nube\/wp-json\/wp\/v2\/types\/page"}],"author":[{"embeddable":true,"href":"https:\/\/www.ull.es\/catedras\/catedra-edosoft-computacion-nube\/wp-json\/wp\/v2\/users\/5"}],"replies":[{"embeddable":true,"href":"https:\/\/www.ull.es\/catedras\/catedra-edosoft-computacion-nube\/wp-json\/wp\/v2\/comments?post=54"}],"version-history":[{"count":11,"href":"https:\/\/www.ull.es\/catedras\/catedra-edosoft-computacion-nube\/wp-json\/wp\/v2\/pages\/54\/revisions"}],"predecessor-version":[{"id":391,"href":"https:\/\/www.ull.es\/catedras\/catedra-edosoft-computacion-nube\/wp-json\/wp\/v2\/pages\/54\/revisions\/391"}],"wp:attachment":[{"href":"https:\/\/www.ull.es\/catedras\/catedra-edosoft-computacion-nube\/wp-json\/wp\/v2\/media?parent=54"}],"curies":[{"name":"wp","href":"https:\/\/api.w.org\/{rel}","templated":true}]}}