{"id":81,"date":"2022-12-07T08:15:59","date_gmt":"2022-12-07T08:15:59","guid":{"rendered":"https:\/\/www.ull.es\/catedras\/catedra-energias-renovables\/?page_id=81"},"modified":"2023-01-10T12:11:45","modified_gmt":"2023-01-10T12:11:45","slug":"la-catedra","status":"publish","type":"page","link":"https:\/\/www.ull.es\/catedras\/catedra-energias-renovables\/la-catedra\/","title":{"rendered":"La c\u00e1tedra"},"content":{"rendered":"\t\t<div data-elementor-type=\"wp-page\" data-elementor-id=\"81\" class=\"elementor elementor-81\">\n\t\t\t\t\t\t\t\t\t<section class=\"elementor-section elementor-top-section elementor-element elementor-element-dc172bb elementor-section-boxed elementor-section-height-default elementor-section-height-default\" data-id=\"dc172bb\" data-element_type=\"section\" data-settings=\"{&quot;background_background&quot;:&quot;classic&quot;}\">\n\t\t\t\t\t\t<div class=\"elementor-container elementor-column-gap-default\">\n\t\t\t\t\t<div class=\"elementor-column elementor-col-100 elementor-top-column elementor-element elementor-element-3421e5d\" data-id=\"3421e5d\" data-element_type=\"column\">\n\t\t\t<div class=\"elementor-widget-wrap elementor-element-populated\">\n\t\t\t\t\t\t\t\t<div class=\"elementor-element elementor-element-51e3575 elementor-widget elementor-widget-heading\" data-id=\"51e3575\" data-element_type=\"widget\" data-widget_type=\"heading.default\">\n\t\t\t\t<div class=\"elementor-widget-container\">\n\t\t\t<style>\/*! elementor - v3.10.1 - 17-01-2023 *\/\n.elementor-heading-title{padding:0;margin:0;line-height:1}.elementor-widget-heading .elementor-heading-title[class*=elementor-size-]>a{color:inherit;font-size:inherit;line-height:inherit}.elementor-widget-heading .elementor-heading-title.elementor-size-small{font-size:15px}.elementor-widget-heading .elementor-heading-title.elementor-size-medium{font-size:19px}.elementor-widget-heading .elementor-heading-title.elementor-size-large{font-size:29px}.elementor-widget-heading .elementor-heading-title.elementor-size-xl{font-size:39px}.elementor-widget-heading .elementor-heading-title.elementor-size-xxl{font-size:59px}<\/style><h2 class=\"elementor-heading-title elementor-size-default\">Objetivos y l\u00edneas de actividad <\/h2>\t\t<\/div>\n\t\t\t\t<\/div>\n\t\t\t\t\t<\/div>\n\t\t<\/div>\n\t\t\t\t\t\t\t<\/div>\n\t\t<\/section>\n\t\t\t\t<section class=\"elementor-section elementor-top-section elementor-element elementor-element-3f70e10 elementor-reverse-mobile elementor-section-boxed elementor-section-height-default elementor-section-height-default\" data-id=\"3f70e10\" data-element_type=\"section\">\n\t\t\t\t\t\t<div class=\"elementor-container elementor-column-gap-default\">\n\t\t\t\t\t<div class=\"elementor-column elementor-col-50 elementor-top-column elementor-element elementor-element-3fe2c12\" data-id=\"3fe2c12\" data-element_type=\"column\">\n\t\t\t<div class=\"elementor-widget-wrap elementor-element-populated\">\n\t\t\t\t\t\t\t\t<div class=\"elementor-element elementor-element-1903838 elementor-widget elementor-widget-heading\" data-id=\"1903838\" data-element_type=\"widget\" data-widget_type=\"heading.default\">\n\t\t\t\t<div class=\"elementor-widget-container\">\n\t\t\t<p class=\"elementor-heading-title elementor-size-default\">La C\u00e1tedra de Energ\u00edas Renovables DISA -OW- Universidad de La Laguna se crea en 2022. Las empresas DISA RENOVABLES, S.L. y OW OFFSHORE, S.L. establecen el inter\u00e9s de colaborar con la Universidad de la Laguna  en actividades de inter\u00e9s general entre las que se encuentran la realizaci\u00f3n de acciones de formaci\u00f3n, investigaci\u00f3n y desarrollo, divulgaci\u00f3n cient\u00edfica y transferencia tecnol\u00f3gica. \n<\/p>\t\t<\/div>\n\t\t\t\t<\/div>\n\t\t\t\t<div class=\"elementor-element elementor-element-50cbc9c elementor-widget elementor-widget-image\" data-id=\"50cbc9c\" data-element_type=\"widget\" data-widget_type=\"image.default\">\n\t\t\t\t<div class=\"elementor-widget-container\">\n\t\t\t<style>\/*! elementor - v3.10.1 - 17-01-2023 *\/\n.elementor-widget-image{text-align:center}.elementor-widget-image a{display:inline-block}.elementor-widget-image a img[src$=\".svg\"]{width:48px}.elementor-widget-image img{vertical-align:middle;display:inline-block}<\/style>\t\t\t\t\t\t\t\t\t\t\t\t<img width=\"1024\" height=\"682\" src=\"https:\/\/www.ull.es\/catedras\/catedra-energias-renovables\/wp-content\/uploads\/sites\/15\/2022\/12\/pexels-narcisa-aciko-1292464-1024x682.jpg\" class=\"attachment-large size-large wp-image-192\" alt=\"\" loading=\"lazy\" srcset=\"https:\/\/www.ull.es\/catedras\/catedra-energias-renovables\/wp-content\/uploads\/sites\/15\/2022\/12\/pexels-narcisa-aciko-1292464-1024x682.jpg 1024w, https:\/\/www.ull.es\/catedras\/catedra-energias-renovables\/wp-content\/uploads\/sites\/15\/2022\/12\/pexels-narcisa-aciko-1292464-300x200.jpg 300w, https:\/\/www.ull.es\/catedras\/catedra-energias-renovables\/wp-content\/uploads\/sites\/15\/2022\/12\/pexels-narcisa-aciko-1292464-768x512.jpg 768w, https:\/\/www.ull.es\/catedras\/catedra-energias-renovables\/wp-content\/uploads\/sites\/15\/2022\/12\/pexels-narcisa-aciko-1292464-375x250.jpg 375w, https:\/\/www.ull.es\/catedras\/catedra-energias-renovables\/wp-content\/uploads\/sites\/15\/2022\/12\/pexels-narcisa-aciko-1292464-750x500.jpg 750w, https:\/\/www.ull.es\/catedras\/catedra-energias-renovables\/wp-content\/uploads\/sites\/15\/2022\/12\/pexels-narcisa-aciko-1292464-1140x760.jpg 1140w, https:\/\/www.ull.es\/catedras\/catedra-energias-renovables\/wp-content\/uploads\/sites\/15\/2022\/12\/pexels-narcisa-aciko-1292464.jpg 1280w\" sizes=\"(max-width: 1024px) 100vw, 1024px\" \/>\t\t\t\t\t\t\t\t\t\t\t\t\t\t\t<\/div>\n\t\t\t\t<\/div>\n\t\t\t\t\t<\/div>\n\t\t<\/div>\n\t\t\t\t<div class=\"elementor-column elementor-col-50 elementor-top-column elementor-element elementor-element-23d742d\" data-id=\"23d742d\" data-element_type=\"column\">\n\t\t\t<div class=\"elementor-widget-wrap elementor-element-populated\">\n\t\t\t\t\t\t\t\t<div class=\"elementor-element elementor-element-4b7f571 elementor-widget elementor-widget-image\" data-id=\"4b7f571\" data-element_type=\"widget\" data-widget_type=\"image.default\">\n\t\t\t\t<div class=\"elementor-widget-container\">\n\t\t\t\t\t\t\t\t\t\t\t\t\t\t\t<img width=\"1024\" height=\"576\" src=\"https:\/\/www.ull.es\/catedras\/catedra-energias-renovables\/wp-content\/uploads\/sites\/15\/2022\/12\/pexels-pixabay-159397-1024x576.jpg\" class=\"attachment-large size-large wp-image-194\" alt=\"\" loading=\"lazy\" srcset=\"https:\/\/www.ull.es\/catedras\/catedra-energias-renovables\/wp-content\/uploads\/sites\/15\/2022\/12\/pexels-pixabay-159397-1024x576.jpg 1024w, https:\/\/www.ull.es\/catedras\/catedra-energias-renovables\/wp-content\/uploads\/sites\/15\/2022\/12\/pexels-pixabay-159397-300x169.jpg 300w, https:\/\/www.ull.es\/catedras\/catedra-energias-renovables\/wp-content\/uploads\/sites\/15\/2022\/12\/pexels-pixabay-159397-768x432.jpg 768w, https:\/\/www.ull.es\/catedras\/catedra-energias-renovables\/wp-content\/uploads\/sites\/15\/2022\/12\/pexels-pixabay-159397-375x211.jpg 375w, https:\/\/www.ull.es\/catedras\/catedra-energias-renovables\/wp-content\/uploads\/sites\/15\/2022\/12\/pexels-pixabay-159397-750x422.jpg 750w, https:\/\/www.ull.es\/catedras\/catedra-energias-renovables\/wp-content\/uploads\/sites\/15\/2022\/12\/pexels-pixabay-159397-1140x641.jpg 1140w, https:\/\/www.ull.es\/catedras\/catedra-energias-renovables\/wp-content\/uploads\/sites\/15\/2022\/12\/pexels-pixabay-159397.jpg 1280w\" sizes=\"(max-width: 1024px) 100vw, 1024px\" \/>\t\t\t\t\t\t\t\t\t\t\t\t\t\t\t<\/div>\n\t\t\t\t<\/div>\n\t\t\t\t<div class=\"elementor-element elementor-element-744f0bb elementor-widget elementor-widget-heading\" data-id=\"744f0bb\" data-element_type=\"widget\" data-widget_type=\"heading.default\">\n\t\t\t\t<div class=\"elementor-widget-container\">\n\t\t\t<p class=\"elementor-heading-title elementor-size-default\">\nLa C\u00e1tedra tiene inter\u00e9s en desarrollar proyectos y programas conjuntos con el sector privado en materia de formaci\u00f3n, investigaci\u00f3n y fomento del conocimiento en el \u00e1mbito de las energ\u00edas renovables que puedan tener una repercusi\u00f3n en la Comunidad Aut\u00f3noma de Canarias. Adem\u00e1s, promover la colaboraci\u00f3n con la Universidad de Las Palmas de Gran Canaria, para establecer un marco coordinado de actuaci\u00f3n de cara a la consecuci\u00f3n de los objetivos de descarbonizaci\u00f3n en el archipi\u00e9lago canario.<\/p>\t\t<\/div>\n\t\t\t\t<\/div>\n\t\t\t\t\t<\/div>\n\t\t<\/div>\n\t\t\t\t\t\t\t<\/div>\n\t\t<\/section>\n\t\t\t\t<section class=\"elementor-section elementor-top-section elementor-element elementor-element-a151c5e elementor-section-boxed elementor-section-height-default elementor-section-height-default\" data-id=\"a151c5e\" data-element_type=\"section\">\n\t\t\t\t\t\t<div class=\"elementor-container elementor-column-gap-default\">\n\t\t\t\t\t<div class=\"elementor-column elementor-col-100 elementor-top-column elementor-element elementor-element-9b365c7\" data-id=\"9b365c7\" data-element_type=\"column\">\n\t\t\t<div class=\"elementor-widget-wrap elementor-element-populated\">\n\t\t\t\t\t\t\t\t<div class=\"elementor-element elementor-element-7815aeb elementor-widget elementor-widget-heading\" data-id=\"7815aeb\" data-element_type=\"widget\" data-widget_type=\"heading.default\">\n\t\t\t\t<div class=\"elementor-widget-container\">\n\t\t\t<h2 class=\"elementor-heading-title elementor-size-default\">Objetivos<\/h2>\t\t<\/div>\n\t\t\t\t<\/div>\n\t\t\t\t\t<\/div>\n\t\t<\/div>\n\t\t\t\t\t\t\t<\/div>\n\t\t<\/section>\n\t\t\t\t<section class=\"elementor-section elementor-top-section elementor-element elementor-element-c444bfe elementor-section-boxed elementor-section-height-default elementor-section-height-default\" data-id=\"c444bfe\" data-element_type=\"section\">\n\t\t\t\t\t\t<div class=\"elementor-container elementor-column-gap-default\">\n\t\t\t\t\t<div class=\"elementor-column elementor-col-100 elementor-top-column elementor-element elementor-element-e79d917\" data-id=\"e79d917\" data-element_type=\"column\">\n\t\t\t<div class=\"elementor-widget-wrap elementor-element-populated\">\n\t\t\t\t\t\t\t\t<div class=\"elementor-element elementor-element-558ab03 elementor-icon-list--layout-traditional elementor-list-item-link-full_width elementor-widget elementor-widget-icon-list\" data-id=\"558ab03\" data-element_type=\"widget\" data-widget_type=\"icon-list.default\">\n\t\t\t\t<div class=\"elementor-widget-container\">\n\t\t\t<link rel=\"stylesheet\" href=\"https:\/\/www.ull.es\/catedras\/catedra-energias-renovables\/wp-content\/plugins\/elementor\/assets\/css\/widget-icon-list.min.css\">\t\t<ul class=\"elementor-icon-list-items\">\n\t\t\t\t\t\t\t<li class=\"elementor-icon-list-item\">\n\t\t\t\t\t\t\t\t\t\t\t<span class=\"elementor-icon-list-icon\">\n\t\t\t\t\t\t\t<i aria-hidden=\"true\" class=\"fas fa-battery-quarter\"><\/i>\t\t\t\t\t\t<\/span>\n\t\t\t\t\t\t\t\t\t\t<span class=\"elementor-icon-list-text\">Impulsar la formaci\u00f3n, divulgaci\u00f3n y realizaci\u00f3n de estudios de investigaci\u00f3n sobre la integraci\u00f3n y gesti\u00f3n de las energ\u00edas renovables en sistemas insulares<\/span>\n\t\t\t\t\t\t\t\t\t<\/li>\n\t\t\t\t\t\t\t\t<li class=\"elementor-icon-list-item\">\n\t\t\t\t\t\t\t\t\t\t\t<span class=\"elementor-icon-list-icon\">\n\t\t\t\t\t\t\t<i aria-hidden=\"true\" class=\"fas fa-battery-half\"><\/i>\t\t\t\t\t\t<\/span>\n\t\t\t\t\t\t\t\t\t\t<span class=\"elementor-icon-list-text\">Tecnolog\u00edas de generaci\u00f3n de energ\u00eda fotovoltaica, e\u00f3lica terrestre y e\u00f3lica marina<\/span>\n\t\t\t\t\t\t\t\t\t<\/li>\n\t\t\t\t\t\t\t\t<li class=\"elementor-icon-list-item\">\n\t\t\t\t\t\t\t\t\t\t\t<span class=\"elementor-icon-list-icon\">\n\t\t\t\t\t\t\t<i aria-hidden=\"true\" class=\"fas fa-battery-three-quarters\"><\/i>\t\t\t\t\t\t<\/span>\n\t\t\t\t\t\t\t\t\t\t<span class=\"elementor-icon-list-text\">Soluciones para el almacenamiento energ\u00e9tico y su papel dentro del proceso de transici\u00f3n energ\u00e9tica hacia la descarbonizaci\u00f3n del archipi\u00e9lago canario. <\/span>\n\t\t\t\t\t\t\t\t\t<\/li>\n\t\t\t\t\t\t<\/ul>\n\t\t\t\t<\/div>\n\t\t\t\t<\/div>\n\t\t\t\t\t<\/div>\n\t\t<\/div>\n\t\t\t\t\t\t\t<\/div>\n\t\t<\/section>\n\t\t\t\t<section class=\"elementor-section elementor-top-section elementor-element elementor-element-ccb8f36 elementor-section-boxed elementor-section-height-default elementor-section-height-default\" data-id=\"ccb8f36\" data-element_type=\"section\">\n\t\t\t\t\t\t<div class=\"elementor-container elementor-column-gap-default\">\n\t\t\t\t\t<div class=\"elementor-column elementor-col-100 elementor-top-column elementor-element elementor-element-813e573\" data-id=\"813e573\" data-element_type=\"column\">\n\t\t\t<div class=\"elementor-widget-wrap elementor-element-populated\">\n\t\t\t\t\t\t\t\t<div class=\"elementor-element elementor-element-8dd1bb8 elementor-widget elementor-widget-heading\" data-id=\"8dd1bb8\" data-element_type=\"widget\" data-widget_type=\"heading.default\">\n\t\t\t\t<div class=\"elementor-widget-container\">\n\t\t\t<h2 class=\"elementor-heading-title elementor-size-default\">L\u00edneas de actividad<\/h2>\t\t<\/div>\n\t\t\t\t<\/div>\n\t\t\t\t\t<\/div>\n\t\t<\/div>\n\t\t\t\t\t\t\t<\/div>\n\t\t<\/section>\n\t\t\t\t<section class=\"elementor-section elementor-top-section elementor-element elementor-element-6b4ecb2 elementor-section-boxed elementor-section-height-default elementor-section-height-default\" data-id=\"6b4ecb2\" data-element_type=\"section\">\n\t\t\t\t\t\t<div class=\"elementor-container elementor-column-gap-default\">\n\t\t\t\t\t<div class=\"elementor-column elementor-col-33 elementor-top-column elementor-element elementor-element-b14d2f5\" data-id=\"b14d2f5\" data-element_type=\"column\" data-settings=\"{&quot;background_background&quot;:&quot;classic&quot;}\">\n\t\t\t<div class=\"elementor-widget-wrap elementor-element-populated\">\n\t\t\t\t\t\t\t\t<div class=\"elementor-element elementor-element-bd05315 elementor-view-default elementor-mobile-position-top elementor-vertical-align-top elementor-widget elementor-widget-icon-box\" data-id=\"bd05315\" data-element_type=\"widget\" data-widget_type=\"icon-box.default\">\n\t\t\t\t<div class=\"elementor-widget-container\">\n\t\t\t<link rel=\"stylesheet\" href=\"https:\/\/www.ull.es\/catedras\/catedra-energias-renovables\/wp-content\/plugins\/elementor\/assets\/css\/widget-icon-box.min.css\">\t\t<div class=\"elementor-icon-box-wrapper\">\n\t\t\t\t\t\t<div class=\"elementor-icon-box-icon\">\n\t\t\t\t<span class=\"elementor-icon elementor-animation-\" >\n\t\t\t\t<i aria-hidden=\"true\" class=\"fas fa-volume-up\"><\/i>\t\t\t\t<\/span>\n\t\t\t<\/div>\n\t\t\t\t\t\t<div class=\"elementor-icon-box-content\">\n\t\t\t\t<h3 class=\"elementor-icon-box-title\">\n\t\t\t\t\t<span  >\n\t\t\t\t\t\tActividades de formaci\u00f3n\t\t\t\t\t<\/span>\n\t\t\t\t<\/h3>\n\t\t\t\t\t\t\t\t\t<p class=\"elementor-icon-box-description\">\n\t\t\t\t\t\tPor ejemplo, organizaci\u00f3n de seminarios y conferencias\t\t\t\t\t<\/p>\n\t\t\t\t\t\t\t<\/div>\n\t\t<\/div>\n\t\t\t\t<\/div>\n\t\t\t\t<\/div>\n\t\t\t\t\t<\/div>\n\t\t<\/div>\n\t\t\t\t<div class=\"elementor-column elementor-col-33 elementor-top-column elementor-element elementor-element-04c3cdf\" data-id=\"04c3cdf\" data-element_type=\"column\" data-settings=\"{&quot;background_background&quot;:&quot;classic&quot;}\">\n\t\t\t<div class=\"elementor-widget-wrap elementor-element-populated\">\n\t\t\t\t\t\t\t\t<div class=\"elementor-element elementor-element-c4666d3 elementor-view-default elementor-mobile-position-top elementor-vertical-align-top elementor-widget elementor-widget-icon-box\" data-id=\"c4666d3\" data-element_type=\"widget\" data-widget_type=\"icon-box.default\">\n\t\t\t\t<div class=\"elementor-widget-container\">\n\t\t\t\t\t<div class=\"elementor-icon-box-wrapper\">\n\t\t\t\t\t\t<div class=\"elementor-icon-box-icon\">\n\t\t\t\t<span class=\"elementor-icon elementor-animation-\" >\n\t\t\t\t<i aria-hidden=\"true\" class=\"fas fa-microscope\"><\/i>\t\t\t\t<\/span>\n\t\t\t<\/div>\n\t\t\t\t\t\t<div class=\"elementor-icon-box-content\">\n\t\t\t\t<h3 class=\"elementor-icon-box-title\">\n\t\t\t\t\t<span  >\n\t\t\t\t\t\tActividades de investigaci\u00f3n\t\t\t\t\t<\/span>\n\t\t\t\t<\/h3>\n\t\t\t\t\t\t\t\t\t<p class=\"elementor-icon-box-description\">\n\t\t\t\t\t\tA trav\u00e9s del apoyo a proyectos de investigaci\u00f3n desarrollados por investigadores de la Universidad de La Laguna en la tem\u00e1tica de la C\u00e1tedra.\t\t\t\t\t<\/p>\n\t\t\t\t\t\t\t<\/div>\n\t\t<\/div>\n\t\t\t\t<\/div>\n\t\t\t\t<\/div>\n\t\t\t\t\t<\/div>\n\t\t<\/div>\n\t\t\t\t<div class=\"elementor-column elementor-col-33 elementor-top-column elementor-element elementor-element-6048f5b\" data-id=\"6048f5b\" data-element_type=\"column\" data-settings=\"{&quot;background_background&quot;:&quot;classic&quot;}\">\n\t\t\t<div class=\"elementor-widget-wrap elementor-element-populated\">\n\t\t\t\t\t\t\t\t<div class=\"elementor-element elementor-element-4ec0c35 elementor-view-default elementor-mobile-position-top elementor-vertical-align-top elementor-widget elementor-widget-icon-box\" data-id=\"4ec0c35\" data-element_type=\"widget\" data-widget_type=\"icon-box.default\">\n\t\t\t\t<div class=\"elementor-widget-container\">\n\t\t\t\t\t<div class=\"elementor-icon-box-wrapper\">\n\t\t\t\t\t\t<div class=\"elementor-icon-box-icon\">\n\t\t\t\t<span class=\"elementor-icon elementor-animation-\" >\n\t\t\t\t<i aria-hidden=\"true\" class=\"fas fa-pencil-ruler\"><\/i>\t\t\t\t<\/span>\n\t\t\t<\/div>\n\t\t\t\t\t\t<div class=\"elementor-icon-box-content\">\n\t\t\t\t<h3 class=\"elementor-icon-box-title\">\n\t\t\t\t\t<span  >\n\t\t\t\t\t\tActividades de tansferencia de conocimiento\t\t\t\t\t<\/span>\n\t\t\t\t<\/h3>\n\t\t\t\t\t\t\t\t\t<p class=\"elementor-icon-box-description\">\n\t\t\t\t\t\tApoyo a proyectos de divulgaci\u00f3n relacionados con la C\u00e1tedra y la realizaci\u00f3n de conferencia dirigidos al conjunto de sociedad.\t\t\t\t\t<\/p>\n\t\t\t\t\t\t\t<\/div>\n\t\t<\/div>\n\t\t\t\t<\/div>\n\t\t\t\t<\/div>\n\t\t\t\t\t<\/div>\n\t\t<\/div>\n\t\t\t\t\t\t\t<\/div>\n\t\t<\/section>\n\t\t\t\t<section class=\"elementor-section elementor-top-section elementor-element elementor-element-f56258e elementor-section-boxed elementor-section-height-default elementor-section-height-default\" data-id=\"f56258e\" data-element_type=\"section\" data-settings=\"{&quot;background_background&quot;:&quot;classic&quot;}\">\n\t\t\t\t\t\t<div class=\"elementor-container elementor-column-gap-default\">\n\t\t\t\t\t<div class=\"elementor-column elementor-col-100 elementor-top-column elementor-element elementor-element-951d158\" data-id=\"951d158\" data-element_type=\"column\">\n\t\t\t<div class=\"elementor-widget-wrap elementor-element-populated\">\n\t\t\t\t\t\t\t\t<div class=\"elementor-element elementor-element-05e03e0 elementor-widget elementor-widget-spacer\" data-id=\"05e03e0\" data-element_type=\"widget\" data-widget_type=\"spacer.default\">\n\t\t\t\t<div class=\"elementor-widget-container\">\n\t\t\t<style>\/*! elementor - v3.10.1 - 17-01-2023 *\/\n.elementor-column .elementor-spacer-inner{height:var(--spacer-size)}.e-con{--container-widget-width:100%}.e-con-inner>.elementor-widget-spacer,.e-con>.elementor-widget-spacer{width:var(--container-widget-width,var(--spacer-size));--align-self:var(--container-widget-align-self,initial);--flex-shrink:0}.e-con-inner>.elementor-widget-spacer>.elementor-widget-container,.e-con-inner>.elementor-widget-spacer>.elementor-widget-container>.elementor-spacer,.e-con>.elementor-widget-spacer>.elementor-widget-container,.e-con>.elementor-widget-spacer>.elementor-widget-container>.elementor-spacer{height:100%}.e-con-inner>.elementor-widget-spacer>.elementor-widget-container>.elementor-spacer>.elementor-spacer-inner,.e-con>.elementor-widget-spacer>.elementor-widget-container>.elementor-spacer>.elementor-spacer-inner{height:var(--container-widget-height,var(--spacer-size))}<\/style>\t\t<div class=\"elementor-spacer\">\n\t\t\t<div class=\"elementor-spacer-inner\"><\/div>\n\t\t<\/div>\n\t\t\t\t<\/div>\n\t\t\t\t<\/div>\n\t\t\t\t\t<\/div>\n\t\t<\/div>\n\t\t\t\t\t\t\t<\/div>\n\t\t<\/section>\n\t\t\t\t\t\t\t<\/div>\n\t\t","protected":false},"excerpt":{"rendered":"<p>Objetivos y l\u00edneas de actividad La C\u00e1tedra de Energ\u00edas Renovables DISA -OW- Universidad de La Laguna se crea en 2022. Las empresas DISA RENOVABLES, S.L. y OW OFFSHORE, S.L. establecen el inter\u00e9s de colaborar con la Universidad de la Laguna en actividades de inter\u00e9s general entre las que se encuentran la realizaci\u00f3n de acciones de&#8230;<\/p>\n","protected":false},"author":12,"featured_media":0,"parent":0,"menu_order":0,"comment_status":"closed","ping_status":"closed","template":"","meta":[],"_links":{"self":[{"href":"https:\/\/www.ull.es\/catedras\/catedra-energias-renovables\/wp-json\/wp\/v2\/pages\/81"}],"collection":[{"href":"https:\/\/www.ull.es\/catedras\/catedra-energias-renovables\/wp-json\/wp\/v2\/pages"}],"about":[{"href":"https:\/\/www.ull.es\/catedras\/catedra-energias-renovables\/wp-json\/wp\/v2\/types\/page"}],"author":[{"embeddable":true,"href":"https:\/\/www.ull.es\/catedras\/catedra-energias-renovables\/wp-json\/wp\/v2\/users\/12"}],"replies":[{"embeddable":true,"href":"https:\/\/www.ull.es\/catedras\/catedra-energias-renovables\/wp-json\/wp\/v2\/comments?post=81"}],"version-history":[{"count":58,"href":"https:\/\/www.ull.es\/catedras\/catedra-energias-renovables\/wp-json\/wp\/v2\/pages\/81\/revisions"}],"predecessor-version":[{"id":328,"href":"https:\/\/www.ull.es\/catedras\/catedra-energias-renovables\/wp-json\/wp\/v2\/pages\/81\/revisions\/328"}],"wp:attachment":[{"href":"https:\/\/www.ull.es\/catedras\/catedra-energias-renovables\/wp-json\/wp\/v2\/media?parent=81"}],"curies":[{"name":"wp","href":"https:\/\/api.w.org\/{rel}","templated":true}]}}