{"id":75,"date":"2020-07-10T13:39:10","date_gmt":"2020-07-10T13:39:10","guid":{"rendered":"https:\/\/www.ull.es\/catedras\/catedra-fundacion-cepsa\/?page_id=75"},"modified":"2025-01-21T09:29:34","modified_gmt":"2025-01-21T09:29:34","slug":"aula-makerspace","status":"publish","type":"page","link":"https:\/\/www.ull.es\/catedras\/catedra-fundacion-cepsa\/aula-makerspace\/","title":{"rendered":"Aula MakerSpace"},"content":{"rendered":"<p>[vc_row full_width=\u00bbstretch_row\u00bb content_placement=\u00bbmiddle\u00bb disable_element=\u00bbyes\u00bb][vc_column][vc_images_carousel images=\u00bb636,642,651,664&#8243; img_size=\u00bbfull\u00bb autoplay=\u00bbyes\u00bb hide_pagination_control=\u00bbyes\u00bb][\/vc_column][\/vc_row][vc_row full_width=\u00bbstretch_row\u00bb gap=\u00bb1&#8243; equal_height=\u00bbyes\u00bb css=\u00bb.vc_custom_1737386774222{margin-top: -5% !important;}\u00bb][vc_column css_animation=\u00bbfadeInLeft\u00bb width=\u00bb1\/4&#8243; css=\u00bb.vc_custom_1581084709591{padding-bottom: 7% !important;background-color: #eaeaea !important;}\u00bb][vc_column_text css_animation=\u00bbnone\u00bb]<\/p>\n<h2 class=\"post_title entry-title\">Aula MakerSpace<\/h2>\n<p>[\/vc_column_text][\/vc_column][vc_column css_animation=\u00bbfadeInRight\u00bb width=\u00bb2\/4&#8243; css=\u00bb.vc_custom_1581084489854{background-color: #eaeaea !important;}\u00bb][vc_column_text]<span style=\"font-weight: 400;\">La C\u00e1tedra Fundaci\u00f3n Cepsa de Transici\u00f3n Ecol\u00f3gica e Innovaci\u00f3n de la Universidad de La Laguna dispone en la Escuela Superior de Ingenier\u00eda y Tecnolog\u00eda de un \u201cMakerspace\u201d, un espacio innovador dise\u00f1ado para fomentar el aprendizaje pr\u00e1ctico y la colaboraci\u00f3n multidisciplinar. Este lugar est\u00e1 equipado con multitud de herramientas el\u00e9ctricas y manuales, as\u00ed como de herramientas avanzadas, como impresoras 3D, cortadora l\u00e1ser o\u00a0 un potente ordenador para simulaciones.<\/span><\/p>\n<p><span style=\"font-weight: 400;\">El MakerSpace, con capacidad para 25 personas, es vers\u00e1til: puede funcionar como sala de reuniones, taller, aula MOOC o incluso como un peque\u00f1o centro de control para proyectos espaciales. Adem\u00e1s, permite realizar transmisiones por streaming y videoconferencias colectivas, ofreciendo al alumnado un entorno din\u00e1mico para desarrollar ideas y proyectos innovadores.<\/span>[\/vc_column_text][vc_empty_space height=\u00bb30px\u00bb][\/vc_column][vc_column css_animation=\u00bbfadeInRight\u00bb width=\u00bb1\/4&#8243; css=\u00bb.vc_custom_1594388408774{background-image: url(https:\/\/www.ull.es\/catedras\/catedra-fundacion-cepsa\/wp-content\/uploads\/sites\/9\/2020\/07\/sala.png?id=76) !important;background-position: center !important;background-repeat: no-repeat !important;background-size: cover !important;}\u00bb][vc_empty_space height=\u00bb200px\u00bb][\/vc_column][\/vc_row][vc_row][vc_column][vc_empty_space][\/vc_column][\/vc_row][vc_row][vc_column][vc_column_text css_animation=\u00bbnone\u00bb]<\/p>\n<h2 class=\"post_title entry-title\">Resumen de actividades<\/h2>\n<p>[\/vc_column_text][\/vc_column][\/vc_row][vc_row full_width=\u00bbstretch_row\u00bb gap=\u00bb1&#8243; equal_height=\u00bbyes\u00bb][vc_column css_animation=\u00bbfadeInLeft\u00bb width=\u00bb1\/4&#8243; css=\u00bb.vc_custom_1581084709591{padding-bottom: 7% !important;background-color: #eaeaea !important;}\u00bb][vc_column_text css_animation=\u00bbnone\u00bb]<\/p>\n<h2 class=\"post_title entry-title\">Curso de impresi\u00f3n 3D<\/h2>\n<p>[\/vc_column_text][\/vc_column][vc_column css_animation=\u00bbfadeInRight\u00bb width=\u00bb2\/4&#8243; css=\u00bb.vc_custom_1581084489854{background-color: #eaeaea !important;}\u00bb][vc_column_text css_animation=\u00bbnone\u00bb]<\/p>\n<h4 class=\"post_title entry-title\">El \u00ab3D\u00bb toma vida en el Makerspace<\/h4>\n<p>[\/vc_column_text][vc_column_text]Un <strong>curso introductorio al modelado e impresi\u00f3n 3D<\/strong> cautiv\u00f3 a los<br \/>\nparticipantes en el Makerspace. En 8 sesiones pr\u00e1cticas de 2 horas,<br \/>\naprendieron los fundamentos de la fabricaci\u00f3n aditiva asistida por<br \/>\nordenador. Usando sus propios, el alumnado instal\u00f3 programas de modelado y<br \/>\nlaminado, llev\u00f3 sus dise\u00f1os a la realidad con las tres impresoras 3D<br \/>\ndisponibles en este espacio de trabajo. Una experiencia inmersiva que<br \/>\nacerc\u00f3 la tecnolog\u00eda a estudiantes y entusiastas.[\/vc_column_text][vc_empty_space height=\u00bb30px\u00bb][\/vc_column][vc_column css_animation=\u00bbfadeInRight\u00bb width=\u00bb1\/4&#8243; css=\u00bb.vc_custom_1737376779210{background-color: #eaeaea !important;background-position: center !important;background-repeat: no-repeat !important;background-size: cover !important;}\u00bb][vc_images_carousel images=\u00bb636,637,638,639&#8243; img_size=\u00bbfull\u00bb][\/vc_column][\/vc_row][vc_row][vc_column][vc_empty_space][\/vc_column][\/vc_row][vc_row full_width=\u00bbstretch_row\u00bb gap=\u00bb1&#8243; equal_height=\u00bbyes\u00bb][vc_column css_animation=\u00bbfadeInLeft\u00bb width=\u00bb1\/4&#8243; css=\u00bb.vc_custom_1581084709591{padding-bottom: 7% !important;background-color: #eaeaea !important;}\u00bb][vc_column_text css_animation=\u00bbnone\u00bb]<\/p>\n<h2 class=\"post_title entry-title\">Escape Rooms en las Jornadas T\u00e9cnicas de Ingenier\u00eda<\/h2>\n<p>[\/vc_column_text][\/vc_column][vc_column css_animation=\u00bbfadeInRight\u00bb width=\u00bb2\/4&#8243; css=\u00bb.vc_custom_1581084489854{background-color: #eaeaea !important;}\u00bb][vc_column_text css_animation=\u00bbnone\u00bb]<\/p>\n<h4 class=\"post_title entry-title\">Un Escape Room espacial, estrella de las Jornadas T\u00e9cnicas de Ingenier\u00eda<\/h4>\n<p>[\/vc_column_text][vc_column_text]<span style=\"font-weight: 400;\">Las dos \u00faltimas ediciones de las <\/span><b>Jornadas T\u00e9cnicas de Ingenier\u00eda<\/b><span style=\"font-weight: 400;\"> sorprendieron con un <\/span><b>Escape Room <\/b><span style=\"font-weight: 400;\">innovador creado \u00edntegramente por el alumnado organizador del evento en el espacio Makerspace, gracias al apoyo de esta c\u00e1tedra. Equipos de hasta cuatro personas asumieron el rol de tripulantes espaciales, enfrent\u00e1ndose a desafiantes restos en una experiencia inmersiva que a\u00fana la artes, la tecnolog\u00eda y la ciencia.<\/span><\/p>\n<p><span style=\"font-weight: 400;\">El equipo organizador monitoriz\u00f3 en todo momento en tiempo real\u00a0 el desarrollo de la actividad desde un panel de control con webcams en una sala aleda\u00f1a, a\u00f1adiendo realismo a esta emocionante propuesta, que se consolid\u00f3 como uno de los grandes atractivos del evento.<\/span>[\/vc_column_text][vc_empty_space height=\u00bb30px\u00bb][\/vc_column][vc_column css_animation=\u00bbfadeInRight\u00bb width=\u00bb1\/4&#8243; css=\u00bb.vc_custom_1737376779210{background-color: #eaeaea !important;background-position: center !important;background-repeat: no-repeat !important;background-size: cover !important;}\u00bb][vc_images_carousel images=\u00bb641,642,654,644,645&#8243; img_size=\u00bbfull\u00bb][\/vc_column][\/vc_row][vc_row][vc_column][vc_empty_space][\/vc_column][\/vc_row][vc_row full_width=\u00bbstretch_row\u00bb gap=\u00bb1&#8243; equal_height=\u00bbyes\u00bb][vc_column css_animation=\u00bbfadeInLeft\u00bb width=\u00bb1\/4&#8243; css=\u00bb.vc_custom_1581084709591{padding-bottom: 7% !important;background-color: #eaeaea !important;}\u00bb][vc_column_text css_animation=\u00bbnone\u00bb]<\/p>\n<h2 class=\"post_title entry-title\">Trabajo del equipo TEIDESAT<\/h2>\n<p>[\/vc_column_text][\/vc_column][vc_column css_animation=\u00bbfadeInRight\u00bb width=\u00bb2\/4&#8243; css=\u00bb.vc_custom_1581084489854{background-color: #eaeaea !important;}\u00bb][vc_column_text css_animation=\u00bbnone\u00bb]<\/p>\n<h4 class=\"post_title entry-title\">TEIDESAT impulsa la innovaci\u00f3n desde el Makerspace.<\/h4>\n<p>[\/vc_column_text][vc_column_text]<span style=\"font-weight: 400;\">El equipo TEIDESAT aprovecha el Makerspace para avanzar en el desarrollo de su nanosat\u00e9lite y estaciones terrestres. All\u00ed realizan experimentos, se tutorizan a estudiantes de Pr\u00e1cticas Externas, TFGs, y TFMs, y celebran reuniones regulares tanto de equipo como departamentales. Adem\u00e1s, se entrevistan a nuevos talentos interesados en sumarse al proyecto. Un espacio clave para la colaboraci\u00f3n y el avance tecnol\u00f3gico.<\/span>[\/vc_column_text][vc_empty_space height=\u00bb30px\u00bb][\/vc_column][vc_column css_animation=\u00bbfadeInRight\u00bb width=\u00bb1\/4&#8243; css=\u00bb.vc_custom_1737376779210{background-color: #eaeaea !important;background-position: center !important;background-repeat: no-repeat !important;background-size: cover !important;}\u00bb][vc_images_carousel images=\u00bb648,649,650,651,652,653&#8243; img_size=\u00bbfull\u00bb][\/vc_column][\/vc_row][vc_row][vc_column][vc_empty_space][\/vc_column][\/vc_row][vc_row full_width=\u00bbstretch_row\u00bb gap=\u00bb1&#8243; equal_height=\u00bbyes\u00bb][vc_column css_animation=\u00bbfadeInLeft\u00bb width=\u00bb1\/4&#8243; css=\u00bb.vc_custom_1581084709591{padding-bottom: 7% !important;background-color: #eaeaea !important;}\u00bb][vc_column_text css_animation=\u00bbnone\u00bb]<\/p>\n<h2 class=\"post_title entry-title\">Trabajo del equipo Broadcast Project<\/h2>\n<p>[\/vc_column_text][\/vc_column][vc_column css_animation=\u00bbfadeInRight\u00bb width=\u00bb2\/4&#8243; css=\u00bb.vc_custom_1581084489854{background-color: #eaeaea !important;}\u00bb][vc_column_text css_animation=\u00bbnone\u00bb]<\/p>\n<h4 class=\"post_title entry-title\"><em>Broadcast Project<\/em> despega desde el Makerspace<\/h4>\n<p>[\/vc_column_text][vc_column_text]<span style=\"font-weight: 400;\">El videopodcast Broadcast Project ha dado pasos firmes en 2024: desarroll\u00f3 su identidad corporativa con la ayuda del equipo TEIDESAT, mejor\u00f3 su t\u00e9cnica y aprovech\u00f3 el equipo audiovisual del Makerspace. Adem\u00e1s, dise\u00f1aron una escenograf\u00eda para darle una apariencia m\u00e1s profesional y atrajeron estudiantes interesados a su proyecto.<\/span>[\/vc_column_text][vc_empty_space height=\u00bb30px\u00bb][\/vc_column][vc_column css_animation=\u00bbfadeInRight\u00bb width=\u00bb1\/4&#8243; css=\u00bb.vc_custom_1737376779210{background-color: #eaeaea !important;background-position: center !important;background-repeat: no-repeat !important;background-size: cover !important;}\u00bb][vc_images_carousel images=\u00bb657,656&#8243; img_size=\u00bbfull\u00bb][\/vc_column][\/vc_row][vc_row][vc_column][vc_empty_space][\/vc_column][\/vc_row][vc_row full_width=\u00bbstretch_row\u00bb gap=\u00bb1&#8243; equal_height=\u00bbyes\u00bb][vc_column css_animation=\u00bbfadeInLeft\u00bb width=\u00bb1\/4&#8243; css=\u00bb.vc_custom_1581084709591{padding-bottom: 7% !important;background-color: #eaeaea !important;}\u00bb][vc_column_text css_animation=\u00bbnone\u00bb]<\/p>\n<h2 class=\"post_title entry-title\">Trabajo del equipo ULLRIAD<\/h2>\n<p>[\/vc_column_text][\/vc_column][vc_column css_animation=\u00bbfadeInRight\u00bb width=\u00bb2\/4&#8243; css=\u00bb.vc_custom_1581084489854{background-color: #eaeaea !important;}\u00bb][vc_column_text css_animation=\u00bbnone\u00bb]<\/p>\n<h4 class=\"post_title entry-title\">ULLRAID, rumbo al UNIRAID desde el Makerspace<\/h4>\n<p>[\/vc_column_text][vc_column_text]<span style=\"font-weight: 400;\">El equipo <\/span><a href=\"https:\/\/www.ull.es\/portal\/noticias\/2024\/alumnado-de-la-ull-participa-en-una-expedicion-solidaria-en-marruecos\/\" target=\"_blank\" rel=\"noopener\"><span style=\"font-weight: 400;\">ULLRAID<\/span><\/a><span style=\"font-weight: 400;\">, pionero de la ULL en el rally solidario <\/span><a href=\"https:\/\/www.uniraid.org\/\" target=\"_blank\" rel=\"noopener\"><span style=\"font-weight: 400;\">UNIRAID<\/span><\/a><span style=\"font-weight: 400;\"> en Marruecos, ha encontrado en el Makerspace su centro de reuniones y planificaci\u00f3n. All\u00ed organizaron sesiones internas y sesiones de mentorizaci\u00f3n con el equipo TEIDESAT, quienes les han apoyado en log\u00edstica y gesti\u00f3n econ\u00f3mica.<\/span>[\/vc_column_text][vc_empty_space height=\u00bb30px\u00bb][\/vc_column][vc_column css_animation=\u00bbfadeInRight\u00bb width=\u00bb1\/4&#8243; css=\u00bb.vc_custom_1737376779210{background-color: #eaeaea !important;background-position: center !important;background-repeat: no-repeat !important;background-size: cover !important;}\u00bb][vc_images_carousel images=\u00bb659,660,661&#8243; img_size=\u00bbfull\u00bb][\/vc_column][\/vc_row][vc_row][vc_column][vc_empty_space][\/vc_column][\/vc_row][vc_row full_width=\u00bbstretch_row\u00bb gap=\u00bb1&#8243; equal_height=\u00bbyes\u00bb][vc_column css_animation=\u00bbfadeInLeft\u00bb width=\u00bb1\/4&#8243; css=\u00bb.vc_custom_1581084709591{padding-bottom: 7% !important;background-color: #eaeaea !important;}\u00bb][vc_column_text css_animation=\u00bbnone\u00bb]<\/p>\n<h2 class=\"post_title entry-title\">Inspiraci\u00f3n mutua<\/h2>\n<p>[\/vc_column_text][\/vc_column][vc_column css_animation=\u00bbfadeInRight\u00bb width=\u00bb2\/4&#8243; css=\u00bb.vc_custom_1581084489854{background-color: #eaeaea !important;}\u00bb][vc_column_text css_animation=\u00bbnone\u00bb]<\/p>\n<h4 class=\"post_title entry-title\">El Makerspace, epicentro de inspiraci\u00f3n en la ESIT<\/h4>\n<p>[\/vc_column_text][vc_column_text]<span style=\"font-weight: 400;\">El Makerspace atrae frecuentemente a estudiantes curiosos procedentes de carreras de ingenier\u00eda, Bellas Artes, F\u00edsica, Pedagog\u00eda, etc, que, motivados por los proyectos m\u00e1s llamativos que all\u00ed se desarrollan, encuentran inspiraci\u00f3n para crear sus propios trabajos. Muchos acaban desarrollando sus propias ideas inspirados por la electr\u00f3nica, la inform\u00e1tica o o la impresi\u00f3n 3D, transformando la curiosidad en innovaci\u00f3n.<\/span>[\/vc_column_text][vc_empty_space height=\u00bb30px\u00bb][\/vc_column][vc_column css_animation=\u00bbfadeInRight\u00bb width=\u00bb1\/4&#8243; css=\u00bb.vc_custom_1737376779210{background-color: #eaeaea !important;background-position: center !important;background-repeat: no-repeat !important;background-size: cover !important;}\u00bb][vc_images_carousel images=\u00bb663,664,665,666&#8243; img_size=\u00bbfull\u00bb][\/vc_column][\/vc_row]<\/p>\n","protected":false},"excerpt":{"rendered":"<p>[vc_row full_width=\u00bbstretch_row\u00bb content_placement=\u00bbmiddle\u00bb disable_element=\u00bbyes\u00bb][vc_column][vc_images_carousel images=\u00bb636,642,651,664&#8243; img_size=\u00bbfull\u00bb autoplay=\u00bbyes\u00bb hide_pagination_control=\u00bbyes\u00bb][\/vc_column][\/vc_row][vc_row full_width=\u00bbstretch_row\u00bb gap=\u00bb1&#8243; equal_height=\u00bbyes\u00bb css=\u00bb.vc_custom_1737386774222{margin-top: -5% !important;}\u00bb][vc_column css_animation=\u00bbfadeInLeft\u00bb width=\u00bb1\/4&#8243; css=\u00bb.vc_custom_1581084709591{padding-bottom: 7% !important;background-color: #eaeaea !important;}\u00bb][vc_column_text css_animation=\u00bbnone\u00bb] Aula MakerSpace [\/vc_column_text][\/vc_column][vc_column css_animation=\u00bbfadeInRight\u00bb width=\u00bb2\/4&#8243; css=\u00bb.vc_custom_1581084489854{background-color: #eaeaea !important;}\u00bb][vc_column_text]La C\u00e1tedra Fundaci\u00f3n Cepsa de Transici\u00f3n Ecol\u00f3gica e Innovaci\u00f3n de la Universidad de La Laguna dispone en la Escuela Superior de Ingenier\u00eda y Tecnolog\u00eda de un&#8230;<\/p>\n","protected":false},"author":5,"featured_media":0,"parent":0,"menu_order":0,"comment_status":"closed","ping_status":"closed","template":"templates\/template-no-title.php","meta":[],"_links":{"self":[{"href":"https:\/\/www.ull.es\/catedras\/catedra-fundacion-cepsa\/wp-json\/wp\/v2\/pages\/75"}],"collection":[{"href":"https:\/\/www.ull.es\/catedras\/catedra-fundacion-cepsa\/wp-json\/wp\/v2\/pages"}],"about":[{"href":"https:\/\/www.ull.es\/catedras\/catedra-fundacion-cepsa\/wp-json\/wp\/v2\/types\/page"}],"author":[{"embeddable":true,"href":"https:\/\/www.ull.es\/catedras\/catedra-fundacion-cepsa\/wp-json\/wp\/v2\/users\/5"}],"replies":[{"embeddable":true,"href":"https:\/\/www.ull.es\/catedras\/catedra-fundacion-cepsa\/wp-json\/wp\/v2\/comments?post=75"}],"version-history":[{"count":35,"href":"https:\/\/www.ull.es\/catedras\/catedra-fundacion-cepsa\/wp-json\/wp\/v2\/pages\/75\/revisions"}],"predecessor-version":[{"id":678,"href":"https:\/\/www.ull.es\/catedras\/catedra-fundacion-cepsa\/wp-json\/wp\/v2\/pages\/75\/revisions\/678"}],"wp:attachment":[{"href":"https:\/\/www.ull.es\/catedras\/catedra-fundacion-cepsa\/wp-json\/wp\/v2\/media?parent=75"}],"curies":[{"name":"wp","href":"https:\/\/api.w.org\/{rel}","templated":true}]}}