{"id":80,"date":"2020-07-10T13:46:46","date_gmt":"2020-07-10T13:46:46","guid":{"rendered":"https:\/\/www.ull.es\/catedras\/catedra-fundacion-cepsa\/?page_id=80"},"modified":"2024-11-25T11:00:22","modified_gmt":"2024-11-25T11:00:22","slug":"convocatorias","status":"publish","type":"page","link":"https:\/\/www.ull.es\/catedras\/catedra-fundacion-cepsa\/convocatorias\/","title":{"rendered":"Convocatorias"},"content":{"rendered":"<p>[vc_row][vc_column css=\u00bb.vc_custom_1594732148581{padding-bottom: 20px !important;}\u00bb][vc_column_text]<\/p>\n<h1 class=\"container ull-site-title-blank\">Convocatorias<\/h1>\n<p>[\/vc_column_text][\/vc_column][\/vc_row][vc_row full_width=\u00bbstretch_row\u00bb gap=\u00bb1&#8243; equal_height=\u00bbyes\u00bb][vc_column css_animation=\u00bbfadeInLeft\u00bb width=\u00bb1\/4&#8243; css=\u00bb.vc_custom_1581084709591{padding-bottom: 7% !important;background-color: #eaeaea !important;}\u00bb][vc_column_text css_animation=\u00bbnone\u00bb]<\/p>\n<h2 class=\"post_title entry-title\">Premios Trabajos Fin de M\u00e1ster y Trabajos Fin de Grado<\/h2>\n<p>[\/vc_column_text][\/vc_column][vc_column css_animation=\u00bbfadeInRight\u00bb width=\u00bb2\/4&#8243; css=\u00bb.vc_custom_1581084489854{background-color: #eaeaea !important;}\u00bb][vc_column_text]<span style=\"font-weight: 400;\">La C\u00e1tedra Fundaci\u00f3n Cepsa de Innovaci\u00f3n y Eficiencia Energ\u00e9tica de la Universidad de La Laguna tiene como misi\u00f3n la colaboraci\u00f3n entre la Fundaci\u00f3n Cepsa y la Universidad de La Laguna en el desarrollo de programas que potencien la educaci\u00f3n, la empleabilidad y el emprendimiento, as\u00ed como el desarrollo de la investigaci\u00f3n y la innovaci\u00f3n.<\/span><\/p>\n<p><span style=\"font-weight: 400;\">A fin de contribuir a la investigaci\u00f3n y divulgaci\u00f3n de trabajos acad\u00e9micos que contribuyan a su misi\u00f3n, la C\u00e1tedra desea premiar aquellos Trabajos Fin de Grado y Trabajos Fin de M\u00e1ster de especial originalidad y calidad aprobados en la Universidad de La Laguna durante el curso acad\u00e9mico de cada una de las convocatorias, en los \u00e1mbitos especificados en las siguientes bases.<\/span>[\/vc_column_text][vc_empty_space height=\u00bb30px\u00bb][vc_column_text]<a href=\"https:\/\/www.ull.es\/portal\/convocatorias\/convocatoria\/convocatoria-de-los-premios-a-tfg-y-tfm-de-la-catedra-fundacion-cepsa-de-transicion-ecologica-e-innovacion-de-la-universidad-de-la-laguna\/\" target=\"_blank\" rel=\"noopener\" target=\"_blank\" rel=\"noopener\"><b>Convocatoria de premios 2023-2024<\/b><\/a><\/p>\n<p><span style=\"font-weight: 400;\">Fecha l\u00edmite presentaci\u00f3n solicitudes: 31 de julio de 2024<\/span><\/p>\n<ul>\n<li style=\"font-weight: 400;\"><a href=\"https:\/\/drive.google.com\/file\/d\/1DUbDZVtgfpmCpygI7O_rhNeTosDju-iR\/view?usp=sharing\" target=\"_blank\" rel=\"noopener\" target=\"_blank\" rel=\"noopener\"><span style=\"font-weight: 400;\">Bases de la convocatoria<\/span><\/a><\/li>\n<li><a href=\"https:\/\/drive.google.com\/file\/d\/14TXcJCzlNGxdmSIdyfRv6rgpw3efaoR_\/view?usp=drive_link\" target=\"_blank\" rel=\"noopener\" target=\"_blank\" rel=\"noopener\">Modelo de formulario<\/a><\/li>\n<li><a href=\"https:\/\/drive.google.com\/file\/d\/1oH0OgnENksQSRIIobUVglQss3FKi_rnT\/view?usp=sharing\" target=\"_blank\" rel=\"noopener\" target=\"_blank\" rel=\"noopener\">Relaci\u00f3n definitiva de solicitudes admitidas y excluidas<\/a><\/li>\n<li><a href=\"https:\/\/drive.google.com\/file\/d\/1jiv1DoLMwfEvISlyz7S9atxkJbvE6Q-v\/view?usp=sharing\" target=\"_blank\" rel=\"noopener\" target=\"_blank\" rel=\"noopener\">Resoluci\u00f3n de los premios a los mejores trabajos TFG y TFM<\/a><\/li>\n<\/ul>\n<p>[\/vc_column_text][\/vc_column][vc_column css_animation=\u00bbfadeInRight\u00bb width=\u00bb1\/4&#8243; css=\u00bb.vc_custom_1596445744238{background-image: url(https:\/\/www.ull.es\/catedras\/catedra-fundacion-cepsa\/wp-content\/uploads\/sites\/9\/2020\/08\/rojo.jpg?id=157) !important;background-position: center !important;background-repeat: no-repeat !important;background-size: cover !important;}\u00bb][vc_empty_space height=\u00bb200px\u00bb][\/vc_column][\/vc_row][vc_row][vc_column][vc_empty_space][\/vc_column][\/vc_row]<\/p>\n","protected":false},"excerpt":{"rendered":"<p>[vc_row][vc_column css=\u00bb.vc_custom_1594732148581{padding-bottom: 20px !important;}\u00bb][vc_column_text] Convocatorias [\/vc_column_text][\/vc_column][\/vc_row][vc_row full_width=\u00bbstretch_row\u00bb gap=\u00bb1&#8243; equal_height=\u00bbyes\u00bb][vc_column css_animation=\u00bbfadeInLeft\u00bb width=\u00bb1\/4&#8243; css=\u00bb.vc_custom_1581084709591{padding-bottom: 7% !important;background-color: #eaeaea !important;}\u00bb][vc_column_text css_animation=\u00bbnone\u00bb] Premios Trabajos Fin de M\u00e1ster y Trabajos Fin de Grado [\/vc_column_text][\/vc_column][vc_column css_animation=\u00bbfadeInRight\u00bb width=\u00bb2\/4&#8243; css=\u00bb.vc_custom_1581084489854{background-color: #eaeaea !important;}\u00bb][vc_column_text]La C\u00e1tedra Fundaci\u00f3n Cepsa de Innovaci\u00f3n y Eficiencia Energ\u00e9tica de la Universidad de La Laguna tiene como misi\u00f3n la colaboraci\u00f3n entre la Fundaci\u00f3n&#8230;<\/p>\n","protected":false},"author":5,"featured_media":0,"parent":0,"menu_order":0,"comment_status":"closed","ping_status":"closed","template":"templates\/template-no-title.php","meta":[],"_links":{"self":[{"href":"https:\/\/www.ull.es\/catedras\/catedra-fundacion-cepsa\/wp-json\/wp\/v2\/pages\/80"}],"collection":[{"href":"https:\/\/www.ull.es\/catedras\/catedra-fundacion-cepsa\/wp-json\/wp\/v2\/pages"}],"about":[{"href":"https:\/\/www.ull.es\/catedras\/catedra-fundacion-cepsa\/wp-json\/wp\/v2\/types\/page"}],"author":[{"embeddable":true,"href":"https:\/\/www.ull.es\/catedras\/catedra-fundacion-cepsa\/wp-json\/wp\/v2\/users\/5"}],"replies":[{"embeddable":true,"href":"https:\/\/www.ull.es\/catedras\/catedra-fundacion-cepsa\/wp-json\/wp\/v2\/comments?post=80"}],"version-history":[{"count":31,"href":"https:\/\/www.ull.es\/catedras\/catedra-fundacion-cepsa\/wp-json\/wp\/v2\/pages\/80\/revisions"}],"predecessor-version":[{"id":600,"href":"https:\/\/www.ull.es\/catedras\/catedra-fundacion-cepsa\/wp-json\/wp\/v2\/pages\/80\/revisions\/600"}],"wp:attachment":[{"href":"https:\/\/www.ull.es\/catedras\/catedra-fundacion-cepsa\/wp-json\/wp\/v2\/media?parent=80"}],"curies":[{"name":"wp","href":"https:\/\/api.w.org\/{rel}","templated":true}]}}