{"id":21,"date":"2019-02-26T14:03:03","date_gmt":"2019-02-26T13:03:03","guid":{"rendered":"https:\/\/www.ull.es\/catedras\/catedra-jovenes-emprendedores\/?page_id=21"},"modified":"2026-03-11T10:15:25","modified_gmt":"2026-03-11T09:15:25","slug":"conocenos","status":"publish","type":"page","link":"https:\/\/www.ull.es\/catedras\/catedra-jovenes-emprendedores\/conocenos\/","title":{"rendered":"Con\u00f3cenos"},"content":{"rendered":"<p>[vc_row][vc_column][vc_column_text][\/vc_column_text][\/vc_column][\/vc_row][vc_row][vc_column][vc_empty_space][\/vc_column][\/vc_row][vc_row][vc_column][vc_column_text][\/vc_column_text][\/vc_column][\/vc_row][vc_row][vc_column width=\u00bb1\/4&#8243;][vc_message message_box_style=\u00bboutline\u00bb style=\u00bbsquare\u00bb icon_fontawesome=\u00bbfa fa-eye\u00bb css_animation=\u00bbbounceIn\u00bb]VISI\u00d3N[\/vc_message][\/vc_column][vc_column width=\u00bb3\/4&#8243;][vc_column_text]La C\u00e1tedra Fundaci\u00f3n DISA de J\u00f3venes Emprendedores de la Universidad de La Laguna aspira a promover la cultura emprendedora en el \u00e1mbito universitario con el fin de dotar a las personas que liderar\u00e1n el futuro de las herramientas necesarias para identificar problemas y proponer soluciones innovadoras.[\/vc_column_text][\/vc_column][\/vc_row][vc_row][vc_column][vc_empty_space][\/vc_column][\/vc_row][vc_row][vc_column width=\u00bb1\/4&#8243;][vc_message message_box_style=\u00bboutline\u00bb style=\u00bbsquare\u00bb icon_fontawesome=\u00bbfa fa-rocket\u00bb css_animation=\u00bbbounceIn\u00bb]MISI\u00d3N[\/vc_message][\/vc_column][vc_column width=\u00bb3\/4&#8243;][vc_column_text]La C\u00e1tedra Fundaci\u00f3n DISA de J\u00f3venes Emprendedores de la Universidad de La Laguna se puso en marcha en el a\u00f1o 2013 con el prop\u00f3sito de impulsar el esp\u00edritu emprendedor y la competencia emprendedora entre el alumnado universitario, as\u00ed como la investigaci\u00f3n en temas de emprendimiento.[\/vc_column_text][\/vc_column][\/vc_row][vc_row][vc_column][vc_empty_space][\/vc_column][\/vc_row][vc_row][vc_column width=\u00bb1\/4&#8243;][vc_message message_box_style=\u00bboutline\u00bb style=\u00bbsquare\u00bb icon_fontawesome=\u00bbfa fa-star-o\u00bb css_animation=\u00bbbounceIn\u00bb]VALORES[\/vc_message][\/vc_column][vc_column width=\u00bb3\/4&#8243;][vc_column_text]En el mundo en el que vivimos no es posible el desarrollo de actividad econ\u00f3mica sin generar cambios sociales desde la \u00e9tica y la responsabilidad. [\/vc_column_text][\/vc_column][\/vc_row][vc_row][vc_column][vc_empty_space][\/vc_column][\/vc_row][vc_row][vc_column][vc_column_text]<\/p>\n<h2 style=\"text-align: center;\">MIEMBROS<\/h2>\n<p>[\/vc_column_text][vc_empty_space][\/vc_column][\/vc_row][vc_row][vc_column][vc_empty_space][vc_column_text]<\/p>\n<h1 style=\"text-align: center;\"><span style=\"font-weight: 400;\">Consejo de Direcci\u00f3n<\/span><\/h1>\n<p>[\/vc_column_text][\/vc_column][\/vc_row][vc_row][vc_column][vc_empty_space][\/vc_column][\/vc_row][vc_row][vc_column width=\u00bb1\/4&#8243;][vc_single_image image=\u00bb345&#8243;][\/vc_column][vc_column width=\u00bb3\/4&#8243;][vc_column_text]<b>Director<\/b><\/p>\n<p><b>Edgar J. Sabina del Castillo<\/b><span style=\"font-weight: 400;\"> es profesor de Marketing en la Universidad de La Laguna, adscrito al Departamento de Direcci\u00f3n de Empresas e Historia Econ\u00f3mica de la Facultad de Econom\u00eda, Empresa y Turismo. Su actividad docente y profesional se centra en el \u00e1mbito del marketing y el emprendimiento. Sus l\u00edneas de investigaci\u00f3n se orientan al comportamiento del consumidor, especialmente en relaci\u00f3n con el consumo de productos locales. Participa en congresos nacionales e internacionales de marketing y forma parte del Grupo de Investigaci\u00f3n \u201cNeuromarketing y Marketing de Frontera\u201d de la ULL. Adem\u00e1s, organiza TEDxLa Laguna, un evento sin \u00e1nimo de lucro orientado a dar voz a personas que inspiran y a promover el pensamiento innovador. Desde 2026 es director de la C\u00e1tedra Fundaci\u00f3n DISA de J\u00f3venes Emprendedores de la ULL.<\/span>[\/vc_column_text][\/vc_column][\/vc_row][vc_row][vc_column][vc_empty_space height=\u00bb15px\u00bb][vc_separator][vc_empty_space height=\u00bb15px\u00bb][\/vc_column][\/vc_row][vc_row][vc_column width=\u00bb1\/4&#8243;][vc_single_image image=\u00bb204&#8243;][\/vc_column][vc_column width=\u00bb3\/4&#8243;][vc_column_text]<b>Subdirector de Investigaci\u00f3n y Transferencia<\/b><\/p>\n<p><b>Desiderio Guti\u00e9rrez Ta\u00f1o<\/b><span style=\"font-weight: 400;\"> es profesor de marketing de la Universidad de La Laguna. Pertenece al grupo de investigaci\u00f3n empresa-sociedad y ha sido codirector del t\u00edtulo propio de Desarrollo Emprendedor. Una de sus l\u00edneas principales de investigaci\u00f3n es la emprendeduria.<\/span>[\/vc_column_text][\/vc_column][\/vc_row][vc_row disable_element=\u00bbyes\u00bb][vc_column width=\u00bb1\/4&#8243;][vc_single_image image=\u00bb206&#8243;][\/vc_column][vc_column width=\u00bb3\/4&#8243;][vc_column_text]<b>Subdirector de Investigaci\u00f3n y Transferencia<\/b><\/p>\n<p><span style=\"font-weight: 400;\">Francisco J. Garc\u00eda Rodr\u00edguez es profesor titular de organizaci\u00f3n de empresas en la Universidad de La Laguna. Durante cuatro a\u00f1os (2015-2019) ocup\u00f3 el cargo de vicerrector de Relaciones con la Sociedad con competencias en empleabilidad y emprendimiento y responsabilidad social universitaria. Puso en marcha y dirigi\u00f3 durante tres a\u00f1os (2008-2011) el Programa de Fomento al Emprendimiento de la Universidad de La Laguna (Emprende.ull). Es Investigador Principal del grupo de investigaci\u00f3n Empresa y Sociedad y ha participado en m\u00faltiples proyectos nacionales e internacionales, tanto de investigaci\u00f3n como de innovaci\u00f3n docente en educaci\u00f3n emprendedora, teniendo una abundante producci\u00f3n cient\u00edfica en ese \u00e1mbito. Forma parte del \u00c1rea de Emprendimiento de la Asociaci\u00f3n Cient\u00edfica de Econom\u00eda y Direcci\u00f3n de Empresas (ACEDE).<\/span><\/p>\n<p>[\/vc_column_text][\/vc_column][\/vc_row][vc_row][vc_column][vc_empty_space height=\u00bb15px\u00bb][vc_separator][vc_empty_space height=\u00bb15px\u00bb][\/vc_column][\/vc_row][vc_row][vc_column width=\u00bb1\/4&#8243;][vc_single_image image=\u00bb299&#8243;][\/vc_column][vc_column width=\u00bb3\/4&#8243;][vc_column_text]<b>Subdirector de Formaci\u00f3n<\/b><\/p>\n<p><b>Jos\u00e9 Francisco G\u00f3mez Gonz\u00e1lez <\/b>es profesor titular del Departamento de Ingenier\u00eda Industrial en el \u00c1rea de Ingenier\u00eda El\u00e9ctrica. Es Licenciado en F\u00edsica e Ingeniero Electr\u00f3nico por la Universidad de La Laguna. Realiz\u00f3 su doctorado en el Departamento de Medicina F\u00edsica y Farmacolog\u00eda de la misma universidad, enfocado en la investigaci\u00f3n biom\u00e9dica b\u00e1sica. Su trayectoria incluye estancias postdoctorales en instituciones como UCLA, FORTH y CNRS, destacando su investigaci\u00f3n en neurociencia computacional y en diferentes \u00e1mbitos de la ingenier\u00eda como sistemas de control, energ\u00edas y modelado matem\u00e1tico.[\/vc_column_text][\/vc_column][\/vc_row][vc_row][vc_column][vc_empty_space height=\u00bb15px\u00bb][vc_separator][vc_empty_space height=\u00bb15px\u00bb][\/vc_column][\/vc_row][vc_row][vc_column][vc_column_text]<\/p>\n<h2 style=\"text-align: left;\"><span style=\"font-weight: 400;\">Comisi\u00f3n Mixta<\/span><\/h2>\n<p>[\/vc_column_text][\/vc_column][\/vc_row][vc_row][vc_column][vc_empty_space][vc_column_text]Isabel Karely Le\u00f3n P\u00e9rez. Vicerrectora de Cultura y Extensi\u00f3n Universitaria<br \/>\nMarta Dom\u00ednguez Herrera. Directora de Secretariado de C\u00e1tedras Institucionales y de Empresa<br \/>\nSara Mateo Artiles. Directora de Fundaci\u00f3n DISA.<br \/>\nMarta L\u00f3pez Quevedo. T\u00e9cnico Responsable de las \u00c1reas Cient\u00edfico \u2013 Educativa, Investigaci\u00f3n y Medioambiental de la Fundaci\u00f3n DISA.[\/vc_column_text][\/vc_column][\/vc_row][vc_row][vc_column][vc_empty_space height=\u00bb15px\u00bb][vc_separator][vc_empty_space height=\u00bb15px\u00bb][\/vc_column][\/vc_row][vc_row][vc_column][vc_column_text]<\/p>\n<h2 style=\"text-align: left;\"><span style=\"font-weight: 400;\">Reglamento<\/span><\/h2>\n<p>[\/vc_column_text][\/vc_column][\/vc_row][vc_row][vc_column][vc_empty_space][vc_column_text]<a href=\"https:\/\/riull.ull.es\/xmlui\/bitstream\/handle\/915\/8867\/modificacion_catedras.pdf?sequence=1&amp;isAllowed=y\" target=\"_blank\" rel=\"noopener\"><span style=\"font-weight: 400;\">Reglamento<\/span><\/a><span style=\"font-weight: 400;\"> para la creaci\u00f3n, organizaci\u00f3n y funcionamiento de las c\u00e1tedras institucionales y de empresa de la Universidad de La Laguna.\u00a0<\/span><\/p>\n<p><span style=\"font-weight: 400;\">Direcci\u00f3n: Camino La Hornera, 37. Facultad de Econom\u00eda, Empresa y Turismo. C\u00f3digo postal 38200. San Crist\u00f3bal de La Laguna. S\/C de Tenerife.\u00a0<\/span><\/p>\n<p><span style=\"font-weight: 400;\">Calle Prof. Jos\u00e9 Luis Moreno Becerra, 10, 38205 San Crist\u00f3bal de La Laguna, Santa Cruz de Tenerife.\u00a0<\/span><\/p>\n<p><span style=\"font-weight: 400;\">Correo electr\u00f3nico <\/span><a href=\"mailto:cjeull@ull.es\" target=\"_blank\" rel=\"noopener\"><span style=\"font-weight: 400;\">cjeull@ull.es<\/span><\/a>[\/vc_column_text][vc_single_image image=\u00bb28&#8243; img_size=\u00bbmedium\u00bb alignment=\u00bbright\u00bb onclick=\u00bbcustom_link\u00bb link=\u00bbhttps:\/\/www.fundaciondisa.org\u00bb][\/vc_column][\/vc_row]<\/p>\n","protected":false},"excerpt":{"rendered":"<p>[vc_row][vc_column][vc_column_text][\/vc_column_text][\/vc_column][\/vc_row][vc_row][vc_column][vc_empty_space][\/vc_column][\/vc_row][vc_row][vc_column][vc_column_text][\/vc_column_text][\/vc_column][\/vc_row][vc_row][vc_column width=\u00bb1\/4&#8243;][vc_message message_box_style=\u00bboutline\u00bb style=\u00bbsquare\u00bb icon_fontawesome=\u00bbfa fa-eye\u00bb css_animation=\u00bbbounceIn\u00bb]VISI\u00d3N[\/vc_message][\/vc_column][vc_column width=\u00bb3\/4&#8243;][vc_column_text]La C\u00e1tedra Fundaci\u00f3n DISA de J\u00f3venes Emprendedores de la Universidad de La Laguna aspira a promover la cultura emprendedora en el \u00e1mbito universitario con el fin de dotar a las personas que liderar\u00e1n el futuro de las herramientas necesarias para identificar problemas y proponer soluciones innovadoras.[\/vc_column_text][\/vc_column][\/vc_row][vc_row][vc_column][vc_empty_space][\/vc_column][\/vc_row][vc_row][vc_column width=\u00bb1\/4&#8243;][vc_message message_box_style=\u00bboutline\u00bb&#8230;<\/p>\n","protected":false},"author":5,"featured_media":0,"parent":0,"menu_order":0,"comment_status":"closed","ping_status":"closed","template":"templates\/template-frontpage.php","meta":[],"_links":{"self":[{"href":"https:\/\/www.ull.es\/catedras\/catedra-jovenes-emprendedores\/wp-json\/wp\/v2\/pages\/21"}],"collection":[{"href":"https:\/\/www.ull.es\/catedras\/catedra-jovenes-emprendedores\/wp-json\/wp\/v2\/pages"}],"about":[{"href":"https:\/\/www.ull.es\/catedras\/catedra-jovenes-emprendedores\/wp-json\/wp\/v2\/types\/page"}],"author":[{"embeddable":true,"href":"https:\/\/www.ull.es\/catedras\/catedra-jovenes-emprendedores\/wp-json\/wp\/v2\/users\/5"}],"replies":[{"embeddable":true,"href":"https:\/\/www.ull.es\/catedras\/catedra-jovenes-emprendedores\/wp-json\/wp\/v2\/comments?post=21"}],"version-history":[{"count":20,"href":"https:\/\/www.ull.es\/catedras\/catedra-jovenes-emprendedores\/wp-json\/wp\/v2\/pages\/21\/revisions"}],"predecessor-version":[{"id":346,"href":"https:\/\/www.ull.es\/catedras\/catedra-jovenes-emprendedores\/wp-json\/wp\/v2\/pages\/21\/revisions\/346"}],"wp:attachment":[{"href":"https:\/\/www.ull.es\/catedras\/catedra-jovenes-emprendedores\/wp-json\/wp\/v2\/media?parent=21"}],"curies":[{"name":"wp","href":"https:\/\/api.w.org\/{rel}","templated":true}]}}