{"id":20,"date":"2020-04-22T10:27:29","date_gmt":"2020-04-22T10:27:29","guid":{"rendered":"https:\/\/www.ull.es\/catedras\/catedra-blockchain-bigdata\/?page_id=20"},"modified":"2021-11-21T15:19:13","modified_gmt":"2021-11-21T15:19:13","slug":"inicio","status":"publish","type":"page","link":"https:\/\/www.ull.es\/catedras\/catedrabob\/","title":{"rendered":"Inicio"},"content":{"rendered":"<p>[vc_row][vc_column][rev_slider_vc alias=\u00bbinicio-ull1&#8243;][\/vc_column][\/vc_row][vc_row][vc_column][vc_empty_space][\/vc_column][\/vc_row][vc_row css_animation=\u00bbfadeInUp\u00bb][vc_column][vc_row_inner][vc_column_inner][vc_empty_space height=\u00bb20px\u00bb][vc_column_text]<\/p>\n<p dir=\"ltr\" style=\"text-align: center\"><span style=\"font-weight: 400\">La Universidad de La Laguna y Cajasiete desarrollan la C\u00e1tedra Big Data, Open Data y Blockchain, con el objetivo de contribuir a<br \/>\nla transformaci\u00f3n digital y al desarrollo de los modelos de negocio p\u00fablico-privado de Canarias, mediante la investigaci\u00f3n,<br \/>\nformaci\u00f3n y divulgaci\u00f3n en material de Big Data, Open Data y Blockchain.<\/span><\/p>\n<p>[\/vc_column_text][vc_empty_space height=\u00bb20px\u00bb][\/vc_column_inner][\/vc_row_inner][\/vc_column][\/vc_row][vc_row][vc_column css_animation=\u00bbfadeInLeft\u00bb width=\u00bb1\/3&#8243; el_class=\u00bbmorado\u00bb offset=\u00bbvc_hidden-lg vc_hidden-md\u00bb][vc_column_text css_animation=\u00bbfadeInLeft\u00bb]<\/p>\n<p class=\"personas\"><a class=\"text-mobile\" href=\"https:\/\/www.ull.es\/catedras\/catedrabob\/que-es-big-data\/\" target=\"_blank\" rel=\"noopener\">BIG DATA<\/a><\/p>\n<p>[\/vc_column_text][\/vc_column][vc_column css_animation=\u00bbfadeInDown\u00bb width=\u00bb1\/3&#8243; el_class=\u00bbmorado\u00bb offset=\u00bbvc_hidden-lg vc_hidden-md\u00bb][vc_column_text css_animation=\u00bbfadeInUp\u00bb]<\/p>\n<p class=\"personas\"><a class=\"text-mobile\" href=\"https:\/\/www.ull.es\/catedras\/catedrabob\/que-es-open-data\/\" target=\"_blank\" rel=\"noopener\">OPEN DATA<\/a><\/p>\n<p>[\/vc_column_text][\/vc_column][vc_column css_animation=\u00bbfadeInRight\u00bb width=\u00bb1\/3&#8243; el_class=\u00bbmorado\u00bb offset=\u00bbvc_hidden-lg vc_hidden-md\u00bb][vc_column_text css_animation=\u00bbfadeInRight\u00bb]<\/p>\n<p class=\"personas\"><a class=\"text-mobile\" href=\"https:\/\/www.ull.es\/catedras\/catedrabob\/que-es-blockchain\/\" target=\"_blank\" rel=\"noopener\">BLOCKCHAIN<\/a><\/p>\n<p>[\/vc_column_text][\/vc_column][\/vc_row][vc_row][vc_column][vc_empty_space][\/vc_column][\/vc_row][vc_row css_animation=\u00bbnone\u00bb][vc_column css_animation=\u00bbfadeInUp\u00bb][vc_message]Ya est\u00e1 disponible el <a href=\"https:\/\/www.ull.es\/catedras\/catedrabob\/informe-mapa-bob-2021\/\" target=\"_blank\" rel=\"noopener\" target=\"_blank\" rel=\"noopener\">informe \u00abMapa BOB\u00bb 2021<\/a> sobre el estado de digitalizaci\u00f3n de las entidades canarias. Donde tratamos el estado actual y las acciones que realizaremos para contribuir a mejorar la situaci\u00f3n de las islas. <a href=\"https:\/\/www.ull.es\/catedras\/catedrabob\/informe-mapa-bob-2021\/\" target=\"_blank\" rel=\"noopener\" target=\"_blank\" rel=\"noopener\">Puede consultarlo en este enlace<\/a>.[\/vc_message][\/vc_column][\/vc_row][vc_row][vc_column css_animation=\u00bbfadeInUp\u00bb width=\u00bb1\/3&#8243;][vc_column_text css_animation=\u00bbbounceIn\u00bb]<style>\n    .news-group .bg-size {\n        background-position: center;\n        background-size: cover;\n        width: 100%;\n        height: 48px;\n    }\n    .news-group .list-group-item-text {\n        font-size: 13px;\n    }\n    .news-group .col-md-3 {\n        padding-right: 0;\n    }\n    .news-group .list-group-item-date {\n        font-size: 11px;\n        color: #A4A4A4;\n        margin-bottom: 2px;\n        text-transform: uppercase;\n    }\n\n    .mensaje.alert-warning{\n        font-size: 12px;\n        margin: 14px !important;\n        padding: 4px 8px;\n        color: #cca60b;\n    }\n<\/style>\n\n<div class=\"panel panel-default\">\n    <div class=\"panel-heading\">\n        <h3 class=\"panel-title\">Noticias<\/h3>\n    <\/div>\n\n    <div class=\"list-group news-group\">\n                    <a href=\"https:\/\/www.ull.es\/portal\/noticias\/2025\/la-catedra-de-big-data-de-la-ull-un-ejemplo-de-transferencia-universitaria-a-la-sociedad\/\" class=\"list-group-item\">\n                <div class=\"row\">\n                    <div class=\"col-md-3\">\n                        <div class=\"bg-size\" style=\"background-image: url('https:\/\/www.ull.es\/portal\/noticias\/wp-content\/uploads\/sites\/13\/2025\/09\/Renovacion-Catedr-Big-Data-29-300x200.jpg');\"><\/div>\n                    <\/div>\n                    <div class=\"col-md-9\">\n                        <p class=\"list-group-item-date\">\n                            16 Sep 2025 - 13:21 UTC                        <\/p>\n                        <p class=\"list-group-item-text\">La C\u00e1tedra de Big Data de la ULL, un ejemplo de transferencia universitaria a la sociedad<\/p>\n                    <\/div>\n                <\/div>\n            <\/a>\n                    <a href=\"https:\/\/www.ull.es\/portal\/noticias\/2025\/la-catedra-bob-de-la-ull-inaugura-un-espacio-propio-en-la-escuela-superior-de-ingenieria-y-tecnologia\/\" class=\"list-group-item\">\n                <div class=\"row\">\n                    <div class=\"col-md-3\">\n                        <div class=\"bg-size\" style=\"background-image: url('https:\/\/www.ull.es\/portal\/noticias\/wp-content\/uploads\/sites\/13\/2025\/04\/Aula-Catedra-BOB-25-300x200.jpg');\"><\/div>\n                    <\/div>\n                    <div class=\"col-md-9\">\n                        <p class=\"list-group-item-date\">\n                            30 Apr 2025 - 13:58 UTC                        <\/p>\n                        <p class=\"list-group-item-text\">La C\u00e1tedra BOB de la ULL inaugura un espacio propio en la Escuela Superior de Ingenier\u00eda y Tecnolog\u00eda<\/p>\n                    <\/div>\n                <\/div>\n            <\/a>\n                    <a href=\"https:\/\/www.ull.es\/portal\/noticias\/2024\/el-cabildo-de-tenerife-y-la-ull-colaboran-en-un-estudio-de-movilidad-sostenible-para-el-macizo-de-anaga\/\" class=\"list-group-item\">\n                <div class=\"row\">\n                    <div class=\"col-md-3\">\n                        <div class=\"bg-size\" style=\"background-image: url('https:\/\/www.ull.es\/portal\/noticias\/wp-content\/uploads\/sites\/13\/2024\/11\/Macizo-de-Anaga_web-300x200.jpg');\"><\/div>\n                    <\/div>\n                    <div class=\"col-md-9\">\n                        <p class=\"list-group-item-date\">\n                            08 Nov 2024 - 13:02 UTC                        <\/p>\n                        <p class=\"list-group-item-text\">El Cabildo de Tenerife y la ULL colaboran en un estudio de movilidad sostenible para el Macizo de Anaga<\/p>\n                    <\/div>\n                <\/div>\n            <\/a>\n                    <a href=\"https:\/\/www.ull.es\/portal\/noticias\/2024\/catedra-big-data-constata-aumento-digitalizacion-empresarial-canarias\/\" class=\"list-group-item\">\n                <div class=\"row\">\n                    <div class=\"col-md-3\">\n                        <div class=\"bg-size\" style=\"background-image: url('https:\/\/www.ull.es\/portal\/noticias\/wp-content\/uploads\/sites\/13\/2024\/09\/Catedr-CajaSiete-sept24-013-300x200.jpg');\"><\/div>\n                    <\/div>\n                    <div class=\"col-md-9\">\n                        <p class=\"list-group-item-date\">\n                            12 Sep 2024 - 13:43 UTC                        <\/p>\n                        <p class=\"list-group-item-text\">La C\u00e1tedra de Big Data de la ULL constata un aumento de la digitalizaci\u00f3n empresarial en Canarias<\/p>\n                    <\/div>\n                <\/div>\n            <\/a>\n                    <a href=\"https:\/\/www.ull.es\/portal\/noticias\/2024\/ull-cajasiete-renuevan-amplian-colaboracion\/\" class=\"list-group-item\">\n                <div class=\"row\">\n                    <div class=\"col-md-3\">\n                        <div class=\"bg-size\" style=\"background-image: url('https:\/\/www.ull.es\/portal\/noticias\/wp-content\/uploads\/sites\/13\/2024\/04\/convenio-cajasiete-300x200.jpg');\"><\/div>\n                    <\/div>\n                    <div class=\"col-md-9\">\n                        <p class=\"list-group-item-date\">\n                            29 Apr 2024 - 13:39 UTC                        <\/p>\n                        <p class=\"list-group-item-text\">La Universidad de La Laguna y Cajasiete renuevan y ampl\u00edan su colaboraci\u00f3n<\/p>\n                    <\/div>\n                <\/div>\n            <\/a>\n            <\/div>\n    <div class=\"panel-footer\">\n        <a href=\"https:\/\/www.ull.es\/portal\/noticias\/?cat=6459\">M\u00c1S NOTICIAS <i class=\"fa fa-chevron-right\"><\/i><\/a>\n    <\/div>\n\n\n<\/div>[\/vc_column_text][\/vc_column][vc_column css_animation=\u00bbfadeInUp\u00bb width=\u00bb1\/3&#8243;][vc_column_text]\n<style>\n    .events-group .bg-size {\n        background-position: center;\n        background-size: cover;\n        width: 100%;\n        height: 48px;\n    }\n    .events-group .list-group-item-text {\n        font-size: 13px;\n    }\n    .events-group .col-md-3 {\n        padding-right: 0;\n    }\n    .events-group .list-group-item-date {\n        font-size: 11px;\n        color: #A4A4A4;\n        margin-bottom: 2px;\n        text-transform: uppercase;\n    }\n\n    .mensaje.alert-warning{\n        font-size: 12px;\n        margin: 14px !important;\n        padding: 4px 8px;\n        color: #cca60b;\n    }\n\n<\/style>\n\n<div class=\"panel panel-default\">\n    <div class=\"panel-heading\">\n        <h3 class=\"panel-title\">Eventos<\/h3>\n    <\/div>\n\n    <div class=\"list-group events-group\">\n\n        <div class=\"mensaje alert alert-warning\">No hay eventos disponibles.<\/div>\n    <\/div>\n\n\n<\/div>\n[\/vc_column_text][\/vc_column][vc_column css_animation=\u00bbfadeInUp\u00bb width=\u00bb1\/3&#8243;][vc_raw_html]JTNDYSUyMGNsYXNzJTNEJTIydHdpdHRlci10aW1lbGluZSUyMiUyMGRhdGEtaGVpZ2h0JTNEJTIyNjAwJTIyJTIwaHJlZiUzRCUyMmh0dHBzJTNBJTJGJTJGdHdpdHRlci5jb20lMkZDYXRlZHJhQk9CJTNGcmVmX3NyYyUzRHR3c3JjJTI1NUV0ZnclMjIlM0VUd2VldHMlMjBieSUyMENhdGVkcmFCT0IlM0MlMkZhJTNFJTIwJTBBJTNDc2NyaXB0JTNFJTIxZnVuY3Rpb24lMjhkJTJDcyUyQ2lkJTI5JTdCdmFyJTIwanMlMkNmanMlM0RkLmdldEVsZW1lbnRzQnlUYWdOYW1lJTI4cyUyOSU1QjAlNUQlM0JpZiUyOCUyMWQuZ2V0RWxlbWVudEJ5SWQlMjhpZCUyOSUyOSU3QmpzJTNEZC5jcmVhdGVFbGVtZW50JTI4cyUyOSUzQmpzLmlkJTNEaWQlM0Jqcy5zcmMlM0QlMjJodHRwcyUzQSUyRiUyRnBsYXRmb3JtLnR3aXR0ZXIuY29tJTJGd2lkZ2V0cy5qcyUyMiUzQmZqcy5wYXJlbnROb2RlLmluc2VydEJlZm9yZSUyOGpzJTJDZmpzJTI5JTNCJTdEJTdEJTI4ZG9jdW1lbnQlMkMlMjJzY3JpcHQlMjIlMkMlMjJ0d2l0dGVyLXdqcyUyMiUyOSUzQiUzQyUyRnNjcmlwdCUzRQ==[\/vc_raw_html][\/vc_column][\/vc_row][vc_row][vc_column][vc_raw_js]JTNDc2NyaXB0JTNFJTIwZG9jdW1lbnQudGl0bGUlMjAlM0QlMjAlMjJDJUMzJUExdGVkcmElMjBDYWphc2lldGUlMjBCT0IlMjIlMjAlM0MlMkZzY3JpcHQlM0U=[\/vc_raw_js][vc_raw_js]JTNDc2NyaXB0JTNFZnVuY3Rpb24lMjBsb2FkU2NyaXB0JTI4YSUyOSU3QnZhciUyMGIlM0Rkb2N1bWVudC5nZXRFbGVtZW50c0J5VGFnTmFtZSUyOCUyMmhlYWQlMjIlMjklNUIwJTVEJTJDYyUzRGRvY3VtZW50LmNyZWF0ZUVsZW1lbnQlMjglMjJzY3JpcHQlMjIlMjklM0JjLnR5cGUlM0QlMjJ0ZXh0JTJGamF2YXNjcmlwdCUyMiUyQ2Muc3JjJTNEJTIyaHR0cHMlM0ElMkYlMkZ0cmFja2VyLm1ldHJpY29vbC5jb20lMkZyZXNvdXJjZXMlMkZiZS5qcyUyMiUyQ2Mub25yZWFkeXN0YXRlY2hhbmdlJTNEYSUyQ2Mub25sb2FkJTNEYSUyQ2IuYXBwZW5kQ2hpbGQlMjhjJTI5JTdEbG9hZFNjcmlwdCUyOGZ1bmN0aW9uJTI4JTI5JTdCYmVUcmFja2VyLnQlMjglN0JoYXNoJTNBJTIyYjc3YjRhZTc0YTY0YTIzYmMxNTM0OWQ3YzM1NDIyMmIlMjIlN0QlMjklN0QlMjklM0IlM0MlMkZzY3JpcHQlM0UlMEE=[\/vc_raw_js][\/vc_column][\/vc_row]<\/p>\n","protected":false},"excerpt":{"rendered":"<p>[vc_row][vc_column][rev_slider_vc alias=\u00bbinicio-ull1&#8243;][\/vc_column][\/vc_row][vc_row][vc_column][vc_empty_space][\/vc_column][\/vc_row][vc_row css_animation=\u00bbfadeInUp\u00bb][vc_column][vc_row_inner][vc_column_inner][vc_empty_space height=\u00bb20px\u00bb][vc_column_text] La Universidad de La Laguna y Cajasiete desarrollan la C\u00e1tedra Big Data, Open Data y Blockchain, con el objetivo de contribuir a la transformaci\u00f3n digital y al desarrollo de los modelos de negocio p\u00fablico-privado de Canarias, mediante la investigaci\u00f3n, formaci\u00f3n y divulgaci\u00f3n en material de Big Data, Open Data y Blockchain&#8230;.<\/p>\n","protected":false},"author":5,"featured_media":0,"parent":0,"menu_order":0,"comment_status":"closed","ping_status":"closed","template":"templates\/template-frontpage.php","meta":[],"_links":{"self":[{"href":"https:\/\/www.ull.es\/catedras\/catedrabob\/wp-json\/wp\/v2\/pages\/20"}],"collection":[{"href":"https:\/\/www.ull.es\/catedras\/catedrabob\/wp-json\/wp\/v2\/pages"}],"about":[{"href":"https:\/\/www.ull.es\/catedras\/catedrabob\/wp-json\/wp\/v2\/types\/page"}],"author":[{"embeddable":true,"href":"https:\/\/www.ull.es\/catedras\/catedrabob\/wp-json\/wp\/v2\/users\/5"}],"replies":[{"embeddable":true,"href":"https:\/\/www.ull.es\/catedras\/catedrabob\/wp-json\/wp\/v2\/comments?post=20"}],"version-history":[{"count":71,"href":"https:\/\/www.ull.es\/catedras\/catedrabob\/wp-json\/wp\/v2\/pages\/20\/revisions"}],"predecessor-version":[{"id":1611,"href":"https:\/\/www.ull.es\/catedras\/catedrabob\/wp-json\/wp\/v2\/pages\/20\/revisions\/1611"}],"wp:attachment":[{"href":"https:\/\/www.ull.es\/catedras\/catedrabob\/wp-json\/wp\/v2\/media?parent=20"}],"curies":[{"name":"wp","href":"https:\/\/api.w.org\/{rel}","templated":true}]}}