{"id":243,"date":"2020-05-04T10:53:26","date_gmt":"2020-05-04T10:53:26","guid":{"rendered":"https:\/\/www.ull.es\/catedras\/catedra-blockchain-bigdata\/?page_id=243"},"modified":"2025-02-25T12:53:18","modified_gmt":"2025-02-25T12:53:18","slug":"consejo-de-direccion","status":"publish","type":"page","link":"https:\/\/www.ull.es\/catedras\/discapacidad-auditiva-accesibilidad\/miembros\/consejo-de-direccion\/","title":{"rendered":"Consejo de Direcci\u00f3n"},"content":{"rendered":"\t\t<div data-elementor-type=\"wp-page\" data-elementor-id=\"243\" class=\"elementor elementor-243\">\n\t\t\t\t\t\t\t\t\t<section class=\"elementor-section elementor-top-section elementor-element elementor-element-5f246c7 elementor-section-boxed elementor-section-height-default elementor-section-height-default\" data-id=\"5f246c7\" data-element_type=\"section\">\n\t\t\t\t\t\t<div class=\"elementor-container elementor-column-gap-default\">\n\t\t\t\t\t<div class=\"elementor-column elementor-col-100 elementor-top-column elementor-element elementor-element-b0aa8ed\" data-id=\"b0aa8ed\" data-element_type=\"column\">\n\t\t\t<div class=\"elementor-widget-wrap elementor-element-populated\">\n\t\t\t\t\t\t\t\t<div class=\"elementor-element elementor-element-deecde1 elementor-widget elementor-widget-html\" data-id=\"deecde1\" data-element_type=\"widget\" data-widget_type=\"html.default\">\n\t\t\t\t<div class=\"elementor-widget-container\">\n\t\t\t<nav class=\"ull-breadcrumbs\" role=\"navigation\" aria-label=\"breadcrumbs\"><ul><li><a href=\"https:\/\/www.ull.es\/catedras\/\" title=\"Universidad de La Laguna\" target=\"_blank\" rel=\"noopener\">Inicio<\/a><\/li><li><a href=\"https:\/\/www.ull.es\/catedras\/discapacidad-auditiva-accesibilidad\/\" title=\"C\u00e1tedra en Discapacidad Auditiva y accesibilidad\" target=\"_blank\" rel=\"noopener\">C\u00e1tedra en Discapacidad Auditiva y accesibilidad<\/a><\/li><li><a href=\"https:\/\/www.ull.es\/catedras\/discapacidad-auditiva-accesibilidad\/miembros\/\" title=\"Miembros\" target=\"_blank\" rel=\"noopener\">Miembros<\/a><\/li><li class=\"current\"><span>Consejo de Direcci\u00f3n<\/span><\/li><\/ul><\/nav>\t\t<\/div>\n\t\t\t\t<\/div>\n\t\t\t\t\t<\/div>\n\t\t<\/div>\n\t\t\t\t\t\t\t<\/div>\n\t\t<\/section>\n\t\t\t\t<section class=\"elementor-section elementor-top-section elementor-element elementor-element-364737c4 elementor-section-full_width elementor-section-height-default elementor-section-height-default\" data-id=\"364737c4\" data-element_type=\"section\" data-settings=\"{&quot;background_background&quot;:&quot;gradient&quot;}\">\n\t\t\t\t\t\t<div class=\"elementor-container elementor-column-gap-default\">\n\t\t\t\t\t<div class=\"elementor-column elementor-col-100 elementor-top-column elementor-element elementor-element-488c0e75\" data-id=\"488c0e75\" data-element_type=\"column\">\n\t\t\t<div class=\"elementor-widget-wrap elementor-element-populated\">\n\t\t\t\t\t\t\t\t<div class=\"elementor-element elementor-element-e966a8a elementor-widget elementor-widget-heading\" data-id=\"e966a8a\" data-element_type=\"widget\" data-widget_type=\"heading.default\">\n\t\t\t\t<div class=\"elementor-widget-container\">\n\t\t\t<style>\/*! elementor - v3.10.1 - 17-01-2023 *\/\n.elementor-heading-title{padding:0;margin:0;line-height:1}.elementor-widget-heading .elementor-heading-title[class*=elementor-size-]>a{color:inherit;font-size:inherit;line-height:inherit}.elementor-widget-heading .elementor-heading-title.elementor-size-small{font-size:15px}.elementor-widget-heading .elementor-heading-title.elementor-size-medium{font-size:19px}.elementor-widget-heading .elementor-heading-title.elementor-size-large{font-size:29px}.elementor-widget-heading .elementor-heading-title.elementor-size-xl{font-size:39px}.elementor-widget-heading .elementor-heading-title.elementor-size-xxl{font-size:59px}<\/style><h2 class=\"elementor-heading-title elementor-size-default\">Consejo de Direcci\u00f3n<\/h2>\t\t<\/div>\n\t\t\t\t<\/div>\n\t\t\t\t\t<\/div>\n\t\t<\/div>\n\t\t\t\t\t\t\t<\/div>\n\t\t<\/section>\n\t\t\t\t<section class=\"elementor-section elementor-top-section elementor-element elementor-element-e2eb8a2 elementor-section-boxed elementor-section-height-default elementor-section-height-default\" data-id=\"e2eb8a2\" data-element_type=\"section\">\n\t\t\t\t\t\t<div class=\"elementor-container elementor-column-gap-default\">\n\t\t\t\t\t<div class=\"elementor-column elementor-col-100 elementor-top-column elementor-element elementor-element-a3bfdab\" data-id=\"a3bfdab\" data-element_type=\"column\" data-settings=\"{&quot;background_background&quot;:&quot;classic&quot;}\">\n\t\t\t<div class=\"elementor-widget-wrap elementor-element-populated\">\n\t\t\t\t\t\t\t\t<div class=\"elementor-element elementor-element-f0599f9 elementor-widget elementor-widget-heading\" data-id=\"f0599f9\" data-element_type=\"widget\" data-widget_type=\"heading.default\">\n\t\t\t\t<div class=\"elementor-widget-container\">\n\t\t\t<h2 class=\"elementor-heading-title elementor-size-default\">Equipo directivo<\/h2>\t\t<\/div>\n\t\t\t\t<\/div>\n\t\t\t\t\t<\/div>\n\t\t<\/div>\n\t\t\t\t\t\t\t<\/div>\n\t\t<\/section>\n\t\t\t\t<section class=\"elementor-section elementor-top-section elementor-element elementor-element-a424283 elementor-section-boxed elementor-section-height-default elementor-section-height-default\" data-id=\"a424283\" data-element_type=\"section\">\n\t\t\t\t\t\t<div class=\"elementor-container elementor-column-gap-default\">\n\t\t\t\t\t<div class=\"elementor-column elementor-col-50 elementor-top-column elementor-element elementor-element-79261f2\" data-id=\"79261f2\" data-element_type=\"column\">\n\t\t\t<div class=\"elementor-widget-wrap elementor-element-populated\">\n\t\t\t\t\t\t\t\t<div class=\"elementor-element elementor-element-70b51ee elementor-position-top elementor-vertical-align-top elementor-widget elementor-widget-image-box\" data-id=\"70b51ee\" data-element_type=\"widget\" data-widget_type=\"image-box.default\">\n\t\t\t\t<div class=\"elementor-widget-container\">\n\t\t\t<style>\/*! elementor - v3.10.1 - 17-01-2023 *\/\n.elementor-widget-image-box .elementor-image-box-content{width:100%}@media (min-width:768px){.elementor-widget-image-box.elementor-position-left .elementor-image-box-wrapper,.elementor-widget-image-box.elementor-position-right .elementor-image-box-wrapper{display:flex}.elementor-widget-image-box.elementor-position-right .elementor-image-box-wrapper{text-align:right;flex-direction:row-reverse}.elementor-widget-image-box.elementor-position-left .elementor-image-box-wrapper{text-align:left;flex-direction:row}.elementor-widget-image-box.elementor-position-top .elementor-image-box-img{margin:auto}.elementor-widget-image-box.elementor-vertical-align-top .elementor-image-box-wrapper{align-items:flex-start}.elementor-widget-image-box.elementor-vertical-align-middle .elementor-image-box-wrapper{align-items:center}.elementor-widget-image-box.elementor-vertical-align-bottom .elementor-image-box-wrapper{align-items:flex-end}}@media (max-width:767px){.elementor-widget-image-box .elementor-image-box-img{margin-left:auto!important;margin-right:auto!important;margin-bottom:15px}}.elementor-widget-image-box .elementor-image-box-img{display:inline-block}.elementor-widget-image-box .elementor-image-box-title a{color:inherit}.elementor-widget-image-box .elementor-image-box-wrapper{text-align:center}.elementor-widget-image-box .elementor-image-box-description{margin:0}<\/style><div class=\"elementor-image-box-wrapper\"><figure class=\"elementor-image-box-img\"><img width=\"432\" height=\"370\" src=\"https:\/\/www.ull.es\/catedras\/discapacidad-auditiva-accesibilidad\/wp-content\/uploads\/sites\/21\/2025\/02\/MARIA-DEL-CARMEN-RGUEZ-JIMENEZ.jpeg\" class=\"attachment-full size-full wp-image-1714\" alt=\"\" loading=\"lazy\" srcset=\"https:\/\/www.ull.es\/catedras\/discapacidad-auditiva-accesibilidad\/wp-content\/uploads\/sites\/21\/2025\/02\/MARIA-DEL-CARMEN-RGUEZ-JIMENEZ.jpeg 432w, https:\/\/www.ull.es\/catedras\/discapacidad-auditiva-accesibilidad\/wp-content\/uploads\/sites\/21\/2025\/02\/MARIA-DEL-CARMEN-RGUEZ-JIMENEZ-300x257.jpeg 300w, https:\/\/www.ull.es\/catedras\/discapacidad-auditiva-accesibilidad\/wp-content\/uploads\/sites\/21\/2025\/02\/MARIA-DEL-CARMEN-RGUEZ-JIMENEZ-375x321.jpeg 375w\" sizes=\"(max-width: 432px) 100vw, 432px\" \/><\/figure><div class=\"elementor-image-box-content\"><h3 class=\"elementor-image-box-title\">Mar\u00eda del Carmen Rodr\u00edguez Jim\u00e9nez<\/h3><p class=\"elementor-image-box-description\">Direcci\u00f3n<\/p><\/div><\/div>\t\t<\/div>\n\t\t\t\t<\/div>\n\t\t\t\t<div class=\"elementor-element elementor-element-78f02f2 elementor-widget elementor-widget-toggle\" data-id=\"78f02f2\" data-element_type=\"widget\" data-widget_type=\"toggle.default\">\n\t\t\t\t<div class=\"elementor-widget-container\">\n\t\t\t<style>\/*! elementor - v3.10.1 - 17-01-2023 *\/\n.elementor-toggle{text-align:left}.elementor-toggle .elementor-tab-title{font-weight:700;line-height:1;margin:0;padding:15px;border-bottom:1px solid #d4d4d4;cursor:pointer;outline:none}.elementor-toggle .elementor-tab-title .elementor-toggle-icon{display:inline-block;width:1em}.elementor-toggle .elementor-tab-title .elementor-toggle-icon svg{-webkit-margin-start:-5px;margin-inline-start:-5px;width:1em;height:1em}.elementor-toggle .elementor-tab-title .elementor-toggle-icon.elementor-toggle-icon-right{float:right;text-align:right}.elementor-toggle .elementor-tab-title .elementor-toggle-icon.elementor-toggle-icon-left{float:left;text-align:left}.elementor-toggle .elementor-tab-title .elementor-toggle-icon .elementor-toggle-icon-closed{display:block}.elementor-toggle .elementor-tab-title .elementor-toggle-icon .elementor-toggle-icon-opened{display:none}.elementor-toggle .elementor-tab-title.elementor-active{border-bottom:none}.elementor-toggle .elementor-tab-title.elementor-active .elementor-toggle-icon-closed{display:none}.elementor-toggle .elementor-tab-title.elementor-active .elementor-toggle-icon-opened{display:block}.elementor-toggle .elementor-tab-content{padding:15px;border-bottom:1px solid #d4d4d4;display:none}@media (max-width:767px){.elementor-toggle .elementor-tab-title{padding:12px}.elementor-toggle .elementor-tab-content{padding:12px 10px}}.e-con-inner>.elementor-widget-toggle,.e-con>.elementor-widget-toggle{width:var(--container-widget-width);--flex-grow:var(--container-widget-flex-grow)}<\/style>\t\t<div class=\"elementor-toggle\" role=\"tablist\">\n\t\t\t\t\t\t\t<div class=\"elementor-toggle-item\">\n\t\t\t\t\t<div id=\"elementor-tab-title-1261\" class=\"elementor-tab-title\" data-tab=\"1\" role=\"tab\" aria-controls=\"elementor-tab-content-1261\" aria-expanded=\"false\">\n\t\t\t\t\t\t\t\t\t\t\t\t<span class=\"elementor-toggle-icon elementor-toggle-icon-left\" aria-hidden=\"true\">\n\t\t\t\t\t\t\t\t\t\t\t\t\t\t\t<span class=\"elementor-toggle-icon-closed\"><i class=\"fas fa-caret-right\"><\/i><\/span>\n\t\t\t\t\t\t\t\t<span class=\"elementor-toggle-icon-opened\"><i class=\"elementor-toggle-icon-opened fas fa-caret-up\"><\/i><\/span>\n\t\t\t\t\t\t\t\t\t\t\t\t\t<\/span>\n\t\t\t\t\t\t\t\t\t\t\t\t<a href=\"\" class=\"elementor-toggle-title\" target=\"_blank\" rel=\"noopener\">Informaci\u00f3n<\/a>\n\t\t\t\t\t<\/div>\n\n\t\t\t\t\t<div id=\"elementor-tab-content-1261\" class=\"elementor-tab-content elementor-clearfix\" data-tab=\"1\" role=\"tabpanel\" aria-labelledby=\"elementor-tab-title-1261\"><p>Licenciada en Ciencias de la Educaci\u00f3n, diplomada en Profesorado de Educaci\u00f3n General B\u00e1sica y experta en Logoterapia Infantil por la Universidad Complutense de Madrid.<\/p><p>Doctora en Educaci\u00f3n por la Universidad de La Laguna. Profesora Contratada Doctor del Departamento de Did\u00e1ctica e Investigaci\u00f3n Educativa de la Universidad de La Laguna. Miembro del Grupo de investigaci\u00f3n para la Educaci\u00f3n en la Diversidad (GIED). Docente en el Grado de Logopedia. Directora del M\u00e1ster\/Experto en Interpretaci\u00f3n de Lengua de Signos Espa\u00f1ola (2001\/2002).<\/p><\/div>\n\t\t\t\t<\/div>\n\t\t\t\t\t\t\t\t<\/div>\n\t\t\t\t<\/div>\n\t\t\t\t<\/div>\n\t\t\t\t\t<\/div>\n\t\t<\/div>\n\t\t\t\t<div class=\"elementor-column elementor-col-50 elementor-top-column elementor-element elementor-element-04d5921\" data-id=\"04d5921\" data-element_type=\"column\">\n\t\t\t<div class=\"elementor-widget-wrap elementor-element-populated\">\n\t\t\t\t\t\t\t\t<div class=\"elementor-element elementor-element-47975a6 elementor-position-top elementor-vertical-align-top elementor-widget elementor-widget-image-box\" data-id=\"47975a6\" data-element_type=\"widget\" data-widget_type=\"image-box.default\">\n\t\t\t\t<div class=\"elementor-widget-container\">\n\t\t\t<div class=\"elementor-image-box-wrapper\"><figure class=\"elementor-image-box-img\"><img width=\"1200\" height=\"1052\" src=\"https:\/\/www.ull.es\/catedras\/discapacidad-auditiva-accesibilidad\/wp-content\/uploads\/sites\/21\/2025\/02\/IRENE-PUERTA-ARAN\u0303A-1.jpg\" class=\"attachment-full size-full wp-image-1709\" alt=\"\" loading=\"lazy\" srcset=\"https:\/\/www.ull.es\/catedras\/discapacidad-auditiva-accesibilidad\/wp-content\/uploads\/sites\/21\/2025\/02\/IRENE-PUERTA-ARAN\u0303A-1.jpg 1200w, https:\/\/www.ull.es\/catedras\/discapacidad-auditiva-accesibilidad\/wp-content\/uploads\/sites\/21\/2025\/02\/IRENE-PUERTA-ARAN\u0303A-1-300x263.jpg 300w, https:\/\/www.ull.es\/catedras\/discapacidad-auditiva-accesibilidad\/wp-content\/uploads\/sites\/21\/2025\/02\/IRENE-PUERTA-ARAN\u0303A-1-1024x898.jpg 1024w, https:\/\/www.ull.es\/catedras\/discapacidad-auditiva-accesibilidad\/wp-content\/uploads\/sites\/21\/2025\/02\/IRENE-PUERTA-ARAN\u0303A-1-768x673.jpg 768w, https:\/\/www.ull.es\/catedras\/discapacidad-auditiva-accesibilidad\/wp-content\/uploads\/sites\/21\/2025\/02\/IRENE-PUERTA-ARAN\u0303A-1-375x329.jpg 375w, https:\/\/www.ull.es\/catedras\/discapacidad-auditiva-accesibilidad\/wp-content\/uploads\/sites\/21\/2025\/02\/IRENE-PUERTA-ARAN\u0303A-1-750x658.jpg 750w, https:\/\/www.ull.es\/catedras\/discapacidad-auditiva-accesibilidad\/wp-content\/uploads\/sites\/21\/2025\/02\/IRENE-PUERTA-ARAN\u0303A-1-1140x999.jpg 1140w\" sizes=\"(max-width: 1200px) 100vw, 1200px\" \/><\/figure><div class=\"elementor-image-box-content\"><h3 class=\"elementor-image-box-title\">Irene Puerta Ara\u00f1a<\/h3><p class=\"elementor-image-box-description\">Secretar\u00eda<\/p><\/div><\/div>\t\t<\/div>\n\t\t\t\t<\/div>\n\t\t\t\t<div class=\"elementor-element elementor-element-6279f4f elementor-widget elementor-widget-toggle\" data-id=\"6279f4f\" data-element_type=\"widget\" data-widget_type=\"toggle.default\">\n\t\t\t\t<div class=\"elementor-widget-container\">\n\t\t\t\t\t<div class=\"elementor-toggle\" role=\"tablist\">\n\t\t\t\t\t\t\t<div class=\"elementor-toggle-item\">\n\t\t\t\t\t<div id=\"elementor-tab-title-1031\" class=\"elementor-tab-title\" data-tab=\"1\" role=\"tab\" aria-controls=\"elementor-tab-content-1031\" aria-expanded=\"false\">\n\t\t\t\t\t\t\t\t\t\t\t\t<span class=\"elementor-toggle-icon elementor-toggle-icon-left\" aria-hidden=\"true\">\n\t\t\t\t\t\t\t\t\t\t\t\t\t\t\t<span class=\"elementor-toggle-icon-closed\"><i class=\"fas fa-caret-right\"><\/i><\/span>\n\t\t\t\t\t\t\t\t<span class=\"elementor-toggle-icon-opened\"><i class=\"elementor-toggle-icon-opened fas fa-caret-up\"><\/i><\/span>\n\t\t\t\t\t\t\t\t\t\t\t\t\t<\/span>\n\t\t\t\t\t\t\t\t\t\t\t\t<a href=\"\" class=\"elementor-toggle-title\" target=\"_blank\" rel=\"noopener\">Informaci\u00f3n<\/a>\n\t\t\t\t\t<\/div>\n\n\t\t\t\t\t<div id=\"elementor-tab-content-1031\" class=\"elementor-tab-content elementor-clearfix\" data-tab=\"1\" role=\"tabpanel\" aria-labelledby=\"elementor-tab-title-1031\"><p>Graduada en Logopedia por la Universidad de La Laguna. M\u00e1ster Universitario en Trastornos de la Comunicaci\u00f3n: Neurociencia de la Audici\u00f3n y Lenguaje por la Universidad de Salamanca. T\u00e9cnico en Audiolog\u00eda Prot\u00e9sica.<\/p><p>Miembro del grupo de investigaci\u00f3n GIED de la Universidad de La Laguna. Doctoranda Programa de Doctorado en Psicolog\u00eda. Venia Docendi en el Grado de Logopedia.<\/p><\/div>\n\t\t\t\t<\/div>\n\t\t\t\t\t\t\t\t<\/div>\n\t\t\t\t<\/div>\n\t\t\t\t<\/div>\n\t\t\t\t\t<\/div>\n\t\t<\/div>\n\t\t\t\t\t\t\t<\/div>\n\t\t<\/section>\n\t\t\t\t\t\t\t<\/div>\n\t\t","protected":false},"excerpt":{"rendered":"<p>Inicio C\u00e1tedra en Discapacidad Auditiva y accesibilidad Miembros Consejo de Direcci\u00f3n Consejo de Direcci\u00f3n Equipo directivo Mar\u00eda del Carmen Rodr\u00edguez Jim\u00e9nez Direcci\u00f3n Informaci\u00f3n Licenciada en Ciencias de la Educaci\u00f3n, diplomada en Profesorado de Educaci\u00f3n General B\u00e1sica y experta en Logoterapia Infantil por la Universidad Complutense de Madrid. Doctora en Educaci\u00f3n por la Universidad de La&#8230;<\/p>\n","protected":false},"author":5,"featured_media":0,"parent":203,"menu_order":0,"comment_status":"closed","ping_status":"closed","template":"elementor_header_footer","meta":[],"_links":{"self":[{"href":"https:\/\/www.ull.es\/catedras\/discapacidad-auditiva-accesibilidad\/wp-json\/wp\/v2\/pages\/243"}],"collection":[{"href":"https:\/\/www.ull.es\/catedras\/discapacidad-auditiva-accesibilidad\/wp-json\/wp\/v2\/pages"}],"about":[{"href":"https:\/\/www.ull.es\/catedras\/discapacidad-auditiva-accesibilidad\/wp-json\/wp\/v2\/types\/page"}],"author":[{"embeddable":true,"href":"https:\/\/www.ull.es\/catedras\/discapacidad-auditiva-accesibilidad\/wp-json\/wp\/v2\/users\/5"}],"replies":[{"embeddable":true,"href":"https:\/\/www.ull.es\/catedras\/discapacidad-auditiva-accesibilidad\/wp-json\/wp\/v2\/comments?post=243"}],"version-history":[{"count":137,"href":"https:\/\/www.ull.es\/catedras\/discapacidad-auditiva-accesibilidad\/wp-json\/wp\/v2\/pages\/243\/revisions"}],"predecessor-version":[{"id":1968,"href":"https:\/\/www.ull.es\/catedras\/discapacidad-auditiva-accesibilidad\/wp-json\/wp\/v2\/pages\/243\/revisions\/1968"}],"up":[{"embeddable":true,"href":"https:\/\/www.ull.es\/catedras\/discapacidad-auditiva-accesibilidad\/wp-json\/wp\/v2\/pages\/203"}],"wp:attachment":[{"href":"https:\/\/www.ull.es\/catedras\/discapacidad-auditiva-accesibilidad\/wp-json\/wp\/v2\/media?parent=243"}],"curies":[{"name":"wp","href":"https:\/\/api.w.org\/{rel}","templated":true}]}}