{"id":45,"date":"2020-04-22T11:33:45","date_gmt":"2020-04-22T11:33:45","guid":{"rendered":"https:\/\/www.ull.es\/catedras\/catedra-blockchain-bigdata\/?page_id=45"},"modified":"2025-04-10T09:56:28","modified_gmt":"2025-04-10T09:56:28","slug":"comision-mixta","status":"publish","type":"page","link":"https:\/\/www.ull.es\/catedras\/discapacidad-auditiva-accesibilidad\/miembros\/comision-mixta\/","title":{"rendered":"Comisi\u00f3n Mixta"},"content":{"rendered":"\t\t<div data-elementor-type=\"wp-page\" data-elementor-id=\"45\" class=\"elementor elementor-45\">\n\t\t\t\t\t\t\t\t\t<section class=\"elementor-section elementor-top-section elementor-element elementor-element-d533b20 elementor-section-boxed elementor-section-height-default elementor-section-height-default\" data-id=\"d533b20\" data-element_type=\"section\">\n\t\t\t\t\t\t<div class=\"elementor-container elementor-column-gap-default\">\n\t\t\t\t\t<div class=\"elementor-column elementor-col-100 elementor-top-column elementor-element elementor-element-ae5ba62\" data-id=\"ae5ba62\" data-element_type=\"column\">\n\t\t\t<div class=\"elementor-widget-wrap elementor-element-populated\">\n\t\t\t\t\t\t\t\t<div class=\"elementor-element elementor-element-aff0fce elementor-widget elementor-widget-html\" data-id=\"aff0fce\" data-element_type=\"widget\" data-widget_type=\"html.default\">\n\t\t\t\t<div class=\"elementor-widget-container\">\n\t\t\t<nav class=\"ull-breadcrumbs\" role=\"navigation\" aria-label=\"breadcrumbs\"><ul><li><a href=\"https:\/\/www.ull.es\/catedras\/\" title=\"Universidad de La Laguna\" target=\"_blank\" rel=\"noopener\">Inicio<\/a><\/li><li><a href=\"https:\/\/www.ull.es\/catedras\/discapacidad-auditiva-accesibilidad\/\" title=\"C\u00e1tedra en Discapacidad Auditiva y accesibilidad\" target=\"_blank\" rel=\"noopener\">C\u00e1tedra en Discapacidad Auditiva y accesibilidad<\/a><\/li><li><a href=\"https:\/\/www.ull.es\/catedras\/discapacidad-auditiva-accesibilidad\/miembros\/\" title=\"Miembros\" target=\"_blank\" rel=\"noopener\">Miembros<\/a><\/li><li class=\"current\"><span>Consejo de Direcci\u00f3n<\/span><\/li><\/ul><\/nav>\t\t<\/div>\n\t\t\t\t<\/div>\n\t\t\t\t\t<\/div>\n\t\t<\/div>\n\t\t\t\t\t\t\t<\/div>\n\t\t<\/section>\n\t\t\t\t<section class=\"elementor-section elementor-top-section elementor-element elementor-element-e3aad23 elementor-section-full_width elementor-section-height-default elementor-section-height-default\" data-id=\"e3aad23\" data-element_type=\"section\" data-settings=\"{&quot;background_background&quot;:&quot;gradient&quot;}\">\n\t\t\t\t\t\t<div class=\"elementor-container elementor-column-gap-default\">\n\t\t\t\t\t<div class=\"elementor-column elementor-col-100 elementor-top-column elementor-element elementor-element-18a6d88\" data-id=\"18a6d88\" data-element_type=\"column\">\n\t\t\t<div class=\"elementor-widget-wrap elementor-element-populated\">\n\t\t\t\t\t\t\t\t<div class=\"elementor-element elementor-element-b231872 elementor-widget elementor-widget-heading\" data-id=\"b231872\" data-element_type=\"widget\" data-widget_type=\"heading.default\">\n\t\t\t\t<div class=\"elementor-widget-container\">\n\t\t\t<style>\/*! elementor - v3.10.1 - 17-01-2023 *\/\n.elementor-heading-title{padding:0;margin:0;line-height:1}.elementor-widget-heading .elementor-heading-title[class*=elementor-size-]>a{color:inherit;font-size:inherit;line-height:inherit}.elementor-widget-heading .elementor-heading-title.elementor-size-small{font-size:15px}.elementor-widget-heading .elementor-heading-title.elementor-size-medium{font-size:19px}.elementor-widget-heading .elementor-heading-title.elementor-size-large{font-size:29px}.elementor-widget-heading .elementor-heading-title.elementor-size-xl{font-size:39px}.elementor-widget-heading .elementor-heading-title.elementor-size-xxl{font-size:59px}<\/style><h2 class=\"elementor-heading-title elementor-size-default\">Comisi\u00f3n Mixta<\/h2>\t\t<\/div>\n\t\t\t\t<\/div>\n\t\t\t\t\t<\/div>\n\t\t<\/div>\n\t\t\t\t\t\t\t<\/div>\n\t\t<\/section>\n\t\t\t\t<section class=\"elementor-section elementor-top-section elementor-element elementor-element-2e51cd4 elementor-section-boxed elementor-section-height-default elementor-section-height-default\" data-id=\"2e51cd4\" data-element_type=\"section\">\n\t\t\t\t\t\t<div class=\"elementor-container elementor-column-gap-default\">\n\t\t\t\t\t<div class=\"elementor-column elementor-col-100 elementor-top-column elementor-element elementor-element-8ae5476\" data-id=\"8ae5476\" data-element_type=\"column\" data-settings=\"{&quot;background_background&quot;:&quot;classic&quot;}\">\n\t\t\t<div class=\"elementor-widget-wrap elementor-element-populated\">\n\t\t\t\t\t\t\t\t<div class=\"elementor-element elementor-element-8b16970 elementor-widget elementor-widget-heading\" data-id=\"8b16970\" data-element_type=\"widget\" data-widget_type=\"heading.default\">\n\t\t\t\t<div class=\"elementor-widget-container\">\n\t\t\t<h2 class=\"elementor-heading-title elementor-size-default\">Por la Universidad de La Laguna\n<\/h2>\t\t<\/div>\n\t\t\t\t<\/div>\n\t\t\t\t\t<\/div>\n\t\t<\/div>\n\t\t\t\t\t\t\t<\/div>\n\t\t<\/section>\n\t\t\t\t<section class=\"elementor-section elementor-top-section elementor-element elementor-element-1645b65 elementor-section-boxed elementor-section-height-default elementor-section-height-default\" data-id=\"1645b65\" data-element_type=\"section\">\n\t\t\t\t\t\t<div class=\"elementor-container elementor-column-gap-default\">\n\t\t\t\t\t<div class=\"elementor-column elementor-col-50 elementor-top-column elementor-element elementor-element-afbb5bc\" data-id=\"afbb5bc\" data-element_type=\"column\">\n\t\t\t<div class=\"elementor-widget-wrap elementor-element-populated\">\n\t\t\t\t\t\t\t\t<div class=\"elementor-element elementor-element-deb7205 elementor-position-top elementor-vertical-align-top elementor-widget elementor-widget-image-box\" data-id=\"deb7205\" data-element_type=\"widget\" data-widget_type=\"image-box.default\">\n\t\t\t\t<div class=\"elementor-widget-container\">\n\t\t\t<style>\/*! elementor - v3.10.1 - 17-01-2023 *\/\n.elementor-widget-image-box .elementor-image-box-content{width:100%}@media (min-width:768px){.elementor-widget-image-box.elementor-position-left .elementor-image-box-wrapper,.elementor-widget-image-box.elementor-position-right .elementor-image-box-wrapper{display:flex}.elementor-widget-image-box.elementor-position-right .elementor-image-box-wrapper{text-align:right;flex-direction:row-reverse}.elementor-widget-image-box.elementor-position-left .elementor-image-box-wrapper{text-align:left;flex-direction:row}.elementor-widget-image-box.elementor-position-top .elementor-image-box-img{margin:auto}.elementor-widget-image-box.elementor-vertical-align-top .elementor-image-box-wrapper{align-items:flex-start}.elementor-widget-image-box.elementor-vertical-align-middle .elementor-image-box-wrapper{align-items:center}.elementor-widget-image-box.elementor-vertical-align-bottom .elementor-image-box-wrapper{align-items:flex-end}}@media (max-width:767px){.elementor-widget-image-box .elementor-image-box-img{margin-left:auto!important;margin-right:auto!important;margin-bottom:15px}}.elementor-widget-image-box .elementor-image-box-img{display:inline-block}.elementor-widget-image-box .elementor-image-box-title a{color:inherit}.elementor-widget-image-box .elementor-image-box-wrapper{text-align:center}.elementor-widget-image-box .elementor-image-box-description{margin:0}<\/style><div class=\"elementor-image-box-wrapper\"><figure class=\"elementor-image-box-img\"><img width=\"300\" height=\"300\" src=\"https:\/\/www.ull.es\/catedras\/discapacidad-auditiva-accesibilidad\/wp-content\/uploads\/sites\/21\/2025\/02\/Isabel-Leon.culturaextensuniversitariajpg-300x300-1.jpg\" class=\"attachment-full size-full wp-image-1690\" alt=\"\" loading=\"lazy\" srcset=\"https:\/\/www.ull.es\/catedras\/discapacidad-auditiva-accesibilidad\/wp-content\/uploads\/sites\/21\/2025\/02\/Isabel-Leon.culturaextensuniversitariajpg-300x300-1.jpg 300w, https:\/\/www.ull.es\/catedras\/discapacidad-auditiva-accesibilidad\/wp-content\/uploads\/sites\/21\/2025\/02\/Isabel-Leon.culturaextensuniversitariajpg-300x300-1-150x150.jpg 150w, https:\/\/www.ull.es\/catedras\/discapacidad-auditiva-accesibilidad\/wp-content\/uploads\/sites\/21\/2025\/02\/Isabel-Leon.culturaextensuniversitariajpg-300x300-1-50x50.jpg 50w\" sizes=\"(max-width: 300px) 100vw, 300px\" \/><\/figure><div class=\"elementor-image-box-content\"><p class=\"elementor-image-box-description\"><b>Isabel Karely Le\u00f3n P\u00e9rez<\/b><br>Vicerrectorado de Cultura y Extensi\u00f3n Universitaria<\/p><\/div><\/div>\t\t<\/div>\n\t\t\t\t<\/div>\n\t\t\t\t\t<\/div>\n\t\t<\/div>\n\t\t\t\t<div class=\"elementor-column elementor-col-50 elementor-top-column elementor-element elementor-element-93bc631\" data-id=\"93bc631\" data-element_type=\"column\">\n\t\t\t<div class=\"elementor-widget-wrap elementor-element-populated\">\n\t\t\t\t\t\t\t\t<div class=\"elementor-element elementor-element-aca059a elementor-position-top elementor-vertical-align-top elementor-widget elementor-widget-image-box\" data-id=\"aca059a\" data-element_type=\"widget\" data-widget_type=\"image-box.default\">\n\t\t\t\t<div class=\"elementor-widget-container\">\n\t\t\t<div class=\"elementor-image-box-wrapper\"><figure class=\"elementor-image-box-img\"><img width=\"512\" height=\"522\" src=\"https:\/\/www.ull.es\/catedras\/discapacidad-auditiva-accesibilidad\/wp-content\/uploads\/sites\/21\/2025\/02\/usuario.png\" class=\"attachment-full size-full wp-image-1843\" alt=\"\" loading=\"lazy\" srcset=\"https:\/\/www.ull.es\/catedras\/discapacidad-auditiva-accesibilidad\/wp-content\/uploads\/sites\/21\/2025\/02\/usuario.png 512w, https:\/\/www.ull.es\/catedras\/discapacidad-auditiva-accesibilidad\/wp-content\/uploads\/sites\/21\/2025\/02\/usuario-294x300.png 294w, https:\/\/www.ull.es\/catedras\/discapacidad-auditiva-accesibilidad\/wp-content\/uploads\/sites\/21\/2025\/02\/usuario-375x382.png 375w, https:\/\/www.ull.es\/catedras\/discapacidad-auditiva-accesibilidad\/wp-content\/uploads\/sites\/21\/2025\/02\/usuario-50x50.png 50w\" sizes=\"(max-width: 512px) 100vw, 512px\" \/><\/figure><div class=\"elementor-image-box-content\"><p class=\"elementor-image-box-description\"><b>Mar\u00eda Lilibeth Fuentes Medina<\/b><br>Directora de Secretariado de C\u00e1tedras Institucionales y de Empresas de la Universidad de la Laguna<\/p><\/div><\/div>\t\t<\/div>\n\t\t\t\t<\/div>\n\t\t\t\t\t<\/div>\n\t\t<\/div>\n\t\t\t\t\t\t\t<\/div>\n\t\t<\/section>\n\t\t\t\t<section class=\"elementor-section elementor-top-section elementor-element elementor-element-1416f35 elementor-section-boxed elementor-section-height-default elementor-section-height-default\" data-id=\"1416f35\" data-element_type=\"section\">\n\t\t\t\t\t\t<div class=\"elementor-container elementor-column-gap-default\">\n\t\t\t\t\t<div class=\"elementor-column elementor-col-50 elementor-top-column elementor-element elementor-element-d8946c0\" data-id=\"d8946c0\" data-element_type=\"column\">\n\t\t\t<div class=\"elementor-widget-wrap elementor-element-populated\">\n\t\t\t\t\t\t\t\t<div class=\"elementor-element elementor-element-213adfd elementor-position-top elementor-vertical-align-top elementor-widget elementor-widget-image-box\" data-id=\"213adfd\" data-element_type=\"widget\" data-widget_type=\"image-box.default\">\n\t\t\t\t<div class=\"elementor-widget-container\">\n\t\t\t<div class=\"elementor-image-box-wrapper\"><figure class=\"elementor-image-box-img\"><img width=\"610\" height=\"655\" src=\"https:\/\/www.ull.es\/catedras\/discapacidad-auditiva-accesibilidad\/wp-content\/uploads\/sites\/21\/2025\/02\/MARIA-SUAREZ-RODRIGUEZ-2.png\" class=\"attachment-full size-full wp-image-2142\" alt=\"\" loading=\"lazy\" srcset=\"https:\/\/www.ull.es\/catedras\/discapacidad-auditiva-accesibilidad\/wp-content\/uploads\/sites\/21\/2025\/02\/MARIA-SUAREZ-RODRIGUEZ-2.png 610w, https:\/\/www.ull.es\/catedras\/discapacidad-auditiva-accesibilidad\/wp-content\/uploads\/sites\/21\/2025\/02\/MARIA-SUAREZ-RODRIGUEZ-2-279x300.png 279w, https:\/\/www.ull.es\/catedras\/discapacidad-auditiva-accesibilidad\/wp-content\/uploads\/sites\/21\/2025\/02\/MARIA-SUAREZ-RODRIGUEZ-2-375x403.png 375w\" sizes=\"(max-width: 610px) 100vw, 610px\" \/><\/figure><div class=\"elementor-image-box-content\"><p class=\"elementor-image-box-description\"><b>Mar\u00eda Jes\u00fas Su\u00e1rez Rodr\u00edguez<\/b><br>Profesora Titular del Departamento de\nPsicolog\u00eda Evolutiva y de la Educaci\u00f3n de la Universidad de La Laguna<\/p><\/div><\/div>\t\t<\/div>\n\t\t\t\t<\/div>\n\t\t\t\t\t<\/div>\n\t\t<\/div>\n\t\t\t\t<div class=\"elementor-column elementor-col-50 elementor-top-column elementor-element elementor-element-d422fa5\" data-id=\"d422fa5\" data-element_type=\"column\">\n\t\t\t<div class=\"elementor-widget-wrap elementor-element-populated\">\n\t\t\t\t\t\t\t\t<div class=\"elementor-element elementor-element-35f81d8 elementor-position-top elementor-vertical-align-top elementor-widget elementor-widget-image-box\" data-id=\"35f81d8\" data-element_type=\"widget\" data-widget_type=\"image-box.default\">\n\t\t\t\t<div class=\"elementor-widget-container\">\n\t\t\t<div class=\"elementor-image-box-wrapper\"><figure class=\"elementor-image-box-img\"><img width=\"432\" height=\"320\" src=\"https:\/\/www.ull.es\/catedras\/discapacidad-auditiva-accesibilidad\/wp-content\/uploads\/sites\/21\/2025\/02\/MARIA-DEL-CARMEN-RGUEZ-JIMENEZ-1.jpeg\" class=\"attachment-full size-full wp-image-1710\" alt=\"\" loading=\"lazy\" srcset=\"https:\/\/www.ull.es\/catedras\/discapacidad-auditiva-accesibilidad\/wp-content\/uploads\/sites\/21\/2025\/02\/MARIA-DEL-CARMEN-RGUEZ-JIMENEZ-1.jpeg 432w, https:\/\/www.ull.es\/catedras\/discapacidad-auditiva-accesibilidad\/wp-content\/uploads\/sites\/21\/2025\/02\/MARIA-DEL-CARMEN-RGUEZ-JIMENEZ-1-300x222.jpeg 300w, https:\/\/www.ull.es\/catedras\/discapacidad-auditiva-accesibilidad\/wp-content\/uploads\/sites\/21\/2025\/02\/MARIA-DEL-CARMEN-RGUEZ-JIMENEZ-1-375x278.jpeg 375w, https:\/\/www.ull.es\/catedras\/discapacidad-auditiva-accesibilidad\/wp-content\/uploads\/sites\/21\/2025\/02\/MARIA-DEL-CARMEN-RGUEZ-JIMENEZ-1-108x81.jpeg 108w\" sizes=\"(max-width: 432px) 100vw, 432px\" \/><\/figure><div class=\"elementor-image-box-content\"><p class=\"elementor-image-box-description\"><b>M\u00aa del Carmen Rodr\u00edguez Jim\u00e9nez<\/b><br>Profesora Contratada Doctora del\nDepartamento de Did\u00e1ctica e Investigaci\u00f3n Educativa de la Universidad de La\nLaguna<\/p><\/div><\/div>\t\t<\/div>\n\t\t\t\t<\/div>\n\t\t\t\t\t<\/div>\n\t\t<\/div>\n\t\t\t\t\t\t\t<\/div>\n\t\t<\/section>\n\t\t\t\t<section class=\"elementor-section elementor-top-section elementor-element elementor-element-03d7de9 elementor-section-boxed elementor-section-height-default elementor-section-height-default\" data-id=\"03d7de9\" data-element_type=\"section\">\n\t\t\t\t\t\t<div class=\"elementor-container elementor-column-gap-default\">\n\t\t\t\t\t<div class=\"elementor-column elementor-col-100 elementor-top-column elementor-element elementor-element-b266983\" data-id=\"b266983\" data-element_type=\"column\" data-settings=\"{&quot;background_background&quot;:&quot;classic&quot;}\">\n\t\t\t<div class=\"elementor-widget-wrap elementor-element-populated\">\n\t\t\t\t\t\t\t\t<div class=\"elementor-element elementor-element-8ea1fe7 elementor-widget elementor-widget-heading\" data-id=\"8ea1fe7\" data-element_type=\"widget\" data-widget_type=\"heading.default\">\n\t\t\t\t<div class=\"elementor-widget-container\">\n\t\t\t<h2 class=\"elementor-heading-title elementor-size-default\">Por el Cabildo de Tenerife y Sector P\u00fablico<\/h2>\t\t<\/div>\n\t\t\t\t<\/div>\n\t\t\t\t\t<\/div>\n\t\t<\/div>\n\t\t\t\t\t\t\t<\/div>\n\t\t<\/section>\n\t\t\t\t<section class=\"elementor-section elementor-top-section elementor-element elementor-element-cf79bd0 elementor-section-boxed elementor-section-height-default elementor-section-height-default\" data-id=\"cf79bd0\" data-element_type=\"section\">\n\t\t\t\t\t\t<div class=\"elementor-container elementor-column-gap-default\">\n\t\t\t\t\t<div class=\"elementor-column elementor-col-50 elementor-top-column elementor-element elementor-element-ccebf5a\" data-id=\"ccebf5a\" data-element_type=\"column\">\n\t\t\t<div class=\"elementor-widget-wrap elementor-element-populated\">\n\t\t\t\t\t\t\t\t<div class=\"elementor-element elementor-element-2456fa4 elementor-position-top elementor-vertical-align-top elementor-widget elementor-widget-image-box\" data-id=\"2456fa4\" data-element_type=\"widget\" data-widget_type=\"image-box.default\">\n\t\t\t\t<div class=\"elementor-widget-container\">\n\t\t\t<div class=\"elementor-image-box-wrapper\"><figure class=\"elementor-image-box-img\"><img width=\"1055\" height=\"974\" src=\"https:\/\/www.ull.es\/catedras\/discapacidad-auditiva-accesibilidad\/wp-content\/uploads\/sites\/21\/2025\/02\/Yolanda-Baumgartner-Hernandez.jpg\" class=\"attachment-full size-full wp-image-1885\" alt=\"\" loading=\"lazy\" srcset=\"https:\/\/www.ull.es\/catedras\/discapacidad-auditiva-accesibilidad\/wp-content\/uploads\/sites\/21\/2025\/02\/Yolanda-Baumgartner-Hernandez.jpg 1055w, https:\/\/www.ull.es\/catedras\/discapacidad-auditiva-accesibilidad\/wp-content\/uploads\/sites\/21\/2025\/02\/Yolanda-Baumgartner-Hernandez-300x277.jpg 300w, https:\/\/www.ull.es\/catedras\/discapacidad-auditiva-accesibilidad\/wp-content\/uploads\/sites\/21\/2025\/02\/Yolanda-Baumgartner-Hernandez-1024x945.jpg 1024w, https:\/\/www.ull.es\/catedras\/discapacidad-auditiva-accesibilidad\/wp-content\/uploads\/sites\/21\/2025\/02\/Yolanda-Baumgartner-Hernandez-768x709.jpg 768w, https:\/\/www.ull.es\/catedras\/discapacidad-auditiva-accesibilidad\/wp-content\/uploads\/sites\/21\/2025\/02\/Yolanda-Baumgartner-Hernandez-375x346.jpg 375w, https:\/\/www.ull.es\/catedras\/discapacidad-auditiva-accesibilidad\/wp-content\/uploads\/sites\/21\/2025\/02\/Yolanda-Baumgartner-Hernandez-750x692.jpg 750w\" sizes=\"(max-width: 1055px) 100vw, 1055px\" \/><\/figure><div class=\"elementor-image-box-content\"><p class=\"elementor-image-box-description\"><b>Yolanda Baumgartner Hern\u00e1ndez<\/b><br>Directora Insular de Acci\u00f3n Social del\nCabildo de Tenerife<\/p><\/div><\/div>\t\t<\/div>\n\t\t\t\t<\/div>\n\t\t\t\t\t<\/div>\n\t\t<\/div>\n\t\t\t\t<div class=\"elementor-column elementor-col-50 elementor-top-column elementor-element elementor-element-a8ffd68\" data-id=\"a8ffd68\" data-element_type=\"column\">\n\t\t\t<div class=\"elementor-widget-wrap elementor-element-populated\">\n\t\t\t\t\t\t\t\t<div class=\"elementor-element elementor-element-9a80222 elementor-position-top elementor-vertical-align-top elementor-widget elementor-widget-image-box\" data-id=\"9a80222\" data-element_type=\"widget\" data-widget_type=\"image-box.default\">\n\t\t\t\t<div class=\"elementor-widget-container\">\n\t\t\t<div class=\"elementor-image-box-wrapper\"><figure class=\"elementor-image-box-img\"><img width=\"750\" height=\"666\" src=\"https:\/\/www.ull.es\/catedras\/discapacidad-auditiva-accesibilidad\/wp-content\/uploads\/sites\/21\/2025\/04\/Mari\u0301a-Esther-Gonza\u0301lez-Herna\u0301ndez-1-750x666.jpg\" class=\"attachment-full-content size-full-content wp-image-2175\" alt=\"\" loading=\"lazy\" srcset=\"https:\/\/www.ull.es\/catedras\/discapacidad-auditiva-accesibilidad\/wp-content\/uploads\/sites\/21\/2025\/04\/Mari\u0301a-Esther-Gonza\u0301lez-Herna\u0301ndez-1-750x666.jpg 750w, https:\/\/www.ull.es\/catedras\/discapacidad-auditiva-accesibilidad\/wp-content\/uploads\/sites\/21\/2025\/04\/Mari\u0301a-Esther-Gonza\u0301lez-Herna\u0301ndez-1-300x267.jpg 300w, https:\/\/www.ull.es\/catedras\/discapacidad-auditiva-accesibilidad\/wp-content\/uploads\/sites\/21\/2025\/04\/Mari\u0301a-Esther-Gonza\u0301lez-Herna\u0301ndez-1-1024x910.jpg 1024w, https:\/\/www.ull.es\/catedras\/discapacidad-auditiva-accesibilidad\/wp-content\/uploads\/sites\/21\/2025\/04\/Mari\u0301a-Esther-Gonza\u0301lez-Herna\u0301ndez-1-768x682.jpg 768w, https:\/\/www.ull.es\/catedras\/discapacidad-auditiva-accesibilidad\/wp-content\/uploads\/sites\/21\/2025\/04\/Mari\u0301a-Esther-Gonza\u0301lez-Herna\u0301ndez-1-375x333.jpg 375w, https:\/\/www.ull.es\/catedras\/discapacidad-auditiva-accesibilidad\/wp-content\/uploads\/sites\/21\/2025\/04\/Mari\u0301a-Esther-Gonza\u0301lez-Herna\u0301ndez-1-1140x1013.jpg 1140w, https:\/\/www.ull.es\/catedras\/discapacidad-auditiva-accesibilidad\/wp-content\/uploads\/sites\/21\/2025\/04\/Mari\u0301a-Esther-Gonza\u0301lez-Herna\u0301ndez-1.jpg 1200w\" sizes=\"(max-width: 750px) 100vw, 750px\" \/><\/figure><div class=\"elementor-image-box-content\"><p class=\"elementor-image-box-description\"><b>Mar\u00eda Esther Gonz\u00e1lez Hern\u00e1ndez<\/b><br>Jefa del Servicio de Acci\u00f3n Social y\nParticipaci\u00f3n del Cabildo Insular de Tenerife<\/p><\/div><\/div>\t\t<\/div>\n\t\t\t\t<\/div>\n\t\t\t\t\t<\/div>\n\t\t<\/div>\n\t\t\t\t\t\t\t<\/div>\n\t\t<\/section>\n\t\t\t\t<section class=\"elementor-section elementor-top-section elementor-element elementor-element-74ee290 elementor-section-boxed elementor-section-height-default elementor-section-height-default\" data-id=\"74ee290\" data-element_type=\"section\">\n\t\t\t\t\t\t<div class=\"elementor-container elementor-column-gap-default\">\n\t\t\t\t\t<div class=\"elementor-column elementor-col-50 elementor-top-column elementor-element elementor-element-d2ead5f\" data-id=\"d2ead5f\" data-element_type=\"column\">\n\t\t\t<div class=\"elementor-widget-wrap elementor-element-populated\">\n\t\t\t\t\t\t\t\t<div class=\"elementor-element elementor-element-251fdf0 elementor-position-top elementor-vertical-align-top elementor-widget elementor-widget-image-box\" data-id=\"251fdf0\" data-element_type=\"widget\" data-widget_type=\"image-box.default\">\n\t\t\t\t<div class=\"elementor-widget-container\">\n\t\t\t<div class=\"elementor-image-box-wrapper\"><figure class=\"elementor-image-box-img\"><img width=\"1024\" height=\"977\" src=\"https:\/\/www.ull.es\/catedras\/discapacidad-auditiva-accesibilidad\/wp-content\/uploads\/sites\/21\/2025\/04\/Nuria-Jime\u0301nez-Palmero-1-1024x977.jpg\" class=\"attachment-large size-large wp-image-2174\" alt=\"\" loading=\"lazy\" srcset=\"https:\/\/www.ull.es\/catedras\/discapacidad-auditiva-accesibilidad\/wp-content\/uploads\/sites\/21\/2025\/04\/Nuria-Jime\u0301nez-Palmero-1-1024x977.jpg 1024w, https:\/\/www.ull.es\/catedras\/discapacidad-auditiva-accesibilidad\/wp-content\/uploads\/sites\/21\/2025\/04\/Nuria-Jime\u0301nez-Palmero-1-300x286.jpg 300w, https:\/\/www.ull.es\/catedras\/discapacidad-auditiva-accesibilidad\/wp-content\/uploads\/sites\/21\/2025\/04\/Nuria-Jime\u0301nez-Palmero-1-768x733.jpg 768w, https:\/\/www.ull.es\/catedras\/discapacidad-auditiva-accesibilidad\/wp-content\/uploads\/sites\/21\/2025\/04\/Nuria-Jime\u0301nez-Palmero-1-375x358.jpg 375w, https:\/\/www.ull.es\/catedras\/discapacidad-auditiva-accesibilidad\/wp-content\/uploads\/sites\/21\/2025\/04\/Nuria-Jime\u0301nez-Palmero-1-750x716.jpg 750w, https:\/\/www.ull.es\/catedras\/discapacidad-auditiva-accesibilidad\/wp-content\/uploads\/sites\/21\/2025\/04\/Nuria-Jime\u0301nez-Palmero-1-1140x1088.jpg 1140w, https:\/\/www.ull.es\/catedras\/discapacidad-auditiva-accesibilidad\/wp-content\/uploads\/sites\/21\/2025\/04\/Nuria-Jime\u0301nez-Palmero-1.jpg 1200w\" sizes=\"(max-width: 1024px) 100vw, 1024px\" \/><\/figure><div class=\"elementor-image-box-content\"><p class=\"elementor-image-box-description\"><b>Nuria Jim\u00e9nez Palmero<\/b><br>T\u00e9cnica de planificaci\u00f3n y gesti\u00f3n del Servicio\nAdministrativo de Acci\u00f3n Social y Participaci\u00f3n del Cabildo Insular de\nTenerife<\/p><\/div><\/div>\t\t<\/div>\n\t\t\t\t<\/div>\n\t\t\t\t\t<\/div>\n\t\t<\/div>\n\t\t\t\t<div class=\"elementor-column elementor-col-50 elementor-top-column elementor-element elementor-element-f842bc1\" data-id=\"f842bc1\" data-element_type=\"column\">\n\t\t\t<div class=\"elementor-widget-wrap elementor-element-populated\">\n\t\t\t\t\t\t\t\t<div class=\"elementor-element elementor-element-0c8945a elementor-position-top elementor-vertical-align-top elementor-widget elementor-widget-image-box\" data-id=\"0c8945a\" data-element_type=\"widget\" data-widget_type=\"image-box.default\">\n\t\t\t\t<div class=\"elementor-widget-container\">\n\t\t\t<div class=\"elementor-image-box-wrapper\"><figure class=\"elementor-image-box-img\"><img width=\"200\" height=\"200\" src=\"https:\/\/www.ull.es\/catedras\/discapacidad-auditiva-accesibilidad\/wp-content\/uploads\/sites\/21\/2025\/02\/Virginia-Gonzalez-Rosquete.jpg\" class=\"attachment-full size-full wp-image-1886\" alt=\"\" loading=\"lazy\" srcset=\"https:\/\/www.ull.es\/catedras\/discapacidad-auditiva-accesibilidad\/wp-content\/uploads\/sites\/21\/2025\/02\/Virginia-Gonzalez-Rosquete.jpg 200w, https:\/\/www.ull.es\/catedras\/discapacidad-auditiva-accesibilidad\/wp-content\/uploads\/sites\/21\/2025\/02\/Virginia-Gonzalez-Rosquete-150x150.jpg 150w, https:\/\/www.ull.es\/catedras\/discapacidad-auditiva-accesibilidad\/wp-content\/uploads\/sites\/21\/2025\/02\/Virginia-Gonzalez-Rosquete-50x50.jpg 50w\" sizes=\"(max-width: 200px) 100vw, 200px\" \/><\/figure><div class=\"elementor-image-box-content\"><p class=\"elementor-image-box-description\"><b>Virginia Gonz\u00e1lez Rosquete<\/b><br>Jefa de la Unidad de Innovaci\u00f3n Tecnol\u00f3gica\nSocial de SINPROMI<\/p><\/div><\/div>\t\t<\/div>\n\t\t\t\t<\/div>\n\t\t\t\t\t<\/div>\n\t\t<\/div>\n\t\t\t\t\t\t\t<\/div>\n\t\t<\/section>\n\t\t\t\t\t\t\t<\/div>\n\t\t","protected":false},"excerpt":{"rendered":"<p>Inicio C\u00e1tedra en Discapacidad Auditiva y accesibilidad Miembros Consejo de Direcci\u00f3n Comisi\u00f3n Mixta Por la Universidad de La Laguna Isabel Karely Le\u00f3n P\u00e9rezVicerrectorado de Cultura y Extensi\u00f3n Universitaria Mar\u00eda Lilibeth Fuentes MedinaDirectora de Secretariado de C\u00e1tedras Institucionales y de Empresas de la Universidad de la Laguna Mar\u00eda Jes\u00fas Su\u00e1rez Rodr\u00edguezProfesora Titular del Departamento de Psicolog\u00eda&#8230;<\/p>\n","protected":false},"author":5,"featured_media":0,"parent":203,"menu_order":0,"comment_status":"closed","ping_status":"closed","template":"elementor_header_footer","meta":[],"_links":{"self":[{"href":"https:\/\/www.ull.es\/catedras\/discapacidad-auditiva-accesibilidad\/wp-json\/wp\/v2\/pages\/45"}],"collection":[{"href":"https:\/\/www.ull.es\/catedras\/discapacidad-auditiva-accesibilidad\/wp-json\/wp\/v2\/pages"}],"about":[{"href":"https:\/\/www.ull.es\/catedras\/discapacidad-auditiva-accesibilidad\/wp-json\/wp\/v2\/types\/page"}],"author":[{"embeddable":true,"href":"https:\/\/www.ull.es\/catedras\/discapacidad-auditiva-accesibilidad\/wp-json\/wp\/v2\/users\/5"}],"replies":[{"embeddable":true,"href":"https:\/\/www.ull.es\/catedras\/discapacidad-auditiva-accesibilidad\/wp-json\/wp\/v2\/comments?post=45"}],"version-history":[{"count":91,"href":"https:\/\/www.ull.es\/catedras\/discapacidad-auditiva-accesibilidad\/wp-json\/wp\/v2\/pages\/45\/revisions"}],"predecessor-version":[{"id":2194,"href":"https:\/\/www.ull.es\/catedras\/discapacidad-auditiva-accesibilidad\/wp-json\/wp\/v2\/pages\/45\/revisions\/2194"}],"up":[{"embeddable":true,"href":"https:\/\/www.ull.es\/catedras\/discapacidad-auditiva-accesibilidad\/wp-json\/wp\/v2\/pages\/203"}],"wp:attachment":[{"href":"https:\/\/www.ull.es\/catedras\/discapacidad-auditiva-accesibilidad\/wp-json\/wp\/v2\/media?parent=45"}],"curies":[{"name":"wp","href":"https:\/\/api.w.org\/{rel}","templated":true}]}}