{"id":455,"date":"2020-06-23T08:47:11","date_gmt":"2020-06-23T08:47:11","guid":{"rendered":"https:\/\/www.ull.es\/catedras\/catedra-discapacidad-auditiva-accesibilidad\/?page_id=455"},"modified":"2025-02-24T15:44:19","modified_gmt":"2025-02-24T15:44:19","slug":"entidades","status":"publish","type":"page","link":"https:\/\/www.ull.es\/catedras\/discapacidad-auditiva-accesibilidad\/entidades\/","title":{"rendered":"Entidades"},"content":{"rendered":"<p>[vc_row][vc_column][rev_slider_vc alias=\u00bbentidades\u00bb][\/vc_column][\/vc_row][vc_row css_animation=\u00bbnone\u00bb disable_element=\u00bbyes\u00bb][vc_column][vc_empty_space][vc_tta_tour style=\u00bboutline\u00bb color=\u00bbmulled-wine\u00bb active_section=\u00bb1&#8243;][vc_tta_section i_icon_fontawesome=\u00bbfas fa-info-circle\u00bb add_icon=\u00bbtrue\u00bb title=\u00bbIntroducci\u00f3n\u00bb tab_id=\u00bb1617739202862-b321253d-f267&#8243;][vc_column_text]<\/p>\n<h2 style=\"text-align: center;\"><span style=\"color: #5c068c;\">Introducci\u00f3n<\/span><\/h2>\n<p>La C\u00e1tedra pretende servir de <strong><span style=\"color: #5c068c;\">canal de comunicaci\u00f3n a trav\u00e9s del cual fluya el conocimiento<\/span><\/strong> y se formalicen colaboraciones s\u00f3lidas entre la Universidad, las empresas y las instituciones p\u00fablicas, aunando fuerzas y medios con el fin de realizar actividades de formaci\u00f3n, investigaci\u00f3n y transferencia del conocimiento.[\/vc_column_text][\/vc_tta_section][\/vc_tta_tour][\/vc_column][\/vc_row][vc_row][vc_column][vc_empty_space][vc_column_text]<span style=\"font-weight: 400;\">En este apartado se recogen las entidades que colaboran con la C\u00e1tedra.<\/span>[\/vc_column_text][\/vc_column][\/vc_row]<\/p>\n","protected":false},"excerpt":{"rendered":"<p>[vc_row][vc_column][rev_slider_vc alias=\u00bbentidades\u00bb][\/vc_column][\/vc_row][vc_row css_animation=\u00bbnone\u00bb disable_element=\u00bbyes\u00bb][vc_column][vc_empty_space][vc_tta_tour style=\u00bboutline\u00bb color=\u00bbmulled-wine\u00bb active_section=\u00bb1&#8243;][vc_tta_section i_icon_fontawesome=\u00bbfas fa-info-circle\u00bb add_icon=\u00bbtrue\u00bb title=\u00bbIntroducci\u00f3n\u00bb tab_id=\u00bb1617739202862-b321253d-f267&#8243;][vc_column_text] Introducci\u00f3n La C\u00e1tedra pretende servir de canal de comunicaci\u00f3n a trav\u00e9s del cual fluya el conocimiento y se formalicen colaboraciones s\u00f3lidas entre la Universidad, las empresas y las instituciones p\u00fablicas, aunando fuerzas y medios con el fin de realizar actividades de formaci\u00f3n, investigaci\u00f3n&#8230;<\/p>\n","protected":false},"author":5,"featured_media":0,"parent":0,"menu_order":0,"comment_status":"closed","ping_status":"closed","template":"templates\/template-frontpage.php","meta":[],"_links":{"self":[{"href":"https:\/\/www.ull.es\/catedras\/discapacidad-auditiva-accesibilidad\/wp-json\/wp\/v2\/pages\/455"}],"collection":[{"href":"https:\/\/www.ull.es\/catedras\/discapacidad-auditiva-accesibilidad\/wp-json\/wp\/v2\/pages"}],"about":[{"href":"https:\/\/www.ull.es\/catedras\/discapacidad-auditiva-accesibilidad\/wp-json\/wp\/v2\/types\/page"}],"author":[{"embeddable":true,"href":"https:\/\/www.ull.es\/catedras\/discapacidad-auditiva-accesibilidad\/wp-json\/wp\/v2\/users\/5"}],"replies":[{"embeddable":true,"href":"https:\/\/www.ull.es\/catedras\/discapacidad-auditiva-accesibilidad\/wp-json\/wp\/v2\/comments?post=455"}],"version-history":[{"count":25,"href":"https:\/\/www.ull.es\/catedras\/discapacidad-auditiva-accesibilidad\/wp-json\/wp\/v2\/pages\/455\/revisions"}],"predecessor-version":[{"id":1806,"href":"https:\/\/www.ull.es\/catedras\/discapacidad-auditiva-accesibilidad\/wp-json\/wp\/v2\/pages\/455\/revisions\/1806"}],"wp:attachment":[{"href":"https:\/\/www.ull.es\/catedras\/discapacidad-auditiva-accesibilidad\/wp-json\/wp\/v2\/media?parent=455"}],"curies":[{"name":"wp","href":"https:\/\/api.w.org\/{rel}","templated":true}]}}