{"id":78,"date":"2020-01-07T11:58:29","date_gmt":"2020-01-07T11:58:29","guid":{"rendered":"https:\/\/www.ull.es\/catedras\/catedra-globalizacion-migraciones-nuevas-ciuadanias\/?page_id=78"},"modified":"2021-05-07T10:37:18","modified_gmt":"2021-05-07T10:37:18","slug":"miembros-ull","status":"publish","type":"page","link":"https:\/\/www.ull.es\/catedras\/globalizacion-migraciones-ciudadanias\/miembros-ull\/","title":{"rendered":"Miembros"},"content":{"rendered":"<p>[vc_row][vc_column][vc_empty_space][\/vc_column][\/vc_row][vc_row css_animation=\u00bbfadeInUp\u00bb][vc_column width=\u00bb1\/2&#8243;][vc_column_text]<strong>Antonio Cano Gin\u00e9s<\/strong><br \/>\nDepartamento de Filolog\u00eda Espa\u00f1ola<br \/>\n<a href=\"https:\/\/www.ull.es\/apps\/guias\/guias\/view_teacher_niu\/621\/(%3FPacangi.*)\/\" target=\"_blank\" rel=\"noopener\">CV Docente e investigador ULL<\/a>[\/vc_column_text][vc_empty_space height=\u00bb20px\u00bb][vc_column_text]<strong>Seraf\u00edn Corral Quintana<\/strong><br \/>\nDepartamento de Econom\u00eda Aplicada y M\u00e9todos Cuantitativos<br \/>\n<a href=\"https:\/\/www.ull.es\/apps\/guias\/guias\/view_teacher_niu\/551\/(%3FPscorral.*)\/\" target=\"_blank\" rel=\"noopener\">CV Docente e investigador ULL<\/a>[\/vc_column_text][vc_empty_space height=\u00bb20px\u00bb][vc_column_text]<strong>Francisco D\u00edez de Velasco Abell\u00e1n<\/strong><br \/>\nDepartamento de Geograf\u00eda e Historia<br \/>\n<a href=\"https:\/\/www.ull.es\/apps\/guias\/guias\/view_teacher_niu\/752\/(%3FPfradive.*)\/\" target=\"_blank\" rel=\"noopener\">CV Docente e investigador ULL<\/a>[\/vc_column_text][vc_empty_space height=\u00bb20px\u00bb][vc_column_text]<strong>Sara Garc\u00eda Cuesta<\/strong><br \/>\nDepartamento de Sociolog\u00eda y Antropolog\u00eda<br \/>\n<a href=\"https:\/\/www.ull.es\/apps\/guias\/guias\/view_teacher_niu\/592\/(%3FPsagarcia.*)\/\" target=\"_blank\" rel=\"noopener\">CV Docente e investigador ULL<\/a>[\/vc_column_text][vc_empty_space height=\u00bb20px\u00bb][vc_column_text]<strong>Marta Garc\u00eda Ruiz<\/strong><br \/>\nDepartamento de Ciencias de la Informaci\u00f3n y Trabajo Social.<br \/>\n<a href=\"https:\/\/www.ull.es\/apps\/guias\/guias\/view_teacher_niu\/465\/(%3FPmgaruiz.*)\/\" target=\"_blank\" rel=\"noopener\">CV Docente e investigador ULL<\/a>[\/vc_column_text][vc_empty_space height=\u00bb20px\u00bb][vc_column_text]<strong>Dirk Godenau<\/strong><br \/>\nDepartamento de Econom\u00eda Aplicada y M\u00e9todos Cuantitativos<br \/>\n<a href=\"https:\/\/www.ull.es\/apps\/guias\/guias\/view_teacher_niu\/513\/(%3FPdgodenau.*)\/\" target=\"_blank\" rel=\"noopener\">CV Docente e investigador ULL<\/a>[\/vc_column_text][vc_empty_space height=\u00bb20px\u00bb][vc_column_text]<strong>Maria Inmaculada Gonz\u00e1lez P\u00e9rez<\/strong><br \/>\nDepartamento de Historia y Filosof\u00eda de la Ciencia, la Educaci\u00f3n y el Lenguaje.<br \/>\n<a href=\"https:\/\/www.ull.es\/apps\/guias\/guias\/view_teacher_niu\/503\/(%3FPmigonpe.*)\/\" target=\"_blank\" rel=\"noopener\">CV Docente e investigador ULL<\/a>[\/vc_column_text][vc_empty_space height=\u00bb20px\u00bb][vc_column_text]<strong>Ruth Martin\u00f3n Quintero<\/strong><br \/>\nDepartamento de Derecho P\u00fablico y Privado Especial y Derecho de la Empresa<br \/>\nDirectora acad\u00e9mica del Centro de Documentaci\u00f3n Europea de la Universidad de La Laguna<br \/>\n<a href=\"https:\/\/www.ull.es\/apps\/guias\/guias\/view_teacher_niu\/537\/(%3FPrmartqui.*)\/\" target=\"_blank\" rel=\"noopener\">CV Docente e investigador ULL<\/a>[\/vc_column_text][\/vc_column][vc_column width=\u00bb1\/2&#8243;][vc_column_text]<strong>Gustavo A. Marrero D\u00edaz<\/strong><br \/>\nDepartamento de Econom\u00eda, Contabilidad y Finanzas.<br \/>\n<a href=\"https:\/\/www.ull.es\/apps\/guias\/guias\/view_teacher_niu\/552\/(%3FPgmarrero.*)\/\" target=\"_blank\" rel=\"noopener\">CV Docente e investigador ULL<\/a>[\/vc_column_text][vc_empty_space height=\u00bb20px\u00bb][vc_column_text]<strong>Jos\u00e9 Saturnino Mart\u00ednez Garc\u00eda<\/strong><br \/>\nDepartamento de Sociolog\u00eda y Antropolog\u00eda<br \/>\n<a href=\"https:\/\/www.ull.es\/apps\/guias\/guias\/view_teacher_niu\/744\/(%3FPjosamaga.*)\/\" target=\"_blank\" rel=\"noopener\">CV Docente e investigador ULL<\/a>[\/vc_column_text][vc_empty_space height=\u00bb20px\u00bb][vc_column_text]<strong>David Padr\u00f3n Marrero<\/strong><br \/>\nDepartamento de Econom\u00eda Aplicada y M\u00e9todos Cuantitativos<br \/>\n<a href=\"https:\/\/www.ull.es\/apps\/guias\/guias\/view_teacher_niu\/513\/(%3FPdpadron.*)\/\" target=\"_blank\" rel=\"noopener\">CV Docente e investigador ULL<\/a>[\/vc_column_text][vc_empty_space height=\u00bb20px\u00bb][vc_column_text]<strong>Grecy P\u00e9rez Amores<\/strong><br \/>\nDepartamento de Sociolog\u00eda y Antropolog\u00eda<br \/>\nVicepresidenta de la Asociaci\u00f3n Canaria de Antropolog\u00eda (ACA) y miembro de la Comisi\u00f3n de Patrimonio Inmaterial de Tenerife<br \/>\n<a href=\"https:\/\/www.ull.es\/apps\/guias\/guias\/view_teacher_niu\/420\/(%3FPgpamores.*)\/\" target=\"_blank\" rel=\"noopener\">CV Docente e investigador ULL<\/a>[\/vc_column_text][vc_empty_space height=\u00bb20px\u00bb][vc_column_text]<strong>Carmen Nieves P\u00e9rez S\u00e1nchez<\/strong><br \/>\nDepartamento de Sociolog\u00eda y Antropolog\u00eda<br \/>\n<a href=\"https:\/\/www.ull.es\/apps\/guias\/guias\/view_teacher_niu\/436\/(%3FPcperez.*)\/\" target=\"_blank\" rel=\"noopener\">CV Docente e investigador ULL<\/a>[\/vc_column_text][vc_empty_space height=\u00bb20px\u00bb][vc_column_text]<strong>Rodrigo Fidel Rodr\u00edguez Borges<\/strong><br \/>\nDepartamento de Ciencias de la Informaci\u00f3n y Trabajo Social.<br \/>\nL\u00edneas de investigaci\u00f3n: \u00c9tica y Deontolog\u00eda del Periodismo, Medios de comunicaci\u00f3n y migraci\u00f3n.<br \/>\n<a href=\"https:\/\/www.ull.es\/apps\/guias\/guias\/view_teacher_niu\/537\/(%3FPrrodbor.*)\/\" target=\"_blank\" rel=\"noopener\">CV Docente e investigador ULL<\/a><br \/>\n<a href=\"https:\/\/scholar.google.es\/scholarhl=es&amp;as_sdt=0%2C5&amp;q=grecy+p%C3%A9rez+amores&amp;oq=grecy\" target=\"_blank\" rel=\"noopener\">GoogleSholar<\/a>[\/vc_column_text][vc_empty_space height=\u00bb20px\u00bb][vc_column_text]<strong>Esther Torrado Martin-Palomino<\/strong><br \/>\nDepartamento de Sociolog\u00eda y Antropolog\u00eda.<br \/>\n<a href=\"https:\/\/www.ull.es\/apps\/guias\/guias\/view_teacher_niu\/542\/(%3FPestorra.*)\/\" target=\"_blank\" rel=\"noopener\">CV Docente e investigador ULL<\/a>[\/vc_column_text][vc_empty_space height=\u00bb20px\u00bb][vc_column_text]<strong>Vicente Manuel Zapata Hern\u00e1ndez<\/strong><br \/>\nDepartamento de Geograf\u00eda e Historia.<br \/>\nDirector acad\u00e9mico del Observatorio de la Inmigraci\u00f3n de Tenerife.<br \/>\n<a href=\"https:\/\/www.ull.es\/apps\/guias\/guias\/view_teacher_niu\/614\/(%3FPvzapata.*)\/\" target=\"_blank\" rel=\"noopener\">CV Docente e investigador ULL<\/a>[\/vc_column_text][\/vc_column][\/vc_row]<\/p>\n","protected":false},"excerpt":{"rendered":"<p>[vc_row][vc_column][vc_empty_space][\/vc_column][\/vc_row][vc_row css_animation=\u00bbfadeInUp\u00bb][vc_column width=\u00bb1\/2&#8243;][vc_column_text]Antonio Cano Gin\u00e9s Departamento de Filolog\u00eda Espa\u00f1ola CV Docente e investigador ULL[\/vc_column_text][vc_empty_space height=\u00bb20px\u00bb][vc_column_text]Seraf\u00edn Corral Quintana Departamento de Econom\u00eda Aplicada y M\u00e9todos Cuantitativos CV Docente e investigador ULL[\/vc_column_text][vc_empty_space height=\u00bb20px\u00bb][vc_column_text]Francisco D\u00edez de Velasco Abell\u00e1n Departamento de Geograf\u00eda e Historia CV Docente e investigador ULL[\/vc_column_text][vc_empty_space height=\u00bb20px\u00bb][vc_column_text]Sara Garc\u00eda Cuesta Departamento de Sociolog\u00eda y Antropolog\u00eda CV Docente e&#8230;<\/p>\n","protected":false},"author":5,"featured_media":0,"parent":0,"menu_order":0,"comment_status":"closed","ping_status":"closed","template":"templates\/template-no-hero.php","meta":[],"_links":{"self":[{"href":"https:\/\/www.ull.es\/catedras\/globalizacion-migraciones-ciudadanias\/wp-json\/wp\/v2\/pages\/78"}],"collection":[{"href":"https:\/\/www.ull.es\/catedras\/globalizacion-migraciones-ciudadanias\/wp-json\/wp\/v2\/pages"}],"about":[{"href":"https:\/\/www.ull.es\/catedras\/globalizacion-migraciones-ciudadanias\/wp-json\/wp\/v2\/types\/page"}],"author":[{"embeddable":true,"href":"https:\/\/www.ull.es\/catedras\/globalizacion-migraciones-ciudadanias\/wp-json\/wp\/v2\/users\/5"}],"replies":[{"embeddable":true,"href":"https:\/\/www.ull.es\/catedras\/globalizacion-migraciones-ciudadanias\/wp-json\/wp\/v2\/comments?post=78"}],"version-history":[{"count":17,"href":"https:\/\/www.ull.es\/catedras\/globalizacion-migraciones-ciudadanias\/wp-json\/wp\/v2\/pages\/78\/revisions"}],"predecessor-version":[{"id":263,"href":"https:\/\/www.ull.es\/catedras\/globalizacion-migraciones-ciudadanias\/wp-json\/wp\/v2\/pages\/78\/revisions\/263"}],"wp:attachment":[{"href":"https:\/\/www.ull.es\/catedras\/globalizacion-migraciones-ciudadanias\/wp-json\/wp\/v2\/media?parent=78"}],"curies":[{"name":"wp","href":"https:\/\/api.w.org\/{rel}","templated":true}]}}