{"id":902,"date":"2024-05-21T11:45:40","date_gmt":"2024-05-21T11:45:40","guid":{"rendered":"https:\/\/www.ull.es\/centros\/centro-documentacion-europea\/?page_id=902"},"modified":"2024-10-07T18:25:15","modified_gmt":"2024-10-07T18:25:15","slug":"voluntariado-en-la-union-europea","status":"publish","type":"page","link":"https:\/\/www.ull.es\/centros\/centro-documentacion-europea\/voluntariado-en-la-union-europea\/","title":{"rendered":"Voluntariado en la Uni\u00f3n Europea"},"content":{"rendered":"<p>&nbsp;<\/p>\n<p>[vc_row][vc_column][vc_column_text]<\/p>\n<h1>Voluntariado en la Uni\u00f3n Europea<\/h1>\n<p>[\/vc_column_text][vc_empty_space][vc_single_image image=\u00bb905&#8243; img_size=\u00bbfull\u00bb][vc_empty_space][vc_column_text]<\/p>\n<h2>Cuerpo Europeo de Solidaridad<\/h2>\n<p>[\/vc_column_text][vc_column_text]El Cuerpo Europeo de Solidaridad es la nueva iniciativa de la Uni\u00f3n Europea que ofrece a los j\u00f3venes la oportunidad de ser voluntarios o trabajar en proyectos en su propio pa\u00eds o en el extranjero mientras se apoya a comunidades y personas de toda Europa.<br \/>\nFue anunciado por el presidente de la Comisi\u00f3n Europea, Jean-Claude Juncker, durante su discurso anual sobre el estado de la Uni\u00f3n Europea en septiembre de 2016 y lanzado oficialmente en diciembre de 2016.[\/vc_column_text][\/vc_column][vc_column][vc_column_text]<\/p>\n<h3><b>Qui\u00e9nes pueden participar<\/b><\/h3>\n<p>J\u00f3venes a partir de 18 a\u00f1os, que residan legalmente o tengan la nacionalidad de uno de los estados miembros de la Uni\u00f3n Europea o pa\u00edses socios como:<\/p>\n<ul>\n<li>Ex Rep\u00fablica Yugoslava de Macedonia y Turqu\u00eda<\/li>\n<li>Liechtenstein, Islandia y Noruega<\/li>\n<li>Albania, Bosnia y Herzegovina, Kosovo, Montenegro, Serbia<\/li>\n<li>Armenia, Azerbaiy\u00e1n, Bielorrusia, Georgia, Moldavia, Ucrania<\/li>\n<li>Argelia, Egipto, Israel, Jordania, L\u00edbano, Libia, Marruecos, Palestina, Siria, T\u00fanez<\/li>\n<li>Federaci\u00f3n Rusa.<\/li>\n<li>Algunos proyectos pueden tener restricciones adicionales de edad, residencia legal o nacionalidad, seg\u00fan el tipo de proyecto y c\u00f3mo se financia.<\/li>\n<\/ul>\n<p>[\/vc_column_text][vc_empty_space][\/vc_column][\/vc_row][vc_row][vc_column][vc_column_text]<\/p>\n<h3><b>\u00bfC\u00f3mo funciona?<\/b><\/h3>\n<p>Puedes registrarte en el Cuerpo Europeo de Solidaridad cuando tengas 17 a\u00f1os, pero no puedes iniciar un proyecto hasta que tengas m\u00e1s de 18.<br \/>\nTambi\u00e9n debes completar el proyecto del Cuerpo Europeo de Solidaridad antes de cumplir 31.<br \/>\nDespu\u00e9s de completar un simple registro proceso , podr\u00eda ser seleccionado e invitado a unirse a una amplia gama de proyectos, como:<\/p>\n<ul>\n<li>Ayudar a reconstruir una escuela o un centro comunitario que ha sido devastado despu\u00e9s de un terremoto;<\/li>\n<li>Brindar apoyo a los solicitantes de asilo reci\u00e9n llegados;<\/li>\n<li>Despejar la vegetaci\u00f3n de los bosques para ayudar a prevenir incendios forestales;<\/li>\n<li>Trabajando con personas discapacitadas en un centro comunitario.<\/li>\n<\/ul>\n<p>No se le pedir\u00e1 que brinde ning\u00fan servicio relacionado con la respuesta inmediata a desastres.<br \/>\nEste tipo de tareas continuar\u00e1n siendo realizadas por personas con la formaci\u00f3n especializada y la experiencia para operar de forma segura en estos entornos peligrosos.<br \/>\nLos proyectos apoyados por el Cuerpo Europeo de Solidaridad pueden durar de dos a doce meses. Por lo general, estar\u00e1n ubicados dentro de los Estados miembros de la Uni\u00f3n Europea.[\/vc_column_text][\/vc_column][\/vc_row][vc_row][vc_column][vc_column_text]<\/p>\n<h3><b>Beneficios<\/b><\/h3>\n<p>Despu\u00e9s de participar en un proyecto de voluntariado, recibir\u00e1 un certificado que documenta su participaci\u00f3n. Puede usar esto al solicitar trabajo o aprender m\u00e1s.<br \/>\nNo recibir\u00e1 un salario, pero por otro lado tendr\u00e1 derecho a viaje, alojamiento y manutenci\u00f3n, as\u00ed como cobertura de seguro por la duraci\u00f3n de la actividad y una peque\u00f1a cantidad de dinero para cubrir sus gastos de vida cotidianos.<br \/>\nTambi\u00e9n recibir\u00e1 capacitaci\u00f3n relevante antes de comenzar y despu\u00e9s de su llegada al sitio.<\/p>\n<p><strong>M\u00e1s informaci\u00f3n en este <a href=\"https:\/\/europa.eu\/youth\/solidarity\/young-people\/volunteering_es\" target=\"_blank\" rel=\"noopener noreferrer\" target=\"_blank\" rel=\"noopener\">enlace.<\/a><\/strong><\/p>\n<p><strong><a href=\"https:\/\/europa.eu\/youth\/go-abroad\/volunteering\/opportunities_es\" target=\"_blank\" rel=\"noopener\">Enlace a oportunidades de voluntariado<\/a><\/strong>[\/vc_column_text][\/vc_column][\/vc_row][vc_row][vc_column][\/vc_column][\/vc_row]<\/p>\n","protected":false},"excerpt":{"rendered":"<p>&nbsp; [vc_row][vc_column][vc_column_text] Voluntariado en la Uni\u00f3n Europea [\/vc_column_text][vc_empty_space][vc_single_image image=\u00bb905&#8243; img_size=\u00bbfull\u00bb][vc_empty_space][vc_column_text] Cuerpo Europeo de Solidaridad [\/vc_column_text][vc_column_text]El Cuerpo Europeo de Solidaridad es la nueva iniciativa de la Uni\u00f3n Europea que ofrece a los j\u00f3venes la oportunidad de ser voluntarios o trabajar en proyectos en su propio pa\u00eds o en el extranjero mientras se apoya a comunidades y&#8230;<\/p>\n","protected":false},"author":49,"featured_media":0,"parent":0,"menu_order":0,"comment_status":"closed","ping_status":"closed","template":"templates\/template-frontpage.php","meta":[],"acf":[],"_links":{"self":[{"href":"https:\/\/www.ull.es\/centros\/centro-documentacion-europea\/wp-json\/wp\/v2\/pages\/902"}],"collection":[{"href":"https:\/\/www.ull.es\/centros\/centro-documentacion-europea\/wp-json\/wp\/v2\/pages"}],"about":[{"href":"https:\/\/www.ull.es\/centros\/centro-documentacion-europea\/wp-json\/wp\/v2\/types\/page"}],"author":[{"embeddable":true,"href":"https:\/\/www.ull.es\/centros\/centro-documentacion-europea\/wp-json\/wp\/v2\/users\/49"}],"replies":[{"embeddable":true,"href":"https:\/\/www.ull.es\/centros\/centro-documentacion-europea\/wp-json\/wp\/v2\/comments?post=902"}],"version-history":[{"count":4,"href":"https:\/\/www.ull.es\/centros\/centro-documentacion-europea\/wp-json\/wp\/v2\/pages\/902\/revisions"}],"predecessor-version":[{"id":967,"href":"https:\/\/www.ull.es\/centros\/centro-documentacion-europea\/wp-json\/wp\/v2\/pages\/902\/revisions\/967"}],"wp:attachment":[{"href":"https:\/\/www.ull.es\/centros\/centro-documentacion-europea\/wp-json\/wp\/v2\/media?parent=902"}],"curies":[{"name":"wp","href":"https:\/\/api.w.org\/{rel}","templated":true}]}}