{"id":1010,"date":"2024-06-18T10:10:41","date_gmt":"2024-06-18T10:10:41","guid":{"rendered":"https:\/\/www.ull.es\/centros\/centro-estudios-africanos\/?page_id=1010"},"modified":"2024-07-04T06:16:01","modified_gmt":"2024-07-04T06:16:01","slug":"inicio-2","status":"publish","type":"page","link":"https:\/\/www.ull.es\/centros\/centro-estudios-africanos\/","title":{"rendered":"Inicio"},"content":{"rendered":"<p>[vc_row full_width=\u00bbstretch_row_content_no_spaces\u00bb][vc_column css=\u00bb.vc_custom_1719999817451{margin-top: -125px !important;}\u00bb][rev_slider_vc alias=\u00bbhome\u00bb][\/vc_column][\/vc_row][vc_row full_width=\u00bbstretch_row_content_no_spaces\u00bb][vc_column][vc_custom_heading text=\u00bb\u00bb font_container=\u00bbtag:h2|text_align:center|color:%23ffffff\u00bb google_fonts=\u00bbfont_family:Montserrat%3Aregular%2C700|font_style:700%20bold%20regular%3A700%3Anormal\u00bb css=\u00bb.vc_custom_1719208399980{padding-top: 15px !important;padding-bottom: 15px !important;background-color: #360060 !important;}\u00bb][\/vc_column][\/vc_row][vc_row full_width=\u00bbstretch_row\u00bb content_placement=\u00bbmiddle\u00bb css=\u00bb.vc_custom_1720073734153{background-color: #ffffff !important;}\u00bb el_class=\u00bbvc-bloque-destacado bloque-destacado\u00bb][vc_column offset=\u00bbvc_hidden-sm vc_hidden-xs\u00bb][vc_row_inner equal_height=\u00bbyes\u00bb content_placement=\u00bbmiddle\u00bb gap=\u00bb35&#8243; css=\u00bb.vc_custom_1718790385182{padding-bottom: 50px !important;}\u00bb el_class=\u00bbprimer-bloque\u00bb][vc_column_inner el_class=\u00bbfeature-btn\u00bb css=\u00bb.vc_custom_1511789500683{background-color: #ffffff !important;}\u00bb offset=\u00bbvc_col-xs-6&#8243;][vc_column_text]<\/p>\n<p style=\"text-align: center;\">El Centro de Estudios Africanos de la Universidad de La Laguna tiene como objetivo dar a conocer el continente africano en todas sus facetas, a la vez que actuar de puente entre Canarias y los pueblos de \u00c1frica, promoviendo la solidaridad, el encuentro cultural, la cooperaci\u00f3n, la mitigaci\u00f3n de las desigualdades socioecon\u00f3micas y la lucha contra cambio clim\u00e1tico.<\/p>\n<p>[\/vc_column_text][\/vc_column_inner][\/vc_row_inner][\/vc_column][\/vc_row][vc_row full_width=\u00bbstretch_row\u00bb css=\u00bb.vc_custom_1493903710709{margin-bottom: 50px !important;background-color: #ffffff !important;}\u00bb][vc_column width=\u00bb1\/3&#8243; offset=\u00bbvc_hidden-sm vc_hidden-xs\u00bb][vc_column_text]<style>\n    .news-group .bg-size {\n        background-position: center;\n        background-size: cover;\n        width: 100%;\n        height: 48px;\n    }\n    .news-group .list-group-item-text {\n        font-size: 13px;\n    }\n    .news-group .col-md-3 {\n        padding-right: 0;\n    }\n    .news-group .list-group-item-date {\n        font-size: 11px;\n        color: #A4A4A4;\n        margin-bottom: 2px;\n        text-transform: uppercase;\n    }\n\n    .mensaje.alert-warning{\n        font-size: 12px;\n        margin: 14px !important;\n        padding: 4px 8px;\n        color: #cca60b;\n    }\n<\/style>\n\n<div class=\"panel panel-default\">\n    <div class=\"panel-heading\">\n        <h3 class=\"panel-title\">Noticias<\/h3>\n    <\/div>\n\n    <div class=\"list-group news-group\">\n                    <a href=\"https:\/\/www.ull.es\/portal\/noticias\/2025\/ull-celebro-dia-africa-reivindicando-resiliencia-convivencia-intercultural\/\" class=\"list-group-item\">\n                <div class=\"row\">\n                    <div class=\"col-md-3\">\n                        <div class=\"bg-size\" style=\"background-image: url('https:\/\/www.ull.es\/portal\/noticias\/wp-content\/uploads\/sites\/13\/2025\/05\/Dia-de-Africa-12-300x200.jpg');\"><\/div>\n                    <\/div>\n                    <div class=\"col-md-9\">\n                        <p class=\"list-group-item-date\">\n                            29 May 2025 - 09:20 UTC                        <\/p>\n                        <p class=\"list-group-item-text\">La ULL celebr\u00f3 el D\u00eda de \u00c1frica reivindicando la resiliencia y la convivencia intercultural<\/p>\n                    <\/div>\n                <\/div>\n            <\/a>\n                    <a href=\"https:\/\/www.ull.es\/portal\/noticias\/2024\/ull-presenta-dia-africa-proyectos-apoyar-migrantes\/\" class=\"list-group-item\">\n                <div class=\"row\">\n                    <div class=\"col-md-3\">\n                        <div class=\"bg-size\" style=\"background-image: url('https:\/\/www.ull.es\/portal\/noticias\/wp-content\/uploads\/sites\/13\/2024\/05\/Dia-de-Africa-ULL-06-300x200.jpg');\"><\/div>\n                    <\/div>\n                    <div class=\"col-md-9\">\n                        <p class=\"list-group-item-date\">\n                            23 May 2024 - 13:49 UTC                        <\/p>\n                        <p class=\"list-group-item-text\">La ULL presenta durante la celebraci\u00f3n del D\u00eda de \u00c1frica algunos proyectos para apoyar al colectivo de migrantes<\/p>\n                    <\/div>\n                <\/div>\n            <\/a>\n                    <a href=\"https:\/\/www.ull.es\/portal\/noticias\/2024\/ull-celebra-dia-africa\/\" class=\"list-group-item\">\n                <div class=\"row\">\n                    <div class=\"col-md-3\">\n                        <div class=\"bg-size\" style=\"background-image: url('https:\/\/www.ull.es\/portal\/noticias\/wp-content\/uploads\/sites\/13\/2024\/05\/Dia-de-Africa_Banner-eventos-300x148.png');\"><\/div>\n                    <\/div>\n                    <div class=\"col-md-9\">\n                        <p class=\"list-group-item-date\">\n                            22 May 2024 - 14:02 UTC                        <\/p>\n                        <p class=\"list-group-item-text\">La ULL celebra el D\u00eda de \u00c1frica con dos jornadas centradas en la cultura y los proyectos de cooperaci\u00f3n<\/p>\n                    <\/div>\n                <\/div>\n            <\/a>\n                    <a href=\"https:\/\/www.ull.es\/portal\/noticias\/2024\/rector-reivindica-mayoria-silenciosa-tolerante-ull\/\" class=\"list-group-item\">\n                <div class=\"row\">\n                    <div class=\"col-md-3\">\n                        <div class=\"bg-size\" style=\"background-image: url('https:\/\/www.ull.es\/portal\/noticias\/wp-content\/uploads\/sites\/13\/2024\/02\/Patera-quemada-12-300x200.jpg');\"><\/div>\n                    <\/div>\n                    <div class=\"col-md-9\">\n                        <p class=\"list-group-item-date\">\n                            19 Feb 2024 - 14:31 UTC                        <\/p>\n                        <p class=\"list-group-item-text\">El rector reivindica la \u00abmayor\u00eda silenciosa\u00bb y tolerante de la Universidad de La Laguna<\/p>\n                    <\/div>\n                <\/div>\n            <\/a>\n                    <a href=\"https:\/\/www.ull.es\/portal\/noticias\/2023\/ull-celebra-dia-africa-inaugurando-espacio-para-reflexion\/\" class=\"list-group-item\">\n                <div class=\"row\">\n                    <div class=\"col-md-3\">\n                        <div class=\"bg-size\" style=\"background-image: url('https:\/\/www.ull.es\/portal\/noticias\/wp-content\/uploads\/sites\/13\/2023\/05\/Dia-Africa-monumento-patera-20-300x200.jpg');\"><\/div>\n                    <\/div>\n                    <div class=\"col-md-9\">\n                        <p class=\"list-group-item-date\">\n                            25 May 2023 - 15:00 UTC                        <\/p>\n                        <p class=\"list-group-item-text\">La ULL celebra el D\u00eda de \u00c1frica inaugurando un espacio para la reflexi\u00f3n y uni\u00f3n con el continente vecino<\/p>\n                    <\/div>\n                <\/div>\n            <\/a>\n            <\/div>\n    <div class=\"panel-footer\">\n        <a href=\"https:\/\/www.ull.es\/portal\/noticias\/?cat=11020\">M\u00c1S NOTICIAS <i class=\"fa fa-chevron-right\"><\/i><\/a>\n    <\/div>\n\n\n<\/div>[\/vc_column_text][\/vc_column][vc_column width=\u00bb1\/3&#8243; offset=\u00bbvc_hidden-sm vc_hidden-xs\u00bb][vc_column_text]\n<style>\n    .events-group .bg-size {\n        background-position: center;\n        background-size: cover;\n        width: 100%;\n        height: 48px;\n    }\n    .events-group .list-group-item-text {\n        font-size: 13px;\n    }\n    .events-group .col-md-3 {\n        padding-right: 0;\n    }\n    .events-group .list-group-item-date {\n        font-size: 11px;\n        color: #A4A4A4;\n        margin-bottom: 2px;\n        text-transform: uppercase;\n    }\n\n    .mensaje.alert-warning{\n        font-size: 12px;\n        margin: 14px !important;\n        padding: 4px 8px;\n        color: #cca60b;\n    }\n\n<\/style>\n\n<div class=\"panel panel-default\">\n    <div class=\"panel-heading\">\n        <h3 class=\"panel-title\">Eventos<\/h3>\n    <\/div>\n\n    <div class=\"list-group events-group\">\n                    <a href=\"https:\/\/www.ull.es\/portal\/agenda\/evento\/perspectivas-africanas-desde-la-universidad\/\" class=\"list-group-item\">\n                <div class=\"row\">\n                    <div class=\"col-md-3\">\n                        <div class=\"bg-size\" style=\"background-image: url('https:\/\/www.ull.es\/portal\/agenda\/wp-content\/uploads\/sites\/12\/2026\/03\/BannerAfrica.jpg');\"><\/div>\n                    <\/div>\n                    <div class=\"col-md-9\">\n                        <p class=\"list-group-item-date\">\n                            05\/05\/26 - 05\/05\/26                        <\/p>\n                        <p class=\"list-group-item-text\">Perspectivas africanas desde la Universidad<\/p>\n                    <\/div>\n\n                <\/div>\n            <\/a>\n        \n    <\/div>\n    <div class=\"panel-footer\">\n        <a href=\"https:\/\/www.ull.es\/portal\/agenda\/eventos\/categoria\/centro-de-estudios-africanos\">M\u00c1S EVENTOS <i class=\"fa fa-chevron-right\"><\/i><\/a>\n    <\/div>\n\n\n<\/div>\n[\/vc_column_text][\/vc_column][vc_column width=\u00bb1\/3&#8243;][vc_column_text]\n<ul class=\"widget-box\">\n<li class='contacto-header'>Informaci\u00f3n de contacto<\/li><li><i class=\"fa fa-map-marker\"><\/i> Edificio de Filolog\u00eda de la Facultad de Humanidades, Planta -1. Plaza del Rector D. Jos\u00e9 Carlos Alberto Bethencourt., 38200 San Crist\u00f3bal de la Laguna. S\/C de Tenerife<\/li><li><i class=\"fa fa-phone\"><\/i> (+34) 922 31 70 92<\/li><li><i class=\"fa fa-envelope\"><\/i>  <a href=mailto:ceaull@ull.es>ceaull@ull.es<\/a><\/li>\n<\/ul>\n\n[\/vc_column_text][\/vc_column][\/vc_row][vc_row][vc_column][\/vc_column][\/vc_row]<\/p>\n","protected":false},"excerpt":{"rendered":"<p>[vc_row full_width=\u00bbstretch_row_content_no_spaces\u00bb][vc_column css=\u00bb.vc_custom_1719999817451{margin-top: -125px !important;}\u00bb][rev_slider_vc alias=\u00bbhome\u00bb][\/vc_column][\/vc_row][vc_row full_width=\u00bbstretch_row_content_no_spaces\u00bb][vc_column][vc_custom_heading text=\u00bb\u00bb font_container=\u00bbtag:h2|text_align:center|color:%23ffffff\u00bb google_fonts=\u00bbfont_family:Montserrat%3Aregular%2C700|font_style:700%20bold%20regular%3A700%3Anormal\u00bb css=\u00bb.vc_custom_1719208399980{padding-top: 15px !important;padding-bottom: 15px !important;background-color: #360060 !important;}\u00bb][\/vc_column][\/vc_row][vc_row full_width=\u00bbstretch_row\u00bb content_placement=\u00bbmiddle\u00bb css=\u00bb.vc_custom_1720073734153{background-color: #ffffff !important;}\u00bb el_class=\u00bbvc-bloque-destacado bloque-destacado\u00bb][vc_column offset=\u00bbvc_hidden-sm vc_hidden-xs\u00bb][vc_row_inner equal_height=\u00bbyes\u00bb content_placement=\u00bbmiddle\u00bb gap=\u00bb35&#8243; css=\u00bb.vc_custom_1718790385182{padding-bottom: 50px !important;}\u00bb el_class=\u00bbprimer-bloque\u00bb][vc_column_inner el_class=\u00bbfeature-btn\u00bb css=\u00bb.vc_custom_1511789500683{background-color: #ffffff !important;}\u00bb offset=\u00bbvc_col-xs-6&#8243;][vc_column_text] El Centro de Estudios Africanos de la Universidad de La Laguna tiene como objetivo dar a conocer&#8230;<\/p>\n","protected":false},"author":49,"featured_media":0,"parent":0,"menu_order":0,"comment_status":"closed","ping_status":"closed","template":"templates\/template-frontpage.php","meta":[],"acf":[],"_links":{"self":[{"href":"https:\/\/www.ull.es\/centros\/centro-estudios-africanos\/wp-json\/wp\/v2\/pages\/1010"}],"collection":[{"href":"https:\/\/www.ull.es\/centros\/centro-estudios-africanos\/wp-json\/wp\/v2\/pages"}],"about":[{"href":"https:\/\/www.ull.es\/centros\/centro-estudios-africanos\/wp-json\/wp\/v2\/types\/page"}],"author":[{"embeddable":true,"href":"https:\/\/www.ull.es\/centros\/centro-estudios-africanos\/wp-json\/wp\/v2\/users\/49"}],"replies":[{"embeddable":true,"href":"https:\/\/www.ull.es\/centros\/centro-estudios-africanos\/wp-json\/wp\/v2\/comments?post=1010"}],"version-history":[{"count":188,"href":"https:\/\/www.ull.es\/centros\/centro-estudios-africanos\/wp-json\/wp\/v2\/pages\/1010\/revisions"}],"predecessor-version":[{"id":1387,"href":"https:\/\/www.ull.es\/centros\/centro-estudios-africanos\/wp-json\/wp\/v2\/pages\/1010\/revisions\/1387"}],"wp:attachment":[{"href":"https:\/\/www.ull.es\/centros\/centro-estudios-africanos\/wp-json\/wp\/v2\/media?parent=1010"}],"curies":[{"name":"wp","href":"https:\/\/api.w.org\/{rel}","templated":true}]}}