{"id":1257,"date":"2024-07-03T05:56:39","date_gmt":"2024-07-03T05:56:39","guid":{"rendered":"https:\/\/www.ull.es\/centros\/centro-estudios-africanos\/?page_id=1257"},"modified":"2024-07-04T08:42:25","modified_gmt":"2024-07-04T08:42:25","slug":"centro","status":"publish","type":"page","link":"https:\/\/www.ull.es\/centros\/centro-estudios-africanos\/centro\/","title":{"rendered":"Centro"},"content":{"rendered":"<p>[vc_row full_width=\u00bbstretch_row_content_no_spaces\u00bb][vc_column css=\u00bb.vc_custom_1720001211490{margin-top: -125px !important;}\u00bb][rev_slider_vc alias=\u00bbcentros\u00bb][\/vc_column][\/vc_row][vc_row][vc_column][vc_empty_space][vc_column_text]<\/p>\n<p style=\"text-align: center;\">El Centro de Estudios Africanos de la Universidad de La Laguna fue fundado a principio de los a\u00f1os noventa del pasado siglo XX, aunque se relanz\u00f3 a mediados de la d\u00e9cada del 2000. Su objetivo es dar a conocer, mediante la investigaci\u00f3n y la divulgaci\u00f3n, el continente africano en todas sus facetas sociales, econ\u00f3micas, medioambientales, culturales y cient\u00edficas, a la vez que actuar de puente entre Canarias y los pueblos de \u00c1frica, promoviendo la solidaridad, el encuentro cultural, la cooperaci\u00f3n, la mitigaci\u00f3n de las desigualdades socioecon\u00f3micas y la lucha contra cambio clim\u00e1tico.<\/p>\n<p style=\"text-align: center;\">Entre las l\u00edneas de trabajo del CEA-ULL se encuentran la organizaci\u00f3n a lo largo del a\u00f1o de jornadas, seminarios y encuentros sobre diferentes aspectos de la realidad africana, la cooperaci\u00f3n Universidad de La Laguna-\u00c1frica, la movilidad de estudiantes y profesores de las universidades africanas y de la Universidad de La Laguna, la formaci\u00f3n e investigaci\u00f3n en estudios africanos, as\u00ed como servir de lugar de encuentro de los miembros de la comunidad universitaria y la sociedad civil interesados en el mejor conocimiento y difusi\u00f3n de \u00c1frica.<\/p>\n<p>[\/vc_column_text][vc_empty_space][\/vc_column][\/vc_row][vc_row][vc_column width=\u00bb1\/2&#8243;][vc_tta_accordion style=\u00bbmodern\u00bb color=\u00bbviolet\u00bb active_section=\u00bb99999&#8243; no_fill=\u00bbtrue\u00bb collapsible_all=\u00bbtrue\u00bb css=\u00bb.vc_custom_1720082435930{background-color: #ffffff !important;}\u00bb][vc_tta_section title=\u00bbIn English\u00bb tab_id=\u00bb1719987397912-4972bb88-8f43&#8243;][vc_column_text]The University of La Laguna\u2019s African Studies Centre was founded at the beginning of the nineties of the last 20th century, although it was relaunched in the mid-2000 decade. Its objective is to publicize, through research and dissemination, the African continent in all its facets (social, economic, environmental, cultural and scientific), while acting as a bridge between the Canary Islands and the different people of Africa, promoting solidarity, cultural encounters, cooperation, the mitigation of socioeconomic inequalities and the fight against climate change.<\/p>\n<p>Among the CEA-ULL\u2019s lines of work are the organization throughout the year of conferences, seminars and meetings on different aspects of the African reality, the University of La Laguna-Africa cooperation, the mobility of students and professors from African universities and the University of La Laguna, training and research in African studies, as well as serving as a meeting place for members of the university community and the civil society interested in a better knowledge and broadcast of Africa.<\/p>\n<p>The CEA-ULL headquarters are located in the Philology Building, Faculty of Humanities, Floor 1, Guajara Campus of La Laguna University (Tenerife, Canary Islands)<\/p>\n<p><strong>Direction team<\/strong><\/p>\n<p><strong>Director:<\/strong> V\u00edctor On\u00e9simo Martin Mart\u00edn<\/p>\n<p><strong>Vice Principal:<\/strong> Francisco Jos\u00e9 Ledesma Rodr\u00edguez<\/p>\n<p><strong>Secretary:<\/strong> Grecy P\u00e9rez Amores[\/vc_column_text][\/vc_tta_section][vc_tta_section title=\u00bbEn Fran\u00e7ais\u00bb tab_id=\u00bb1719987397932-7616afa6-c3b9&#8243;][vc_column_text]Le Centre des \u00c9tudes Africaines de l&#8217;Universit\u00e9 de La Laguna a \u00e9t\u00e9 fond\u00e9 au d\u00e9but des ann\u00e9es 1990, bien qu&#8217;il ait \u00e9t\u00e9 relanc\u00e9 au milieu des ann\u00e9es 2000. Son objectif est de faire conna\u00eetre, par la recherche et la diffusion, le continent africain sous toutes ses facettes (sociales, \u00e9conomiques, environnementales, culturelles et scientifiques) tout en servant de pont entre les \u00eeles Canaries et les peuples d&#8217;Afrique, en promouvant la solidarit\u00e9, les rencontres culturelles, la coop\u00e9ration, la r\u00e9duction des in\u00e9galit\u00e9s socio-\u00e9conomiques et la lutte contre le changement climatique.<\/p>\n<p>Parmi les missions du CEA-ULL figurent l&#8217;organisation, tout au long de l&#8217;ann\u00e9e, des conf\u00e9rences, s\u00e9minaires et r\u00e9unions sur diff\u00e9rents aspects de la r\u00e9alit\u00e9 africaine, la coop\u00e9ration entre l&#8217;universit\u00e9 de La Laguna et l&#8217;Afrique, la mobilit\u00e9 des \u00e9tudiants et des professeurs des universit\u00e9s africaines et de l&#8217;universit\u00e9 de La Laguna, la formation et la recherche dans le domaine des \u00e9tudes africaines. Il sert aussi de lieu de rencontre des membres de la communaut\u00e9 universitaire et la soci\u00e9t\u00e9 civile d\u00e9sirant une meilleure connaissance et diffusion de l&#8217;Afrique.<\/p>\n<p>Le si\u00e8ge du CEA-ULL est situ\u00e9 dans le B\u00e2timent de Philologie, Facult\u00e9 des Sciences Humaines, 1er \u00e9tage, Campus de Guajara de l&#8217;Universit\u00e9 de La Laguna ( Tenerife, \u00celes Canaries).<\/p>\n<p><strong>\u00c9quipe de direction<\/strong><\/p>\n<p><strong>Directeur<\/strong> : V\u00edctor On\u00e9simo Martin Mart\u00edn<\/p>\n<p><strong>Directeur adjoint<\/strong> : Francisco Jos\u00e9 Ledesma Rodr\u00edguez<\/p>\n<p><strong>Secr\u00e9taire<\/strong>: Grecy P\u00e9rez Amores[\/vc_column_text][\/vc_tta_section][\/vc_tta_accordion][\/vc_column][vc_column width=\u00bb1\/2&#8243;][vc_single_image image=\u00bb1264&#8243; img_size=\u00bbfull\u00bb alignment=\u00bbcenter\u00bb][\/vc_column][\/vc_row]<\/p>\n","protected":false},"excerpt":{"rendered":"<p>[vc_row full_width=\u00bbstretch_row_content_no_spaces\u00bb][vc_column css=\u00bb.vc_custom_1720001211490{margin-top: -125px !important;}\u00bb][rev_slider_vc alias=\u00bbcentros\u00bb][\/vc_column][\/vc_row][vc_row][vc_column][vc_empty_space][vc_column_text] El Centro de Estudios Africanos de la Universidad de La Laguna fue fundado a principio de los a\u00f1os noventa del pasado siglo XX, aunque se relanz\u00f3 a mediados de la d\u00e9cada del 2000. Su objetivo es dar a conocer, mediante la investigaci\u00f3n y la divulgaci\u00f3n, el continente africano en&#8230;<\/p>\n","protected":false},"author":49,"featured_media":0,"parent":0,"menu_order":0,"comment_status":"closed","ping_status":"closed","template":"templates\/template-frontpage.php","meta":[],"acf":[],"_links":{"self":[{"href":"https:\/\/www.ull.es\/centros\/centro-estudios-africanos\/wp-json\/wp\/v2\/pages\/1257"}],"collection":[{"href":"https:\/\/www.ull.es\/centros\/centro-estudios-africanos\/wp-json\/wp\/v2\/pages"}],"about":[{"href":"https:\/\/www.ull.es\/centros\/centro-estudios-africanos\/wp-json\/wp\/v2\/types\/page"}],"author":[{"embeddable":true,"href":"https:\/\/www.ull.es\/centros\/centro-estudios-africanos\/wp-json\/wp\/v2\/users\/49"}],"replies":[{"embeddable":true,"href":"https:\/\/www.ull.es\/centros\/centro-estudios-africanos\/wp-json\/wp\/v2\/comments?post=1257"}],"version-history":[{"count":11,"href":"https:\/\/www.ull.es\/centros\/centro-estudios-africanos\/wp-json\/wp\/v2\/pages\/1257\/revisions"}],"predecessor-version":[{"id":1396,"href":"https:\/\/www.ull.es\/centros\/centro-estudios-africanos\/wp-json\/wp\/v2\/pages\/1257\/revisions\/1396"}],"wp:attachment":[{"href":"https:\/\/www.ull.es\/centros\/centro-estudios-africanos\/wp-json\/wp\/v2\/media?parent=1257"}],"curies":[{"name":"wp","href":"https:\/\/api.w.org\/{rel}","templated":true}]}}