{"id":1286,"date":"2024-07-03T07:54:28","date_gmt":"2024-07-03T07:54:28","guid":{"rendered":"https:\/\/www.ull.es\/centros\/centro-estudios-africanos\/?page_id=1286"},"modified":"2024-11-11T09:39:42","modified_gmt":"2024-11-11T09:39:42","slug":"lineas-de-trabajo","status":"publish","type":"page","link":"https:\/\/www.ull.es\/centros\/centro-estudios-africanos\/lineas-de-trabajo\/","title":{"rendered":"L\u00edneas de trabajo"},"content":{"rendered":"<p>[vc_row full_width=\u00bbstretch_row_content_no_spaces\u00bb][vc_column css=\u00bb.vc_custom_1720001776899{margin-top: -125px !important;}\u00bb][rev_slider_vc alias=\u00bblineas-de-trabajo\u00bb][\/vc_column][\/vc_row][vc_row full_width=\u00bbstretch_row_content_no_spaces\u00bb][vc_column][vc_custom_heading text=\u00bbCursos\u00bb font_container=\u00bbtag:h2|text_align:center|color:%23ffffff\u00bb google_fonts=\u00bbfont_family:Montserrat%3Aregular%2C700|font_style:400%20regular%3A400%3Anormal\u00bb css=\u00bb.vc_custom_1720002492754{padding-top: 10px !important;padding-bottom: 10px !important;background-color: #5c068c !important;}\u00bb][\/vc_column][\/vc_row][vc_row content_placement=\u00bbmiddle\u00bb css=\u00bb.vc_custom_1720082599025{margin-top: 20px !important;margin-bottom: 20px !important;}\u00bb][vc_column width=\u00bb1\/2&#8243;][vc_column_text]El Centro de Estudios Africanos tiene entre sus cometidos la organizaci\u00f3n de jornadas, cursos y seminarios para dar a conocer la realidad del continente africano.[\/vc_column_text][\/vc_column][vc_column width=\u00bb1\/2&#8243;][vc_single_image image=\u00bb1413&#8243; img_size=\u00bbfull\u00bb style=\u00bbvc_box_rounded\u00bb][\/vc_column][\/vc_row][vc_row full_width=\u00bbstretch_row_content_no_spaces\u00bb][vc_column][vc_custom_heading text=\u00bbSeminario permanente sobre \u00c1frica\u00bb font_container=\u00bbtag:h2|text_align:center|color:%23ffffff\u00bb google_fonts=\u00bbfont_family:Montserrat%3Aregular%2C700|font_style:400%20regular%3A400%3Anormal\u00bb css=\u00bb.vc_custom_1720002500915{padding-top: 10px !important;padding-bottom: 10px !important;background-color: #5c068c !important;}\u00bb][\/vc_column][\/vc_row][vc_row content_placement=\u00bbmiddle\u00bb css=\u00bb.vc_custom_1720082607557{margin-top: 20px !important;margin-bottom: 20px !important;}\u00bb][vc_column width=\u00bb1\/2&#8243;][vc_single_image image=\u00bb1415&#8243; img_size=\u00bbfull\u00bb alignment=\u00bbright\u00bb style=\u00bbvc_box_rounded\u00bb][\/vc_column][vc_column width=\u00bb1\/2&#8243;][vc_column_text]El Seminario Permanente sobre \u00c1frica tiene con objetivo aprovechar cualquier momento del a\u00f1o para ejercer de tribuna para exponer diferentes aspectos del continente africano a trav\u00e9s de charlas, conferencias, mesas redondas y seminarios.<\/p>\n<p>Se trata de aprovechar coyunturas determinadas en las que estudiosos y conocedores de la realidad del continente que por una u otra circunstancia pasen por la Universidad de La Laguna o por nuestra isla (tambi\u00e9n puede ser a trav\u00e9s de videoconferencia), los propios miembros del CEAULL o personas externas no necesariamente universitarias den a conocer el resultado de sus investigaciones o proyectos. Tambi\u00e9n el seminario se propone la organizaci\u00f3n de mesas redondas para responder y explicar acontecimientos coyunturales que tengan lugar en el continente africano o que tengan que ver con \u00e9l.[\/vc_column_text][\/vc_column][\/vc_row][vc_row full_width=\u00bbstretch_row_content_no_spaces\u00bb][vc_column][vc_custom_heading text=\u00bbConvenios de la Universidad de la Laguna con Universidades Africanas\u00bb font_container=\u00bbtag:h2|text_align:center|color:%23ffffff\u00bb google_fonts=\u00bbfont_family:Montserrat%3Aregular%2C700|font_style:400%20regular%3A400%3Anormal\u00bb css=\u00bb.vc_custom_1720002510203{padding-top: 10px !important;padding-bottom: 10px !important;background-color: #5c068c !important;}\u00bb][\/vc_column][\/vc_row][vc_row content_placement=\u00bbmiddle\u00bb css=\u00bb.vc_custom_1720082614942{margin-top: 20px !important;margin-bottom: 20px !important;}\u00bb][vc_column width=\u00bb1\/2&#8243;][vc_column_text]Desde hace tiempo la Universidad de La Laguna viene firmando convenios de colaboraci\u00f3n acad\u00e9mica, investigadora y de cooperaci\u00f3n con numerosas universidades africanas. Aqu\u00ed se pueden ver los convenios actualmente vigentes.<\/p>\n<ul>\n<li><a href=\"https:\/\/drive.google.com\/file\/d\/1sXPNGYt6-oeJWBaAVIm1hTL7-osNBwhM\/view?usp=sharing\" target=\"_blank\" rel=\"noopener\" target=\"_blank\" rel=\"noopener\">Convenios Marco en Vigor en la ULL<\/a><\/li>\n<li><a href=\"https:\/\/drive.google.com\/file\/d\/1IjrxuLZx1isSuQOlnytLdFprNUiI5Rkf\/view?usp=sharing\" target=\"_blank\" rel=\"noopener\" target=\"_blank\" rel=\"noopener\">Convenios de Movilidad Bilaterales<\/a><\/li>\n<\/ul>\n<p>[\/vc_column_text][\/vc_column][vc_column width=\u00bb1\/2&#8243;][vc_single_image image=\u00bb1416&#8243; img_size=\u00bbfull\u00bb style=\u00bbvc_box_rounded\u00bb][\/vc_column][\/vc_row][vc_row full_width=\u00bbstretch_row_content_no_spaces\u00bb][vc_column][vc_custom_heading text=\u00bbEntidades y personas colaboradoras\u00bb font_container=\u00bbtag:h2|text_align:center|color:%23ffffff\u00bb google_fonts=\u00bbfont_family:Montserrat%3Aregular%2C700|font_style:400%20regular%3A400%3Anormal\u00bb css=\u00bb.vc_custom_1720002545629{padding-top: 10px !important;padding-bottom: 10px !important;background-color: #5c068c !important;}\u00bb][\/vc_column][\/vc_row][vc_row content_placement=\u00bbmiddle\u00bb css=\u00bb.vc_custom_1720082623166{margin-top: 20px !important;margin-bottom: 20px !important;}\u00bb][vc_column width=\u00bb1\/2&#8243;][vc_single_image image=\u00bb1421&#8243; img_size=\u00bbfull\u00bb alignment=\u00bbright\u00bb style=\u00bbvc_box_rounded\u00bb][\/vc_column][vc_column width=\u00bb1\/2&#8243;][vc_column_text]El Centro de Estudios Africanos se nutre no s\u00f3lo de la comunidad de profesores de la ULL, sino que otros organismos de la propia universidad, el alumnado, as\u00ed como entidades y personas de la sociedad civil colaboran asiduamente para llevar a cabo los objetivos del Centro.[\/vc_column_text][\/vc_column][\/vc_row][vc_row full_width=\u00bbstretch_row_content_no_spaces\u00bb][vc_column][vc_custom_heading text=\u00bbOtros centros y grupos de investigaci\u00f3n de estudios africanos\u00bb font_container=\u00bbtag:h2|text_align:center|color:%23ffffff\u00bb google_fonts=\u00bbfont_family:Montserrat%3Aregular%2C700|font_style:400%20regular%3A400%3Anormal\u00bb css=\u00bb.vc_custom_1720002667390{padding-top: 10px !important;padding-bottom: 10px !important;background-color: #5c068c !important;}\u00bb][\/vc_column][\/vc_row][vc_row content_placement=\u00bbmiddle\u00bb css=\u00bb.vc_custom_1720082628850{margin-top: 20px !important;margin-bottom: 20px !important;}\u00bb][vc_column width=\u00bb1\/2&#8243;][vc_column_text]En Europa, Am\u00e9rica y \u00c1frica existen numerosos centros de estudios y grupo de investigaci\u00f3n sobre \u00c1frica. Ofrecemos aqu\u00ed los enlaces a los mismos.[\/vc_column_text][\/vc_column][vc_column width=\u00bb1\/2&#8243;][vc_single_image image=\u00bb1414&#8243; img_size=\u00bbfull\u00bb style=\u00bbvc_box_rounded\u00bb][\/vc_column][\/vc_row]<\/p>\n","protected":false},"excerpt":{"rendered":"<p>[vc_row full_width=\u00bbstretch_row_content_no_spaces\u00bb][vc_column css=\u00bb.vc_custom_1720001776899{margin-top: -125px !important;}\u00bb][rev_slider_vc alias=\u00bblineas-de-trabajo\u00bb][\/vc_column][\/vc_row][vc_row full_width=\u00bbstretch_row_content_no_spaces\u00bb][vc_column][vc_custom_heading text=\u00bbCursos\u00bb font_container=\u00bbtag:h2|text_align:center|color:%23ffffff\u00bb google_fonts=\u00bbfont_family:Montserrat%3Aregular%2C700|font_style:400%20regular%3A400%3Anormal\u00bb css=\u00bb.vc_custom_1720002492754{padding-top: 10px !important;padding-bottom: 10px !important;background-color: #5c068c !important;}\u00bb][\/vc_column][\/vc_row][vc_row content_placement=\u00bbmiddle\u00bb css=\u00bb.vc_custom_1720082599025{margin-top: 20px !important;margin-bottom: 20px !important;}\u00bb][vc_column width=\u00bb1\/2&#8243;][vc_column_text]El Centro de Estudios Africanos tiene entre sus cometidos la organizaci\u00f3n de jornadas, cursos y seminarios para dar a conocer la realidad del continente africano.[\/vc_column_text][\/vc_column][vc_column width=\u00bb1\/2&#8243;][vc_single_image image=\u00bb1413&#8243; img_size=\u00bbfull\u00bb style=\u00bbvc_box_rounded\u00bb][\/vc_column][\/vc_row][vc_row full_width=\u00bbstretch_row_content_no_spaces\u00bb][vc_column][vc_custom_heading text=\u00bbSeminario permanente&#8230;<\/p>\n","protected":false},"author":49,"featured_media":0,"parent":0,"menu_order":0,"comment_status":"closed","ping_status":"closed","template":"templates\/template-frontpage.php","meta":[],"acf":[],"_links":{"self":[{"href":"https:\/\/www.ull.es\/centros\/centro-estudios-africanos\/wp-json\/wp\/v2\/pages\/1286"}],"collection":[{"href":"https:\/\/www.ull.es\/centros\/centro-estudios-africanos\/wp-json\/wp\/v2\/pages"}],"about":[{"href":"https:\/\/www.ull.es\/centros\/centro-estudios-africanos\/wp-json\/wp\/v2\/types\/page"}],"author":[{"embeddable":true,"href":"https:\/\/www.ull.es\/centros\/centro-estudios-africanos\/wp-json\/wp\/v2\/users\/49"}],"replies":[{"embeddable":true,"href":"https:\/\/www.ull.es\/centros\/centro-estudios-africanos\/wp-json\/wp\/v2\/comments?post=1286"}],"version-history":[{"count":28,"href":"https:\/\/www.ull.es\/centros\/centro-estudios-africanos\/wp-json\/wp\/v2\/pages\/1286\/revisions"}],"predecessor-version":[{"id":1481,"href":"https:\/\/www.ull.es\/centros\/centro-estudios-africanos\/wp-json\/wp\/v2\/pages\/1286\/revisions\/1481"}],"wp:attachment":[{"href":"https:\/\/www.ull.es\/centros\/centro-estudios-africanos\/wp-json\/wp\/v2\/media?parent=1286"}],"curies":[{"name":"wp","href":"https:\/\/api.w.org\/{rel}","templated":true}]}}