{"id":40,"date":"2017-11-14T14:10:37","date_gmt":"2017-11-14T14:10:37","guid":{"rendered":"http:\/\/www.ull.es\/centros\/escuela-superior-de-ingenieria-y-tecnologia\/?page_id=40"},"modified":"2023-09-26T08:17:17","modified_gmt":"2023-09-26T08:17:17","slug":"informacion-general","status":"publish","type":"page","link":"https:\/\/www.ull.es\/centros\/centro-estudios-criminologicos-canarias\/informacion-general\/","title":{"rendered":"Informaci\u00f3n general"},"content":{"rendered":"<p>[vc_row][vc_column width=\u00bb2\/3&#8243; el_class=\u00bbpadding-50-right\u00bb css=\u00bb.vc_custom_1494506721665{padding-right: 50px !important;}\u00bb][vc_column_text]<\/p>\n<h1>Presentaci\u00f3n<\/h1>\n<p>[\/vc_column_text][vc_column_text]\n<div class=\"shortcode-descripcion\">\n    <p>El Centro de Estudios Criminol\u00f3gicos de Canarias es un centro universitario dedicado a la organizaci\u00f3n y promoci\u00f3n de los estudios penales, criminol\u00f3gicos, penitenciarios, pol\u00edtico-criminales y dem\u00e1s disciplinas afines, as\u00ed como a la investigaci\u00f3n cient\u00edfica en dichos campos.<\/p><\/div>\n\n[\/vc_column_text][vc_column_text]<\/p>\n<ul>\n<li><a href=\"https:\/\/docs.google.com\/spreadsheets\/d\/e\/2PACX-1vTZ6AtI4k6sLsv9YOuD7w-u34xgPHGNcSbrNpnvC4uhEKenJvl2riM4gZDyIeuun54taT3CTxAeAoUD\/pubhtml?gid=2132420684&amp;single=true\" target=\"_blank\" rel=\"noopener\">Consultar antiguos directores\/as del Centro de Estudios Criminol\u00f3gicos<\/a><\/li>\n<\/ul>\n<p>[\/vc_column_text][vc_column_text el_id=\u00bborganigrama\u00bb]<\/p>\n<h1>Organigrama<\/h1>\n<p>[\/vc_column_text][vc_column_text]\n<style>\n    .shortcode-equipo h2 {\n        margin-bottom: 10px !important;\n    }\n<\/style>\n\n<div class=\"shortcode-equipo\">\n    <h2>Equipo de direcci\u00f3n<\/h2><dl><dt><strong>Director<\/strong><\/dt><dd> <a href='https:\/\/www.ull.es\/directorio\/search\/?busqueda=Fernando Guanarteme S\u00e1nchez L\u00e1zaro' target='_blank'>Fernando Guanarteme S\u00e1nchez L\u00e1zaro<\/a><\/dd><dt><strong>Secretario<\/strong><\/dt><dd> <a href='https:\/\/www.ull.es\/directorio\/search\/?busqueda=Christian Conal Fuertes' target='_blank'>Christian Conal Fuertes<\/a><\/dd><\/dl>\n<\/div>\n[\/vc_column_text][vc_column_text]<\/p>\n<h1>Programas formativos<\/h1>\n<ul>\n<li>Experto Universitario en Direcci\u00f3n de Intervenci\u00f3n Policial (EUDIP) (no se imparte el curso 23-24)<\/li>\n<li>Experto Universitario en Seguridad Vial e Investigaci\u00f3n de Siniestros Viales (EUSEVI) (no se imparte el curso 23-24)<\/li>\n<li>Experto Universitario en Direcci\u00f3n de Emergencias (EUDE) (no se imparte el curso 23-24)<\/li>\n<\/ul>\n<p>[\/vc_column_text][\/vc_column][vc_column width=\u00bb1\/3&#8243;][vc_column_text]<a class=\"btn-destacado\" href=\"https:\/\/riull.ull.es\/xmlui\/bitstream\/handle\/915\/31176\/Reglamento%20de%20R%c3%a9gimen%20Interior%20del%20Centro%20de%20Estudios%20Criminol%c3%b3gicos%20de%20Canarias%20%28CECRIM%29.pdf\" target=\"_blank\" rel=\"noopener noreferrer\" target=\"_blank\" rel=\"noopener\">Consultar reglamento del centro<i class=\"fa fa-arrow-right\"><\/i><\/a>[\/vc_column_text][vc_column_text]<a class=\"btn-destacado\" href=\"https:\/\/docs.google.com\/spreadsheets\/d\/e\/2PACX-1vTZ6AtI4k6sLsv9YOuD7w-u34xgPHGNcSbrNpnvC4uhEKenJvl2riM4gZDyIeuun54taT3CTxAeAoUD\/pubhtml?gid=0&amp;single=true\" rel=\"noopener\" target=\"_blank\" rel=\"noopener\">Consultar miembros del centro <i class=\"fa fa-arrow-right\"><\/i><\/a>[\/vc_column_text][vc_column_text]\n<ul class=\"widget-box\">\n<li class='contacto-header'>Informaci\u00f3n de contacto<\/li><li><i class=\"fa fa-map-marker\"><\/i> Camino La Hornera, 37. Facultad de Derecho. Apartado 456. C\u00f3digo postal 38200. San Crist\u00f3bal de La Laguna. S\/C de Tenerife<\/li><li><i class=\"fa fa-phone\"><\/i> (+34) 922 31 73 77<\/li><li><i class=\"fa fa-envelope\"><\/i>  <a href=mailto:cecrim@ull.es>cecrim@ull.es<\/a><\/li>\n<\/ul>\n\n[\/vc_column_text][vc_column_text el_id=\u00bbubicacion\u00bb]\n    \n<style>\n    .google-maps {\n        position: relative;\n        padding-bottom: 75%;\n        height: 0;\n        overflow: hidden;\n    }\n    .google-maps iframe {\n        position: absolute;\n        top: 0;\n        left: 0;\n        width: 100% !important;\n        height: 100% !important;\n    }\n<\/style>\n\n\n<div class=\"google-maps\">\n    <iframe src=\"https:\/\/www.openstreetmap.org\/export\/embed.html?bbox=-16.30861317411%2C28.46600504426%2C-16.30246936452%2C28.47181726654&amp;layer=mapnik&amp;marker=28.470188%2C-16.305787\" style=\"border: 1px solid black\"><\/iframe>\n<\/div>\n\n<div class=\"btn-widget\">\n    <a href=\"https:\/\/www.openstreetmap.org\/directions?engine=graphhopper_car&from=&to=28.470188%2C-16.305787#map=17\/28.470188\/-16.305787\">C\u00f3mo llegar<\/a>  \n<\/div>\n\n  <\/body>\n<\/html>\n\n[\/vc_column_text][\/vc_column][\/vc_row]<\/p>\n","protected":false},"excerpt":{"rendered":"<p>[vc_row][vc_column width=\u00bb2\/3&#8243; el_class=\u00bbpadding-50-right\u00bb css=\u00bb.vc_custom_1494506721665{padding-right: 50px !important;}\u00bb][vc_column_text] Presentaci\u00f3n [\/vc_column_text][vc_column_text][\/vc_column_text][vc_column_text] Consultar antiguos directores\/as del Centro de Estudios Criminol\u00f3gicos [\/vc_column_text][vc_column_text el_id=\u00bborganigrama\u00bb] Organigrama [\/vc_column_text][vc_column_text][\/vc_column_text][vc_column_text] Programas formativos Experto Universitario en Direcci\u00f3n de Intervenci\u00f3n Policial (EUDIP) (no se imparte el curso 23-24) Experto Universitario en Seguridad Vial e Investigaci\u00f3n de Siniestros Viales (EUSEVI) (no se imparte el curso 23-24) Experto Universitario&#8230;<\/p>\n","protected":false},"author":1,"featured_media":0,"parent":0,"menu_order":0,"comment_status":"closed","ping_status":"closed","template":"","meta":[],"acf":[],"_links":{"self":[{"href":"https:\/\/www.ull.es\/centros\/centro-estudios-criminologicos-canarias\/wp-json\/wp\/v2\/pages\/40"}],"collection":[{"href":"https:\/\/www.ull.es\/centros\/centro-estudios-criminologicos-canarias\/wp-json\/wp\/v2\/pages"}],"about":[{"href":"https:\/\/www.ull.es\/centros\/centro-estudios-criminologicos-canarias\/wp-json\/wp\/v2\/types\/page"}],"author":[{"embeddable":true,"href":"https:\/\/www.ull.es\/centros\/centro-estudios-criminologicos-canarias\/wp-json\/wp\/v2\/users\/1"}],"replies":[{"embeddable":true,"href":"https:\/\/www.ull.es\/centros\/centro-estudios-criminologicos-canarias\/wp-json\/wp\/v2\/comments?post=40"}],"version-history":[{"count":33,"href":"https:\/\/www.ull.es\/centros\/centro-estudios-criminologicos-canarias\/wp-json\/wp\/v2\/pages\/40\/revisions"}],"predecessor-version":[{"id":643,"href":"https:\/\/www.ull.es\/centros\/centro-estudios-criminologicos-canarias\/wp-json\/wp\/v2\/pages\/40\/revisions\/643"}],"wp:attachment":[{"href":"https:\/\/www.ull.es\/centros\/centro-estudios-criminologicos-canarias\/wp-json\/wp\/v2\/media?parent=40"}],"curies":[{"name":"wp","href":"https:\/\/api.w.org\/{rel}","templated":true}]}}