{"id":300,"date":"2017-11-14T10:24:35","date_gmt":"2017-11-14T10:24:35","guid":{"rendered":"http:\/\/www.ull.es\/centros\/escuela-superior-de-ingenieria-y-tecnologia\/?page_id=15"},"modified":"2023-03-13T10:14:03","modified_gmt":"2023-03-13T10:14:03","slug":"inicio","status":"publish","type":"page","link":"https:\/\/www.ull.es\/centros\/cipameco\/","title":{"rendered":"Inicio"},"content":{"rendered":"<p>[vc_row full_width=\u00bbstretch_row\u00bb content_placement=\u00bbmiddle\u00bb css=\u00bb.vc_custom_1525341245776{background-image: url(http:\/\/www.ull.es\/centros\/centros-estudios-universitarios-mediacion-convivencia\/wp-content\/uploads\/sites\/16\/2017\/11\/ull-portada.jpg?id=607) !important;background-position: center !important;background-repeat: no-repeat !important;background-size: cover !important;}\u00bb][vc_column css=\u00bb.vc_custom_1494852981099{padding-top: 80px !important;padding-bottom: 120px !important;}\u00bb][\/vc_column][\/vc_row][vc_row content_placement=\u00bbmiddle\u00bb css=\u00bb.vc_custom_1511270267127{padding-bottom: 35px !important;}\u00bb el_class=\u00bbsection-header\u00bb][vc_column css=\u00bb.vc_custom_1511271223484{margin-top: -100px !important;padding-right: 50px !important;padding-left: 50px !important;background-color: #ffffff !important;}\u00bb][vc_column_text el_class=\u00bbsmall-text\u00bb]CIPAMECO[\/vc_column_text][vc_column_text el_class=\u00bbtitle-text\u00bb]Centro Interuniversitario Internacional de<br \/>\nEstudios de la Paz, de la Mediaci\u00f3n y la Convivencia[\/vc_column_text][vc_separator el_width=\u00bb10&#8243;][vc_column_text]<\/p>\n<div class=\"gmail_default\">\n<div class=\"gmail_default\">El Centro Interuniversitario Internacional de Estudios de la Paz, de la Mediaci\u00f3n y la Convivencia tiene los siguientes objetivos: El desarrollo, cient\u00edfico y acad\u00e9mico, de estudios relacionados con la paz, la mediaci\u00f3n, la gesti\u00f3n de conflictos y la convivencia. Potenciar y desarrollar actividades encaminadas a la realizaci\u00f3n de programas de formaci\u00f3n y capacitaci\u00f3n especializada en mediaci\u00f3n y gesti\u00f3n de conflictos, as\u00ed como para la promoci\u00f3n de la paz, la convivencia, la tolerancia y la resoluci\u00f3n cooperativa y constructiva de conflictos. La promoci\u00f3n social mediante la coordinaci\u00f3n, el asesoramiento y desarrollo de actividades y servicios relativos a las materias propias del \u00e1mbito de actuaci\u00f3n del Centro, adem\u00e1s fomentar acciones de sensibilizaci\u00f3n y divulgaci\u00f3n social y cient\u00edfica en el \u00e1mbito de su competencia dirigidas a la comunidad universitaria y a la sociedad. Fortalecer la presencia y las relaciones institucionales, a nivel nacional e internacional, para promover, potenciar y hacer visibles sus objetivos y actividades.<\/div>\n<\/div>\n<div class=\"gmail_default\">\n<div class=\"gmail_default\"><\/div>\n<\/div>\n<p>[\/vc_column_text][\/vc_column][\/vc_row][vc_row disable_element=\u00bbyes\u00bb css=\u00bb.vc_custom_1523969359782{margin-bottom: 80px !important;}\u00bb][vc_column][vc_column_text]\n<div id=\"rev_slider_1_1_wrapper\" class=\"rev_slider_wrapper fullwidthbanner-container\" data-source=\"gallery\" style=\"margin:0px auto;background:transparent;padding:0px;margin-top:0px;margin-bottom:0px;\">\n<!-- START REVOLUTION SLIDER 5.4.7.3 auto mode -->\n\t<div id=\"rev_slider_1_1\" class=\"rev_slider fullwidthabanner\" style=\"display:none;\" data-version=\"5.4.7.3\">\n<ul>\t<!-- SLIDE  -->\n\t<li data-index=\"rs-4\" data-transition=\"fade\" data-slotamount=\"default\" data-hideafterloop=\"0\" data-hideslideonmobile=\"off\"  data-easein=\"default\" data-easeout=\"default\" data-masterspeed=\"300\"  data-thumb=\"\"  data-rotate=\"0\"  data-saveperformance=\"off\"  data-title=\"Slide\" data-param1=\"\" data-param2=\"\" data-param3=\"\" data-param4=\"\" data-param5=\"\" data-param6=\"\" data-param7=\"\" data-param8=\"\" data-param9=\"\" data-param10=\"\" data-description=\"\">\n\t\t<!-- MAIN IMAGE -->\n\t\t<img src=\"https:\/\/www.ull.es\/centros\/cipameco\/wp-content\/plugins\/revslider\/admin\/assets\/images\/transparent.png\"  alt=\"\" title=\"Inicio\"  data-bgposition=\"center center\" data-bgfit=\"cover\" data-bgrepeat=\"no-repeat\" class=\"rev-slidebg\" data-no-retina>\n\t\t<!-- LAYERS -->\n\n\t\t<!-- LAYER NR. 1 -->\n\t\t<div class=\"tp-caption   tp-resizeme\" \n\t\t\t id=\"slide-4-layer-1\" \n\t\t\t data-x=\"-2\" \n\t\t\t data-y=\"-61\" \n\t\t\t\t\t\tdata-width=\"['none','none','none','none']\"\n\t\t\tdata-height=\"['none','none','none','none']\"\n \n\t\t\tdata-type=\"image\" \n\t\t\tdata-responsive_offset=\"on\" \n\n\t\t\tdata-frames='[{\"delay\":0,\"speed\":300,\"frame\":\"0\",\"from\":\"opacity:0;\",\"to\":\"o:1;\",\"ease\":\"Power3.easeInOut\"},{\"delay\":\"wait\",\"speed\":300,\"frame\":\"999\",\"to\":\"opacity:0;\",\"ease\":\"Power3.easeInOut\"}]'\n\t\t\tdata-textAlign=\"['inherit','inherit','inherit','inherit']\"\n\t\t\tdata-paddingtop=\"[0,0,0,0]\"\n\t\t\tdata-paddingright=\"[0,0,0,0]\"\n\t\t\tdata-paddingbottom=\"[0,0,0,0]\"\n\t\t\tdata-paddingleft=\"[0,0,0,0]\"\n\n\t\t\tstyle=\"z-index: 5;\"><img src=\"https:\/\/www.ull.es\/centros\/facultad-ciencias-salud\/wp-content\/uploads\/sites\/13\/2018\/04\/Cabecera_CienciasdelaSalud.jpg\" alt=\"\" data-ww=\"1200px\" data-hh=\"300px\" data-no-retina> <\/div>\n\t<\/li>\n<\/ul>\n<script>var htmlDiv = document.getElementById(\"rs-plugin-settings-inline-css\"); var htmlDivCss=\"\";\r\n\t\t\t\t\t\tif(htmlDiv) {\r\n\t\t\t\t\t\t\thtmlDiv.innerHTML = htmlDiv.innerHTML + htmlDivCss;\r\n\t\t\t\t\t\t}else{\r\n\t\t\t\t\t\t\tvar htmlDiv = document.createElement(\"div\");\r\n\t\t\t\t\t\t\thtmlDiv.innerHTML = \"<style>\" + htmlDivCss + \"<\/style>\";\r\n\t\t\t\t\t\t\tdocument.getElementsByTagName(\"head\")[0].appendChild(htmlDiv.childNodes[0]);\r\n\t\t\t\t\t\t}\r\n\t\t\t\t\t<\/script>\n<div class=\"tp-bannertimer tp-bottom\" style=\"visibility: hidden !important;\"><\/div>\t<\/div>\n<script>var htmlDiv = document.getElementById(\"rs-plugin-settings-inline-css\"); var htmlDivCss=\"\";\r\n\t\t\t\tif(htmlDiv) {\r\n\t\t\t\t\thtmlDiv.innerHTML = htmlDiv.innerHTML + htmlDivCss;\r\n\t\t\t\t}else{\r\n\t\t\t\t\tvar htmlDiv = document.createElement(\"div\");\r\n\t\t\t\t\thtmlDiv.innerHTML = \"<style>\" + htmlDivCss + \"<\/style>\";\r\n\t\t\t\t\tdocument.getElementsByTagName(\"head\")[0].appendChild(htmlDiv.childNodes[0]);\r\n\t\t\t\t}\r\n\t\t\t<\/script>\n\t\t<script type=\"text\/javascript\">\r\nif (setREVStartSize!==undefined) setREVStartSize(\r\n\t{c: '#rev_slider_1_1', gridwidth: [1140], gridheight: [240], sliderLayout: 'auto'});\r\n\t\t\t\r\nvar revapi1,\r\n\ttpj;\t\r\n(function() {\t\t\t\r\n\tif (!\/loaded|interactive|complete\/.test(document.readyState)) document.addEventListener(\"DOMContentLoaded\",onLoad); else onLoad();\t\r\n\tfunction onLoad() {\t\t\t\t\r\n\t\tif (tpj===undefined) { tpj = jQuery; if(\"off\" == \"on\") tpj.noConflict();}\r\n\tif(tpj(\"#rev_slider_1_1\").revolution == undefined){\n\t\trevslider_showDoubleJqueryError(\"#rev_slider_1_1\");\n\t}else{\n\t\trevapi1 = tpj(\"#rev_slider_1_1\").show().revolution({\n\t\t\tsliderType:\"standard\",\n\t\t\tjsFileLocation:\"\/\/www.ull.es\/centros\/cipameco\/wp-content\/plugins\/revslider\/public\/assets\/js\/\",\n\t\t\tsliderLayout:\"auto\",\n\t\t\tdottedOverlay:\"none\",\n\t\t\tdelay:9000,\n\t\t\tnavigation: {\n\t\t\t\tkeyboardNavigation:\"off\",\n\t\t\t\tkeyboard_direction: \"horizontal\",\n\t\t\t\tmouseScrollNavigation:\"off\",\n \t\t\t\t\t\t\tmouseScrollReverse:\"default\",\n\t\t\t\tonHoverStop:\"off\",\n\t\t\t\tarrows: {\n\t\t\t\t\tstyle:\"gyges\",\n\t\t\t\t\tenable:true,\n\t\t\t\t\thide_onmobile:true,\n\t\t\t\t\thide_under:768,\n\t\t\t\t\thide_onleave:false,\n\t\t\t\t\ttmp:'',\n\t\t\t\t\tleft: {\n\t\t\t\t\t\th_align:\"left\",\n\t\t\t\t\t\tv_align:\"center\",\n\t\t\t\t\t\th_offset:-20,\n\t\t\t\t\t\tv_offset:0\n\t\t\t\t\t},\n\t\t\t\t\tright: {\n\t\t\t\t\t\th_align:\"right\",\n\t\t\t\t\t\tv_align:\"center\",\n\t\t\t\t\t\th_offset:-20,\n\t\t\t\t\t\tv_offset:0\n\t\t\t\t\t}\n\t\t\t\t}\n\t\t\t},\n\t\t\tvisibilityLevels:[1240,1024,778,480],\n\t\t\tgridwidth:1140,\n\t\t\tgridheight:240,\n\t\t\tlazyType:\"none\",\n\t\t\tshadow:0,\n\t\t\tspinner:\"off\",\n\t\t\tstopLoop:\"off\",\n\t\t\tstopAfterLoops:-1,\n\t\t\tstopAtSlide:-1,\n\t\t\tshuffle:\"off\",\n\t\t\tautoHeight:\"off\",\n\t\t\tdisableProgressBar:\"on\",\n\t\t\thideThumbsOnMobile:\"off\",\n\t\t\thideSliderAtLimit:0,\n\t\t\thideCaptionAtLimit:0,\n\t\t\thideAllCaptionAtLilmit:0,\n\t\t\tdebugMode:false,\n\t\t\tfallbacks: {\n\t\t\t\tsimplifyAll:\"off\",\n\t\t\t\tnextSlideOnWindowFocus:\"off\",\n\t\t\t\tdisableFocusListener:false,\n\t\t\t}\n\t\t});\n\t}; \/* END OF revapi call *\/\n\t\n }; \/* END OF ON LOAD FUNCTION *\/\r\n}()); \/* END OF WRAPPING FUNCTION *\/\r\n<\/script>\r\n\t\t<\/div><!-- END REVOLUTION SLIDER -->[\/vc_column_text][\/vc_column][\/vc_row][vc_row full_width=\u00bbstretch_row\u00bb disable_element=\u00bbyes\u00bb css=\u00bb.vc_custom_1525430677120{padding-top: 20px !important;padding-bottom: 40px !important;background-color: #f0f2f3 !important;}\u00bb el_class=\u00bbvc-bloque-destacado bloque-destacado\u00bb][vc_column][vc_row_inner gap=\u00bb35&#8243;][vc_column_inner el_class=\u00bbfeature-btn\u00bb width=\u00bb1\/3&#8243; css=\u00bb.vc_custom_1525353965145{background-color: #ffffff !important;}\u00bb][vc_icon icon_fontawesome=\u00bbfa fa-gavel\u00bb color=\u00bbcustom\u00bb size=\u00bblg\u00bb align=\u00bbcenter\u00bb custom_color=\u00bb#b5b9bf\u00bb link=\u00bburl:https%3A%2F%2Friull.ull.es%2Fxmlui%2Fbitstream%2Fhandle%2F915%2F3056%2FBOULL.%2520A%25C3%25B1o%2520I%252c%2520N%25C3%25BAmero%25208.pdf|title:Normativa|target:%20_blank|\u00bb][vc_column_text el_class=\u00bbfeature-link\u00bb]<a class=\"destacado\" href=\"https:\/\/riull.ull.es\/xmlui\/bitstream\/handle\/915\/3056\/BOULL.%20A%C3%B1o%20I%2c%20N%C3%BAmero%208.pdf\" target=\"_blank\" rel=\"noopener noreferrer\" target=\"_blank\" rel=\"noopener\">Normativa<\/a>[\/vc_column_text][\/vc_column_inner][vc_column_inner el_class=\u00bbfeature-btn\u00bb width=\u00bb1\/3&#8243; css=\u00bb.vc_custom_1525353973073{background-color: #ffffff !important;}\u00bb][vc_icon icon_fontawesome=\u00bbfa fa-users\u00bb color=\u00bbcustom\u00bb size=\u00bblg\u00bb align=\u00bbcenter\u00bb custom_color=\u00bb#b5b9bf\u00bb link=\u00bburl:https%3A%2F%2Fdocs.google.com%2Fspreadsheets%2Fd%2Fe%2F2PACX-1vTZ6AtI4k6sLsv9YOuD7w-u34xgPHGNcSbrNpnvC4uhEKenJvl2riM4gZDyIeuun54taT3CTxAeAoUD%2Fpubhtml%3Fgid%3D0%26single%3Dtrue|title:Miembros|target:%20_blank|\u00bb][vc_column_text el_class=\u00bbfeature-link\u00bb]<a class=\"destacado\" href=\"https:\/\/docs.google.com\/spreadsheets\/d\/e\/2PACX-1vTZ6AtI4k6sLsv9YOuD7w-u34xgPHGNcSbrNpnvC4uhEKenJvl2riM4gZDyIeuun54taT3CTxAeAoUD\/pubhtml?gid=0&amp;single=true\" target=\"_blank\" rel=\"noopener\">Miembros del centro<\/a>[\/vc_column_text][\/vc_column_inner][vc_column_inner el_class=\u00bbfeature-btn\u00bb width=\u00bb1\/3&#8243; css=\u00bb.vc_custom_1525353987130{background-color: #ffffff !important;}\u00bb][vc_icon icon_fontawesome=\u00bbfa fa-flask\u00bb color=\u00bbcustom\u00bb size=\u00bblg\u00bb align=\u00bbcenter\u00bb custom_color=\u00bb#b5b9bf\u00bb link=\u00bburl:http%3A%2F%2Fwww.ull.es%2Fcentros%2Fcentro-estudios-criminologicos-canarias%2Finvestigacion%2F|title:Investigaci%C3%B3n||\u00bb][vc_column_text el_class=\u00bbfeature-link\u00bb]<a class=\"destacado\" href=\"http:\/\/www.ull.es\/centros\/centros-estudios-universitarios-mediacion-convivencia\/investigacion\/\" target=\"_blank\" rel=\"noopener\">Investigaci\u00f3n<\/a>[\/vc_column_text][\/vc_column_inner][\/vc_row_inner][\/vc_column][\/vc_row][vc_row full_width=\u00bbstretch_row\u00bb css=\u00bb.vc_custom_1493903710709{margin-bottom: 50px !important;background-color: #ffffff !important;}\u00bb][vc_column width=\u00bb2\/3&#8243;][vc_column_text]<style>\n    .news-group .bg-size {\n        background-position: center;\n        background-size: cover;\n        width: 100%;\n        height: 48px;\n    }\n    .news-group .list-group-item-text {\n        font-size: 13px;\n    }\n    .news-group .col-md-3 {\n        padding-right: 0;\n    }\n    .news-group .list-group-item-date {\n        font-size: 11px;\n        color: #A4A4A4;\n        margin-bottom: 2px;\n        text-transform: uppercase;\n    }\n\n    .mensaje.alert-warning{\n        font-size: 12px;\n        margin: 14px !important;\n        padding: 4px 8px;\n        color: #cca60b;\n    }\n\n<\/style>\n\n<div class=\"panel panel-default\">\n    <div class=\"panel-heading\">\n        <h3 class=\"panel-title\">Notificaciones<\/h3>\n    <\/div>\n\n    <div class=\"list-group news-group\">\n                            <a href=\"https:\/\/www.ull.es\/portal\/noticias\/2019\/la-ull-y-educacion-potenciaran-la-investigacion-en-convivencia-y-gestion-de-conflictos-para-centros-no-universitarios\/\" class=\"list-group-item\">\n                    <div class=\"row\">\n                        <div class=\"col-md-12\">\n                            <p class=\"list-group-item-date\">\n                                15 Jul 2019 - 13:49 UTC                            <\/p>\n                            <p class=\"list-group-item-text\">La ULL y Educaci\u00f3n potenciar\u00e1n la investigaci\u00f3n en convivencia y gesti\u00f3n de conflictos para centros no universitarios<\/p>\n                        <\/div>\n                    <\/div>\n                <\/a>\n                <\/div>\n    <div class=\"panel-footer\">\n        <a href=\"https:\/\/www.ull.es\/portal\/noticias\/?cat=4282\">M\u00c1S NOTIFICACIONES <i class=\"fa fa-chevron-right\"><\/i><\/a>\n    <\/div>\n\n\n<\/div>[\/vc_column_text][\/vc_column][vc_column width=\u00bb1\/3&#8243;][vc_column_text]\n<style>\n    .events-group .bg-size {\n        background-position: center;\n        background-size: cover;\n        width: 100%;\n        height: 48px;\n    }\n    .events-group .list-group-item-text {\n        font-size: 13px;\n    }\n    .events-group .col-md-3 {\n        padding-right: 0;\n    }\n    .events-group .list-group-item-date {\n        font-size: 11px;\n        color: #A4A4A4;\n        margin-bottom: 2px;\n        text-transform: uppercase;\n    }\n\n    .mensaje.alert-warning{\n        font-size: 12px;\n        margin: 14px !important;\n        padding: 4px 8px;\n        color: #cca60b;\n    }\n\n<\/style>\n\n<div class=\"panel panel-default\">\n    <div class=\"panel-heading\">\n        <h3 class=\"panel-title\">Eventos<\/h3>\n    <\/div>\n\n    <div class=\"list-group events-group\">\n\n        <div class=\"mensaje alert alert-warning\">No hay eventos disponibles.<\/div>\n    <\/div>\n\n\n<\/div>\n[\/vc_column_text][\/vc_column][\/vc_row][vc_row][vc_column][\/vc_column][\/vc_row]<\/p>\n","protected":false},"excerpt":{"rendered":"<p>[vc_row full_width=\u00bbstretch_row\u00bb content_placement=\u00bbmiddle\u00bb css=\u00bb.vc_custom_1525341245776{background-image: url(http:\/\/www.ull.es\/centros\/centros-estudios-universitarios-mediacion-convivencia\/wp-content\/uploads\/sites\/16\/2017\/11\/ull-portada.jpg?id=607) !important;background-position: center !important;background-repeat: no-repeat !important;background-size: cover !important;}\u00bb][vc_column css=\u00bb.vc_custom_1494852981099{padding-top: 80px !important;padding-bottom: 120px !important;}\u00bb][\/vc_column][\/vc_row][vc_row content_placement=\u00bbmiddle\u00bb css=\u00bb.vc_custom_1511270267127{padding-bottom: 35px !important;}\u00bb el_class=\u00bbsection-header\u00bb][vc_column css=\u00bb.vc_custom_1511271223484{margin-top: -100px !important;padding-right: 50px !important;padding-left: 50px !important;background-color: #ffffff !important;}\u00bb][vc_column_text el_class=\u00bbsmall-text\u00bb]CIPAMECO[\/vc_column_text][vc_column_text el_class=\u00bbtitle-text\u00bb]Centro Interuniversitario Internacional de Estudios de la Paz, de la Mediaci\u00f3n y la Convivencia[\/vc_column_text][vc_separator el_width=\u00bb10&#8243;][vc_column_text] El Centro Interuniversitario Internacional de Estudios de la&#8230;<\/p>\n","protected":false},"author":1,"featured_media":0,"parent":0,"menu_order":0,"comment_status":"closed","ping_status":"closed","template":"templates\/template-frontpage.php","meta":[],"acf":[],"_links":{"self":[{"href":"https:\/\/www.ull.es\/centros\/cipameco\/wp-json\/wp\/v2\/pages\/300"}],"collection":[{"href":"https:\/\/www.ull.es\/centros\/cipameco\/wp-json\/wp\/v2\/pages"}],"about":[{"href":"https:\/\/www.ull.es\/centros\/cipameco\/wp-json\/wp\/v2\/types\/page"}],"author":[{"embeddable":true,"href":"https:\/\/www.ull.es\/centros\/cipameco\/wp-json\/wp\/v2\/users\/1"}],"replies":[{"embeddable":true,"href":"https:\/\/www.ull.es\/centros\/cipameco\/wp-json\/wp\/v2\/comments?post=300"}],"version-history":[{"count":38,"href":"https:\/\/www.ull.es\/centros\/cipameco\/wp-json\/wp\/v2\/pages\/300\/revisions"}],"predecessor-version":[{"id":650,"href":"https:\/\/www.ull.es\/centros\/cipameco\/wp-json\/wp\/v2\/pages\/300\/revisions\/650"}],"wp:attachment":[{"href":"https:\/\/www.ull.es\/centros\/cipameco\/wp-json\/wp\/v2\/media?parent=300"}],"curies":[{"name":"wp","href":"https:\/\/api.w.org\/{rel}","templated":true}]}}