{"id":80,"date":"2017-12-01T10:42:00","date_gmt":"2017-12-01T10:42:00","guid":{"rendered":"http:\/\/www.ull.es\/centros\/escuela-doctorado-estudios-posgrado\/?page_id=80"},"modified":"2025-12-15T11:40:08","modified_gmt":"2025-12-15T11:40:08","slug":"consejo-de-direccion","status":"publish","type":"page","link":"https:\/\/www.ull.es\/centros\/escuela-doctorado-estudios-posgrado\/informacion-general\/consejo-de-direccion\/","title":{"rendered":"Consejo de direcci\u00f3n"},"content":{"rendered":"<p>[vc_row full_width=\u00bbstretch_row_content_no_spaces\u00bb el_class=\u00bbSliderPortada\u00bb][vc_column][rev_slider_vc alias=\u00bbinfo-y-consejo\u00bb][\/vc_column][\/vc_row][vc_row full_width=\u00bbstretch_row_content_no_spaces\u00bb][vc_column][vc_custom_heading text=\u00bb\u00bb font_container=\u00bbtag:h2|text_align:center\u00bb google_fonts=\u00bbfont_family:Montserrat%3Aregular%2C700|font_style:700%20bold%20regular%3A700%3Anormal\u00bb css=\u00bb.vc_custom_1721221176088{padding-top: 15px !important;padding-bottom: 15px !important;background-color: #360060 !important;}\u00bb][\/vc_column][\/vc_row][vc_row css=\u00bb.vc_custom_1744124860822{margin-top: 10% !important;}\u00bb][vc_column width=\u00bb2\/3&#8243;][vc_column_text]<\/p>\n<h1>Comit\u00e9 de Direcci\u00f3n de Doctorado<\/h1>\n<p>[\/vc_column_text][vc_tta_accordion shape=\u00bbsquare\u00bb c_icon=\u00bbchevron\u00bb c_position=\u00bbright\u00bb active_section=\u00bb\u00bb no_fill=\u00bbtrue\u00bb collapsible_all=\u00bbtrue\u00bb][vc_tta_section title=\u00bbFunciones del Comit\u00e9 de Direcci\u00f3n de Doctorado\u00bb tab_id=\u00bbfunciones-comite-direccion-doctorado\u00bb][vc_column_text]a) Asesorar a la Direcci\u00f3n y elevar informes y propuestas, sobre todas las materias concernientes al doctorado.<br \/>\nb) Definir la pol\u00edtica de actuaci\u00f3n de la Escuela en materia de doctorado, tanto en lo relativo a su r\u00e9gimen organizativo, administrativo y de gesti\u00f3n, como a las actividades formativas.<br \/>\nc) Instar la modificaci\u00f3n de este reglamento y dem\u00e1s normativa de la Universidad de La Laguna en materia de doctorado.<br \/>\nd) Estudiar las propuestas de nuevos programas de doctorado.<br \/>\ne) Proponer las l\u00edneas generales de la pol\u00edtica acad\u00e9mica y los criterios b\u00e1sicos de seguimiento<br \/>\nde la preparaci\u00f3n de los del estudiantado de los programas de doctorado.<br \/>\nf) Velar por el correcto cumplimiento de las funciones que incumben a las comisiones acad\u00e9micas de doctorado y del personal t\u00e9cnico, de gesti\u00f3n y de administraci\u00f3n y servicios adscritos a la realizaci\u00f3n de las actividades propias de la Escuela.<br \/>\ng) Ejercer cualesquiera otras funciones que le asignen los \u00f3rganos superiores de gobierno universitario o le reconozca la normativa vigente.[\/vc_column_text][\/vc_tta_section][vc_tta_section title=\u00bbMiembros del Comit\u00e9\u00bb tab_id=\u00bbmiembros-comite\u00bb][vc_column_text]<strong>COMIT\u00c9 DE DIRECCI\u00d3N DE DOCTORADO<\/strong><\/p>\n<p>El Comit\u00e9 de Direcci\u00f3n de Doctorado estar\u00e1 compuesto por las personas que ostenten la Direcci\u00f3n de la Escuela, las subdirecciones que existieran que tuvieran competencias en doctorado y calidad, la Secretar\u00eda de la Escuela y las que hayan asumido la coordinaci\u00f3n de un programa de doctorado.<\/p>\n<p>Asimismo, tambi\u00e9n participar\u00e1n un representante del alumnado de doctorado y la persona que ostente la Administraci\u00f3n de la Escuela, pudiendo ser sustituida por quien ostente la jefatura del Negociado de Doctorado (art\u00edculo 13 del RRI de la EDEP).<\/p>\n<table width=\"0\">\n<tbody>\n<tr>\n<td width=\"283\"><strong>Direcci\u00f3n<\/strong><\/td>\n<td width=\"322\">Gustavo Alberto Marrero D\u00edaz<\/td>\n<\/tr>\n<tr>\n<td width=\"283\"><strong>Subdirecci\u00f3n de Doctorado<\/strong><\/td>\n<td width=\"322\">\u00a0Sara Darias Curvo<\/td>\n<\/tr>\n<tr>\n<td width=\"283\"><strong>Subdirecci\u00f3n de Calidad y Formaci\u00f3n<\/strong><\/td>\n<td width=\"322\">Mar\u00eda Etelvina de las Casas Le\u00f3n<\/td>\n<\/tr>\n<tr>\n<td width=\"283\"><strong>Secretaria<\/strong><\/td>\n<td width=\"322\">Andrea Padr\u00f3n Villalba<\/td>\n<\/tr>\n<tr>\n<td width=\"283\"><strong>Administradora<\/strong><\/p>\n<p><strong>Suplente: Jefe de Negociado de Doctorado<\/strong><\/td>\n<td width=\"322\">Mar\u00eda Jos\u00e9 Dorta<\/p>\n<p>Francisco Manuel Castellanos Ramos<\/td>\n<\/tr>\n<tr>\n<td width=\"283\"><strong>Representante del alumnado de doctorado<\/strong><\/td>\n<td width=\"322\">Rub\u00e9n Barroso Mart\u00ednez<\/td>\n<\/tr>\n<\/tbody>\n<\/table>\n<p>&nbsp;<\/p>\n<table width=\"0\">\n<tbody>\n<tr>\n<td width=\"283\"><strong>Programas de doctorado<\/strong><\/td>\n<td width=\"322\"><strong>Coordinadores<\/strong><\/td>\n<\/tr>\n<tr>\n<td width=\"283\">Arte y Humanidades<\/td>\n<td width=\"322\">Francisco Jos\u00e9 Cort\u00e9s Rodr\u00edguez<\/td>\n<\/tr>\n<tr>\n<td width=\"283\">Astrof\u00edsica<\/td>\n<td width=\"322\">Christopher Bryan Anderson Brook<\/td>\n<\/tr>\n<tr>\n<td width=\"283\">Biodiversidad y Conservaci\u00f3n<\/td>\n<td width=\"322\">Marta Sans\u00f3n Acedo<\/td>\n<\/tr>\n<tr>\n<td width=\"283\">Ciencias de la Salud<\/td>\n<td width=\"322\">Guadalberto Hern\u00e1ndez Hern\u00e1ndez<\/td>\n<\/tr>\n<tr>\n<td width=\"283\">Ciencias M\u00e9dicas y Farmac\u00e9uticas, Desarrollo y Calidad de Vida<\/td>\n<td width=\"322\">Alfonso Miguel Garc\u00eda Hern\u00e1ndez<\/td>\n<\/tr>\n<tr>\n<td width=\"283\">Derecho, Sociedad y Turismo<\/td>\n<td width=\"322\">Leopoldo Cabrera Rodr\u00edguez<\/td>\n<\/tr>\n<tr>\n<td width=\"283\">Desarrollo Regional<\/td>\n<td width=\"322\">Flora Mar\u00eda D\u00edaz P\u00e9rez<\/td>\n<\/tr>\n<tr>\n<td width=\"283\">Educaci\u00f3n<\/td>\n<td width=\"322\">Lidia Esther Santana Vega<\/td>\n<\/tr>\n<tr>\n<td width=\"283\">Estudios Interdisciplinares de G\u00e9nero<\/td>\n<td width=\"322\">Mar\u00eda Ar\u00e1nzazu Calzadilla Medina<\/td>\n<\/tr>\n<tr>\n<td width=\"283\">Filosof\u00eda<\/td>\n<td width=\"322\">Chaxiraxi Escuela Cruz<\/td>\n<\/tr>\n<tr>\n<td width=\"283\">Ingenier\u00eda Industrial, Inform\u00e1tica y Medioambiental<\/td>\n<td width=\"322\">Benjam\u00edn J. Gonz\u00e1lez D\u00edaz<\/td>\n<\/tr>\n<tr>\n<td width=\"283\">Ingenier\u00eda N\u00e1utica, Marina y Radioelectr\u00f3nica Naval<\/td>\n<td width=\"322\">Jos\u00e9 Agust\u00edn Gonz\u00e1lez Almeida<\/td>\n<\/tr>\n<tr>\n<td width=\"283\">Islas Atl\u00e1nticas, Historia, Patrimonio y marco jur\u00eddico institucional<\/td>\n<td width=\"322\">Carmelo Vega de la Rosa<\/td>\n<\/tr>\n<tr>\n<td width=\"283\">L\u00f3gica y Filosof\u00eda de la Ciencia<\/td>\n<td width=\"322\">Carmen Margarita Santana de la Cruz<\/td>\n<\/tr>\n<tr>\n<td width=\"283\">Matem\u00e1ticas y Estad\u00edstica<\/td>\n<td width=\"322\">Lourdes Rodr\u00edguez Mesa<\/td>\n<\/tr>\n<tr>\n<td width=\"283\">Nanociencia y Nanotecnolog\u00eda<\/td>\n<td width=\"322\">Javier Gonz\u00e1lez Platas<\/td>\n<\/tr>\n<tr>\n<td width=\"283\">Psicolog\u00eda<\/td>\n<td width=\"322\">Mois\u00e9s Betancort Montensinos<\/td>\n<\/tr>\n<tr>\n<td width=\"283\">Qu\u00edmica e Ingenier\u00eda Qu\u00edmica<\/td>\n<td width=\"322\">Juan Heliodoro Ayala D\u00edaz<\/td>\n<\/tr>\n<tr>\n<td width=\"283\">Territorio y Sociedad, Evoluci\u00f3n hist\u00f3rica en un espacio tricontinental (\u00c1frica, Am\u00e9rica y Europa)<\/td>\n<td width=\"322\">V\u00edctor On\u00e9simo Mart\u00edn Mart\u00edn<\/td>\n<\/tr>\n<tr>\n<td width=\"283\">Turismo<\/td>\n<td width=\"322\">Noem\u00ed Padr\u00f3n Fumero<\/td>\n<\/tr>\n<tr>\n<td width=\"283\">Derecho<\/td>\n<td width=\"322\">Mar\u00eda Elena S\u00e1nchez Jord\u00e1n<\/td>\n<\/tr>\n<tr>\n<td width=\"283\">Ciencias de la Educaci\u00f3n<\/td>\n<td width=\"322\">Olga Mar\u00eda Alegre de la Rosa<\/td>\n<\/tr>\n<\/tbody>\n<\/table>\n<p>[\/vc_column_text][\/vc_tta_section][\/vc_tta_accordion][\/vc_column][vc_column width=\u00bb1\/3&#8243;][vc_column_text]\n<ul class=\"widget-box\">\n<li class='contacto-header'>Informaci\u00f3n de contacto<\/li><li><i class=\"fa fa-map-marker\"><\/i> Avda. Astrof\u00edsico Francisco S\u00e1nchez, SN. Edificio Calabaza - AN.2D Apdo. 456 38200 San Crist\u00f3bal de La Laguna.<\/li><li><i class=\"fa fa-envelope\"><\/i>  <a href=mailto:decaedyp@ull.es>decaedyp@ull.es<\/a><\/li><li><i class=\"fa fa-archive\"><\/i><a href=\"https:\/\/sede.ull.es\/ecivilis-site\/catalog\/showProcedure\/484\"> Procedimiento para quejas, sugerencias y felicitaciones<\/a><\/li>\n<\/ul>\n\n[\/vc_column_text][\/vc_column][\/vc_row][vc_row disable_element=\u00bbyes\u00bb][vc_column width=\u00bb2\/3&#8243;][vc_column_text]<\/p>\n<h1>Consejo de direcci\u00f3n<\/h1>\n<p>[\/vc_column_text][vc_tta_accordion shape=\u00bbsquare\u00bb c_icon=\u00bbchevron\u00bb c_position=\u00bbright\u00bb active_section=\u00bb\u00bb no_fill=\u00bbtrue\u00bb collapsible_all=\u00bbtrue\u00bb][vc_tta_section title=\u00bbFunciones del consejo de direcci\u00f3n\u00bb tab_id=\u00bb1742477759806-75d17a8b-8a6c\u00bb][vc_column_text]<\/p>\n<ol type=\"a\">\n<li>Seleccionar y coordinar las propuestas de Programas de Doctorado y Estudios de Posgrado.<\/li>\n<li>Organizar, gestionar y administrar las ense\u00f1anzas conducentes a la obtenci\u00f3n de t\u00edtulos de Doctorado y Postgrado de la Universidad de la Universidad de la Laguna, sin perjuicio de las tareas organizativas que, por su propia naturaleza, deban atribuirse a los Departamentos o Centros donde se imparta docencia.<\/li>\n<li>Difundir los estudios de Doctorado y Postgrado ofertados por la Universidad de la Laguna, impulsando la internacionalizaci\u00f3n de las ense\u00f1anzas y potenciando la celebraci\u00f3n de convenios o acuerdos con otras universidades, instituciones y empresas.<\/li>\n<li>Colaborar y promover cuantas actividades satisfagan los fines estatutarios de la Universidad en materia de ense\u00f1anzas de Doctorado y Posgrado.<\/li>\n<li>Expedir certificaciones acad\u00e9micas sobre las ense\u00f1anzas que les correspondan y llevar a cabo las funciones administrativas y de gesti\u00f3n asociadas a las mismas<\/li>\n<li>Contribuir a la creaci\u00f3n y desarrollo del conocimiento a trav\u00e9s de la docencia, la investigaci\u00f3n, la discusi\u00f3n, la reflexi\u00f3n y la cr\u00edtica.<\/li>\n<li>Fomentar la profesionalizaci\u00f3n en los campos de las ciencias relacionados con las ense\u00f1anzas incluidas en el \u00e1mbito de actuaci\u00f3n de la Escuela.<\/li>\n<li>Promocionar la defensa de los valores sociales y c\u00edvicos y, en particular, la libertad, igualdad, solidaridad, tolerancia y esp\u00edritu cr\u00edtico.<\/li>\n<li>Impulsar e incentivar el intercambio con otras Universidades, Colegios Profesionales y Organismos P\u00fablicos o Privados, de conocimientos, experiencias, l\u00edneas espec\u00edficas de investigaci\u00f3n y cualquier otra actividad tendente a mantener y\/o mejorar el nivel cient\u00edfico, as\u00ed como el perfeccionamiento y actualizaci\u00f3n de los conocimientos.<\/li>\n<li>Cualesquiera otros fines o funciones que se le atribuya en los Estatutos de la Universidad de La Laguna y\/o la normativa vigente.<\/li>\n<\/ol>\n<p>[\/vc_column_text][\/vc_tta_section][vc_tta_section title=\u00bbComisiones\u00bb tab_id=\u00bb1742477759866-950faec0-da91&#8243;][vc_column_text]<strong>COMIT\u00c9 DE DIRECCI\u00d3N DE DOCTORADO<\/strong><\/p>\n<p>El Comit\u00e9 de Direcci\u00f3n de Doctorado estar\u00e1 compuesto por las personas que ostenten la Direcci\u00f3n de la Escuela, la Subdirecci\u00f3n de Doctorado, la Subdirecci\u00f3n de Calidad, la Secretar\u00eda de la Escuela, los coordinadores y coordinadoras acad\u00e9micos de los programas de doctorado adscritos a la Escuela, una persona representante de las entidades colaboradoras, un alumno o alumna de doctorado y el administrador o administradora de la Escuela, pudiendo ser este sustituido por quien ostente la jefatura del negociado de doctorado. (Art\u00edculo 10 del RRI de la EDEPULL).<\/p>\n<table width=\"0\">\n<tbody>\n<tr>\n<td width=\"283\"><strong>Direcci\u00f3n<\/strong><\/td>\n<td width=\"322\">Gustavo Alberto Marrero D\u00edaz<\/td>\n<\/tr>\n<tr>\n<td width=\"283\"><strong>Subdirecci\u00f3n de Doctorado<\/strong><\/td>\n<td width=\"322\">\u00a0Sara Darias Curvo<\/td>\n<\/tr>\n<tr>\n<td width=\"283\"><strong>Subdirecci\u00f3n de Calidad y Formaci\u00f3n<\/strong><\/td>\n<td width=\"322\">Mar\u00eda Etelvina de las Casas Le\u00f3n<\/td>\n<\/tr>\n<tr>\n<td width=\"283\"><strong>Secretaria<\/strong><\/td>\n<td width=\"322\">Andrea Padr\u00f3n Villalba<\/td>\n<\/tr>\n<tr>\n<td width=\"283\"><strong>Administradora<\/strong><\/p>\n<p><strong>Suplente: Jefe de Negociado de Doctorado<\/strong><\/td>\n<td width=\"322\">Rut Mach\u00edn P\u00e9rez<\/p>\n<p>Francisco Manuel Castellanos Ramos<\/td>\n<\/tr>\n<tr>\n<td width=\"283\"><strong>Representante del alumnado de doctorado<\/strong><\/td>\n<td width=\"322\">Selene D\u00edaz Gonz\u00e1lez<\/td>\n<\/tr>\n<\/tbody>\n<\/table>\n<p>&nbsp;<\/p>\n<table width=\"0\">\n<tbody>\n<tr>\n<td width=\"283\"><strong>Programas de doctorado<\/strong><\/td>\n<td width=\"322\"><strong>Coordinadores<\/strong><\/td>\n<\/tr>\n<tr>\n<td width=\"283\">Arte y Humanidades<\/td>\n<td width=\"322\">Maravillas Aguiar Aguilar<\/td>\n<\/tr>\n<tr>\n<td width=\"283\">Astrof\u00edsica<\/td>\n<td width=\"322\">Christopher Bryan Anderson Brook<\/td>\n<\/tr>\n<tr>\n<td width=\"283\">Biodiversidad y Conservaci\u00f3n<\/td>\n<td width=\"322\">Marta Sans\u00f3n Acedo<\/td>\n<\/tr>\n<tr>\n<td width=\"283\">Ciencias de la Salud<\/td>\n<td width=\"322\">Guadalberto Hern\u00e1ndez Hern\u00e1ndez<\/td>\n<\/tr>\n<tr>\n<td width=\"283\">Ciencias M\u00e9dicas y Farmac\u00e9uticas, Desarrollo y Calidad de Vida<\/td>\n<td width=\"322\">Alfonso Miguel Garc\u00eda Hern\u00e1ndez<\/td>\n<\/tr>\n<tr>\n<td width=\"283\">Derecho, Sociedad y Turismo<\/td>\n<td width=\"322\">Leopoldo Cabrera Rodr\u00edguez<\/td>\n<\/tr>\n<tr>\n<td width=\"283\">Desarrollo Regional<\/td>\n<td width=\"322\">Seraf\u00edn Corral Quintana<\/td>\n<\/tr>\n<tr>\n<td width=\"283\">Educaci\u00f3n<\/td>\n<td width=\"322\">Lidia Esther Santana Vega<\/td>\n<\/tr>\n<tr>\n<td width=\"283\">Estudios Interdisciplinares de G\u00e9nero<\/td>\n<td width=\"322\">Mar\u00eda Ar\u00e1nzazu Calzadilla Medina<\/td>\n<\/tr>\n<tr>\n<td width=\"283\">Filosof\u00eda<\/td>\n<td width=\"322\">Domingo Fern\u00e1ndez Agis<\/td>\n<\/tr>\n<tr>\n<td width=\"283\">Ingenier\u00eda Industrial, Inform\u00e1tica y Medioambiental<\/td>\n<td width=\"322\">Vacante<\/td>\n<\/tr>\n<tr>\n<td width=\"283\">Ingenier\u00eda N\u00e1utica, Marina y Radioelectr\u00f3nica Naval<\/td>\n<td width=\"322\">Antonio Ceferino Bermejo D\u00edaz<\/td>\n<\/tr>\n<tr>\n<td width=\"283\">Islas Atl\u00e1nticas, Historia, Patrimonio y marco jur\u00eddico institucional<\/td>\n<td width=\"322\">Ana Vi\u00f1a Brito<\/td>\n<\/tr>\n<tr>\n<td width=\"283\">L\u00f3gica y Filosof\u00eda de la Ciencia<\/td>\n<td width=\"322\">Carmen Margarita Santana de la Cruz<\/td>\n<\/tr>\n<tr>\n<td width=\"283\">Matem\u00e1ticas y Estad\u00edstica<\/td>\n<td width=\"322\">Antonio Lorenzo Bonilla Ram\u00edrez<\/td>\n<\/tr>\n<tr>\n<td width=\"283\">Nanociencia y Nanotecnolog\u00eda<\/td>\n<td width=\"322\">Javier Gonz\u00e1lez Platas<\/td>\n<\/tr>\n<tr>\n<td width=\"283\">Psicolog\u00eda<\/td>\n<td width=\"322\">Mois\u00e9s Betancort<\/td>\n<\/tr>\n<tr>\n<td width=\"283\">Qu\u00edmica e Ingenier\u00eda Qu\u00edmica<\/td>\n<td width=\"322\">Juan Heliodoro Ayala D\u00edaz<\/td>\n<\/tr>\n<tr>\n<td width=\"283\">Territorio y Sociedad, Evoluci\u00f3n hist\u00f3rica en un espacio tricontinental (\u00c1frica, Am\u00e9rica y Europa)<\/td>\n<td width=\"322\">V\u00edctor On\u00e9simo Mart\u00edn Mart\u00edn<\/td>\n<\/tr>\n<tr>\n<td width=\"283\">Turismo<\/td>\n<td width=\"322\">Noem\u00ed Padr\u00f3n Fumero<\/td>\n<\/tr>\n<\/tbody>\n<\/table>\n<p><strong>COMIT\u00c9 DE DIRECCI\u00d3N DE POSGRADO<\/strong><\/p>\n<p>El Comit\u00e9 de Direcci\u00f3n de Estudios de Posgrado estar\u00e1 compuesto por las personas que ostenten la direcci\u00f3n de la Escuela; la subdirecci\u00f3n de Posgrados Oficiales; la secretar\u00eda de la Escuela; la subdirecci\u00f3n de T\u00edtulos modalidad online; la subdirecci\u00f3n de T\u00edtulos propios; tres representantes de quienes dirijan acad\u00e9micamente los Estudios Oficiales de Posgrado adscritos a la EDEPULL por cada una de las ramas de conocimiento (elegidos por y entre ellos y ellas); un alumno o alumna de posgrado (elegidos por y entre ellos y ellas); y por la persona que administre la Escuela (que podr\u00e1 ser sustituida por quien ejerza la jefatura de negociado de posgrado). (Art\u00edculo 12 del RRI de la EDEPULL).<\/p>\n<table width=\"0\">\n<tbody>\n<tr>\n<td width=\"302\"><strong>Direcci\u00f3n<\/strong><\/td>\n<td width=\"302\">Gustavo Alberto Marrero D\u00edaz<\/td>\n<\/tr>\n<tr>\n<td width=\"302\"><strong>Subdirecci\u00f3n de Posgrado<\/strong><\/td>\n<td width=\"302\">Carlos Gabriel Bethencourt Marrero<\/td>\n<\/tr>\n<tr>\n<td width=\"302\"><strong>Subdirecci\u00f3n de Titulaciones Modalidad Online<\/strong><\/td>\n<td width=\"302\">Ana Luisa Sanabria Mesa<\/td>\n<\/tr>\n<tr>\n<td width=\"302\"><strong>Subdirecci\u00f3n de T\u00edtulos Propios<\/strong><\/td>\n<td width=\"302\">Isabel Gonz\u00e1lez D\u00edaz<\/td>\n<\/tr>\n<tr>\n<td width=\"302\"><strong>Secretar\u00eda<\/strong><\/td>\n<td width=\"302\">Andrea Padr\u00f3n Villalba<\/td>\n<\/tr>\n<tr>\n<td width=\"302\"><strong>Administradora<\/strong><\/p>\n<p><strong>Suplente: Jefe de Negociado de Posgrado<\/strong><\/td>\n<td width=\"302\">Rut Mach\u00edn P\u00e9rez<\/p>\n<p>Antonia M\u00aa de la Rosa Jim\u00e9nez<\/td>\n<\/tr>\n<tr>\n<td width=\"302\"><strong>Representante del alumnado de posgrado<\/strong><\/td>\n<td width=\"302\">Vacante<\/td>\n<\/tr>\n<\/tbody>\n<\/table>\n<p><strong>\u00a0<\/strong><\/p>\n<p><strong>Rama de conocimiento de Artes y Humanidades<\/strong><\/p>\n<table width=\"0\">\n<tbody>\n<tr>\n<td width=\"302\"><strong>Estudios oficiales de posgrado<\/strong><\/td>\n<td width=\"302\"><strong>Representantes<\/strong><\/td>\n<\/tr>\n<tr>\n<td width=\"302\">Ciencia de las religiones: Historia y Sociedad<\/td>\n<td width=\"302\">Francisco D\u00edez de Velasco<\/td>\n<\/tr>\n<tr>\n<td width=\"302\">Estudios de g\u00e9nero y pol\u00edticas de igualdad<\/td>\n<td width=\"302\">M\u00aa Eugenia Monz\u00f3n Perdomo<\/td>\n<\/tr>\n<tr>\n<td width=\"302\">Teor\u00eda e Historia del arte y gesti\u00f3n cultural<\/td>\n<td width=\"302\">Domingo Sola Antequera<\/td>\n<\/tr>\n<\/tbody>\n<\/table>\n<p>&nbsp;<\/p>\n<p><strong>Rama de conocimiento de Ciencias<\/strong><\/p>\n<table width=\"0\">\n<tbody>\n<tr>\n<td width=\"302\"><strong>Estudios oficiales de posgrado<\/strong><\/td>\n<td width=\"302\"><strong>Representantes<\/strong><\/td>\n<\/tr>\n<tr>\n<td width=\"302\">Modelizaci\u00f3n e investigaci\u00f3n matem\u00e1tica, estad\u00edstica y computaci\u00f3n<\/td>\n<td width=\"302\">Jos\u00e9 Manuel Garc\u00eda Calcines<\/td>\n<\/tr>\n<tr>\n<td width=\"302\">Nanociencia y nanotecnolog\u00eda molecular<\/td>\n<td width=\"302\">Javier Gonz\u00e1lez Platas<\/td>\n<\/tr>\n<tr>\n<td width=\"302\">Qu\u00edmica<\/td>\n<td width=\"302\">Pedro Esparza Ferrera<\/td>\n<\/tr>\n<\/tbody>\n<\/table>\n<p>&nbsp;<\/p>\n<p><strong>Rama de conocimiento de Ciencias de la Salud<\/strong><\/p>\n<table width=\"0\">\n<tbody>\n<tr>\n<td width=\"302\"><strong>Estudios oficiales de posgrado<\/strong><\/td>\n<td width=\"302\"><strong>Representantes<\/strong><\/td>\n<\/tr>\n<tr>\n<td width=\"302\">Investigaci\u00f3n, gesti\u00f3n y calidad en cuidados para la salud<\/td>\n<td width=\"302\">Mercedes Novo Mu\u00f1oz<\/td>\n<\/tr>\n<tr>\n<td width=\"302\">Investigaci\u00f3n y diagn\u00f3stico en enfermedades tropicales<\/td>\n<td width=\"302\">Emma Carmelo Pascual<\/td>\n<\/tr>\n<tr>\n<td width=\"302\">Seguridad y calidad de los alimentos<\/td>\n<td width=\"302\">Carmen Rubio Armend\u00e1riz<\/td>\n<\/tr>\n<\/tbody>\n<\/table>\n<p>&nbsp;<\/p>\n<p><strong>Rama de conocimiento de Ingenier\u00eda y Arquitectura<\/strong><\/p>\n<table width=\"0\">\n<tbody>\n<tr>\n<td width=\"302\"><strong>Estudios oficiales de posgrado<\/strong><\/td>\n<td width=\"302\"><strong>Representantes<\/strong><\/td>\n<\/tr>\n<tr>\n<td width=\"302\">Desarrollo de videojuegos<\/td>\n<td width=\"302\">Jes\u00fas Torres Jorge<\/td>\n<\/tr>\n<tr>\n<td width=\"302\">Energ\u00edas renovables<\/td>\n<td width=\"302\">Ricardo Guerrero Lemus<\/td>\n<\/tr>\n<tr>\n<td width=\"302\">Ingenier\u00eda industrial<\/td>\n<td width=\"302\">Carmelo Militello Militello<\/td>\n<\/tr>\n<\/tbody>\n<\/table>\n<p>&nbsp;<\/p>\n<p><strong>Rama de conocimiento de Ciencias Sociales y Jur\u00eddicas<\/strong><\/p>\n<table width=\"0\">\n<tbody>\n<tr>\n<td width=\"302\"><strong>Estudios oficiales de posgrado<\/strong><\/td>\n<td width=\"302\"><strong>Representantes<\/strong><\/td>\n<\/tr>\n<tr>\n<td width=\"302\">Direcci\u00f3n y planificaci\u00f3n del turismo<\/td>\n<td width=\"302\">Manuel \u00c1ngel Santana Tur\u00e9gano<\/td>\n<\/tr>\n<tr>\n<td width=\"302\">Estudios pedag\u00f3gicos avanzados<\/td>\n<td width=\"302\">Lourdes Gonz\u00e1lez Luis<\/td>\n<\/tr>\n<tr>\n<td width=\"302\">Formaci\u00f3n del Profesorado en ESO, Bachillerato, FP y ense\u00f1anza de idiomas<\/td>\n<td width=\"302\">Carmen Perdomo L\u00f3pez<\/td>\n<\/tr>\n<\/tbody>\n<\/table>\n<p>&nbsp;<\/p>\n<p><strong>COMISI\u00d3N PERMANENTE<\/strong><\/p>\n<p>La Comisi\u00f3n Permanente de la EDEPULL estar\u00e1 integrada por el Director o Directora, que la presidir\u00e1, por las personas que ejerzan la subdirecci\u00f3n de Doctorado, la subdirecci\u00f3n de Posgrado, la Secretar\u00eda de la Escuela, Un coordinador de los Programas de Doctorado de la Universidad de La Laguna y un director acad\u00e9mico de los Estudios de Posgrado adscritos a la EDEPULL. Estas dos \u00faltimas personas ser\u00e1n miembros de los Comit\u00e9s de Direcci\u00f3n de Doctorado y Posgrado respectivamente y ser\u00e1n elegidas por \u00e9stos. Adem\u00e1s, formar\u00e1n parte de la misma un\/a estudiante de Doctorado como titular, siendo suplente un\/a de M\u00e1ster (que se elegir\u00e1n por y entre el alumnado), y por quien administre el centro. (Art\u00edculo 13 del RRI de la EDEPULL).<\/p>\n<table width=\"0\">\n<tbody>\n<tr>\n<td width=\"302\"><strong>Direcci\u00f3n<\/strong><\/td>\n<td width=\"302\">Gustavo Alberto Marrero D\u00edaz<\/td>\n<\/tr>\n<tr>\n<td width=\"302\"><strong>Subdirecci\u00f3n de Doctorado<\/strong><\/td>\n<td width=\"302\">Sara Darias Curvo<\/td>\n<\/tr>\n<tr>\n<td width=\"302\"><strong>Subdirecci\u00f3n de Posgrado<\/strong><\/td>\n<td width=\"302\">Carlos Gabriel Bethencourt Marrero<\/td>\n<\/tr>\n<tr>\n<td width=\"302\"><strong>Secretar\u00eda<\/strong><\/td>\n<td width=\"302\">Andrea Padr\u00f3n Villalba<\/td>\n<\/tr>\n<tr>\n<td width=\"302\"><strong>Administradora<\/strong><\/td>\n<td width=\"302\">Rut Mach\u00edn P\u00e9rez<\/td>\n<\/tr>\n<tr>\n<td width=\"302\"><strong>Representante de los coordinadores de programas de doctorado <\/strong><\/td>\n<td width=\"302\">Guadalberto Hern\u00e1ndez Hern\u00e1ndez<\/p>\n<p>(Programa de Doctorado en Ciencias de la Salud)<\/td>\n<\/tr>\n<tr>\n<td width=\"302\"><strong>Representante de las direcciones acad\u00e9micas de m\u00e1steres oficiales<\/strong><\/td>\n<td width=\"302\">Vacante<\/td>\n<\/tr>\n<tr>\n<td width=\"302\"><strong>Representante del alumnado<\/strong><\/td>\n<td width=\"302\">Selene D\u00edaz Gonz\u00e1lez (Titular)<\/p>\n<p>Vacante<\/td>\n<\/tr>\n<\/tbody>\n<\/table>\n<p>[\/vc_column_text][\/vc_tta_section][\/vc_tta_accordion][\/vc_column][vc_column width=\u00bb1\/3&#8243;][vc_column_text]\n<ul class=\"widget-box\">\n<li class='contacto-header'>Informaci\u00f3n de contacto<\/li><li><i class=\"fa fa-map-marker\"><\/i> Avda. Astrof\u00edsico Francisco S\u00e1nchez, SN. Edificio Calabaza - AN.2D Apdo. 456 38200 San Crist\u00f3bal de La Laguna.<\/li><li><i class=\"fa fa-envelope\"><\/i>  <a href=mailto:decaedyp@ull.es>decaedyp@ull.es<\/a><\/li><li><i class=\"fa fa-archive\"><\/i><a href=\"https:\/\/sede.ull.es\/ecivilis-site\/catalog\/showProcedure\/484\"> Procedimiento para quejas, sugerencias y felicitaciones<\/a><\/li>\n<\/ul>\n\n[\/vc_column_text][\/vc_column][\/vc_row]<\/p>\n","protected":false},"excerpt":{"rendered":"<p>[vc_row full_width=\u00bbstretch_row_content_no_spaces\u00bb el_class=\u00bbSliderPortada\u00bb][vc_column][rev_slider_vc alias=\u00bbinfo-y-consejo\u00bb][\/vc_column][\/vc_row][vc_row full_width=\u00bbstretch_row_content_no_spaces\u00bb][vc_column][vc_custom_heading text=\u00bb\u00bb font_container=\u00bbtag:h2|text_align:center\u00bb google_fonts=\u00bbfont_family:Montserrat%3Aregular%2C700|font_style:700%20bold%20regular%3A700%3Anormal\u00bb css=\u00bb.vc_custom_1721221176088{padding-top: 15px !important;padding-bottom: 15px !important;background-color: #360060 !important;}\u00bb][\/vc_column][\/vc_row][vc_row css=\u00bb.vc_custom_1744124860822{margin-top: 10% !important;}\u00bb][vc_column width=\u00bb2\/3&#8243;][vc_column_text] Comit\u00e9 de Direcci\u00f3n de Doctorado [\/vc_column_text][vc_tta_accordion shape=\u00bbsquare\u00bb c_icon=\u00bbchevron\u00bb c_position=\u00bbright\u00bb active_section=\u00bb\u00bb no_fill=\u00bbtrue\u00bb collapsible_all=\u00bbtrue\u00bb][vc_tta_section title=\u00bbFunciones del Comit\u00e9 de Direcci\u00f3n de Doctorado\u00bb tab_id=\u00bbfunciones-comite-direccion-doctorado\u00bb][vc_column_text]a) Asesorar a la Direcci\u00f3n y elevar informes y propuestas, sobre todas las materias concernientes al doctorado&#8230;.<\/p>\n","protected":false},"author":1,"featured_media":0,"parent":27,"menu_order":0,"comment_status":"closed","ping_status":"closed","template":"templates\/template-frontpage.php","meta":[],"acf":[],"_links":{"self":[{"href":"https:\/\/www.ull.es\/centros\/escuela-doctorado-estudios-posgrado\/wp-json\/wp\/v2\/pages\/80"}],"collection":[{"href":"https:\/\/www.ull.es\/centros\/escuela-doctorado-estudios-posgrado\/wp-json\/wp\/v2\/pages"}],"about":[{"href":"https:\/\/www.ull.es\/centros\/escuela-doctorado-estudios-posgrado\/wp-json\/wp\/v2\/types\/page"}],"author":[{"embeddable":true,"href":"https:\/\/www.ull.es\/centros\/escuela-doctorado-estudios-posgrado\/wp-json\/wp\/v2\/users\/1"}],"replies":[{"embeddable":true,"href":"https:\/\/www.ull.es\/centros\/escuela-doctorado-estudios-posgrado\/wp-json\/wp\/v2\/comments?post=80"}],"version-history":[{"count":51,"href":"https:\/\/www.ull.es\/centros\/escuela-doctorado-estudios-posgrado\/wp-json\/wp\/v2\/pages\/80\/revisions"}],"predecessor-version":[{"id":730,"href":"https:\/\/www.ull.es\/centros\/escuela-doctorado-estudios-posgrado\/wp-json\/wp\/v2\/pages\/80\/revisions\/730"}],"up":[{"embeddable":true,"href":"https:\/\/www.ull.es\/centros\/escuela-doctorado-estudios-posgrado\/wp-json\/wp\/v2\/pages\/27"}],"wp:attachment":[{"href":"https:\/\/www.ull.es\/centros\/escuela-doctorado-estudios-posgrado\/wp-json\/wp\/v2\/media?parent=80"}],"curies":[{"name":"wp","href":"https:\/\/api.w.org\/{rel}","templated":true}]}}