{"id":88,"date":"2017-11-15T14:19:09","date_gmt":"2017-11-15T14:19:09","guid":{"rendered":"http:\/\/www.ull.es\/centros\/escuela-politecnica-superior-de-ingenieria\/?page_id=88"},"modified":"2025-04-21T12:34:47","modified_gmt":"2025-04-21T12:34:47","slug":"organizacion-estudiantil","status":"publish","type":"page","link":"https:\/\/www.ull.es\/centros\/escuela-politecnica-superior-de-ingenieria\/informacion-general\/organizacion-estudiantil\/","title":{"rendered":"Organizaci\u00f3n estudiantil"},"content":{"rendered":"<p>[vc_row full_width=\u00bbstretch_row_content_no_spaces\u00bb el_class=\u00bbSliderPortada\u00bb css=\u00bb.vc_custom_1745237111535{margin-top: -100px !important;}\u00bb][vc_column][rev_slider_vc alias=\u00bbportada\u00bb][\/vc_column][\/vc_row][vc_row full_width=\u00bbstretch_row_content_no_spaces\u00bb][vc_column][vc_custom_heading text=\u00bb\u00bb font_container=\u00bbtag:h2|text_align:center\u00bb google_fonts=\u00bbfont_family:Montserrat%3Aregular%2C700|font_style:700%20bold%20regular%3A700%3Anormal\u00bb css=\u00bb.vc_custom_1721221176088{padding-top: 15px !important;padding-bottom: 15px !important;background-color: #360060 !important;}\u00bb][\/vc_column][\/vc_row][vc_row css=\u00bb.vc_custom_1745233821598{margin-top: 50px !important;}\u00bb][vc_column width=\u00bb2\/3&#8243; el_class=\u00bbpadding-50-right\u00bb css=\u00bb.vc_custom_1494506721665{padding-right: 50px !important;}\u00bb][vc_column_text]<\/p>\n<h1>Organizaci\u00f3n estudiantil<\/h1>\n<h2>Delegaci\u00f3n de Alumnos de la Secci\u00f3n de Arquitectura T\u00e9cnica<\/h2>\n<ul>\n<li><strong>Correo electr\u00f3nico:\u00a0<\/strong><a href=\"mailto:delegeie@ull.es\" target=\"_blank\" rel=\"noopener\">delegeie@ull.es<\/a><\/li>\n<\/ul>\n<hr \/>\n<h2>Delegaci\u00f3n de Alumnos de la Secci\u00f3n de Ingenier\u00eda Agraria<\/h2>\n<p><span style=\"color: #000000;\">La Delegaci\u00f3n de Alumnos es el \u00f3rgano que representa a los alumnos de la Secci\u00f3n de Ingeniera Agraria de la Universidad de La Laguna.<\/span>\u00a0<span style=\"color: #000000;\">Entre los objetivos se encuentran tratar de mejorar el funcionamiento del Centro y potenciar la participaci\u00f3n activa de los alumnos.<\/span><\/p>\n<p><span style=\"color: #000000;\">Disponemos de un local en la primera planta del Centro al que puede dirigirse, tanto profesores como alumnos, para solicitar informaci\u00f3n y contactar con los alumnos representantes.<\/span><\/p>\n<p>Ventajas:<\/p>\n<ul>\n<li><span style=\"color: #000000;\">Contacto directo con la informaci\u00f3n relevante de la Escuela y del Sector.<\/span><\/li>\n<li>Conocer gente.<\/li>\n<li><span style=\"color: #000000;\">Posibilidad de conseguir cr\u00e9ditos ECTS gratis por representaci\u00f3n estudiantil.<\/span><\/li>\n<\/ul>\n<p><span style=\"color: #000000;\">\u00a0<\/span>Porqu\u00e9 deber\u00edas de colaborar:<\/p>\n<ul>\n<li><span style=\"color: #000000;\">En la Delegaci\u00f3n se trabaja desinteresadamente por mejorar la Escuela.<\/span><\/li>\n<li><span style=\"color: #000000;\">Si crees que algo deber\u00eda de cambiar ay\u00fadanos a conseguirlo.<\/span><\/li>\n<li><span style=\"color: #000000;\">Si tienes alguna inquietud, te interesa desarrollar una nueva \u00c1rea, o quieres trabajar en una existente, no te lo pienses y p\u00e1sate por la Delegaci\u00f3n<\/span><\/li>\n<li><span style=\"color: #000000;\">T\u00fa decides el tiempo que puedes colaborar con absoluta flexibilidad.<\/span><\/li>\n<li><span style=\"color: #000000;\">Toda aportaci\u00f3n por peque\u00f1a que sea es bienvenida.<\/span><\/li>\n<\/ul>\n<p><strong>Contacto<\/strong><\/p>\n<ul>\n<li>Carretera General de Geneto s\/n\u00a0\u00a0&#8211; 38071 &#8211; La Laguna<\/li>\n<li>Tel\u00e9fono: (+34) 922 31 85 42<\/li>\n<li>Email:\u00a0<a href=\"mailto:daiagr@ull.es\" target=\"_blank\" rel=\"noopener\">daiagr@ull.es<\/a><\/li>\n<li>Puede consultar nuestro\u00a0<a href=\"http:\/\/daetsiaull.wordpress.com\/author\/daetsiaull\/\" target=\"_blank\" rel=\"noopener\">Blog.<\/a><\/li>\n<\/ul>\n<hr \/>\n<h2>Delegaci\u00f3n de Alumnos de la Secci\u00f3n de Ingenier\u00eda Civil<\/h2>\n<ul>\n<li><strong>Tel\u00e9fono:<\/strong>\u00a0(+34) 922 31 61 07<\/li>\n<li><strong>Direcci\u00f3n:<\/strong>\u00a0Aula 3.2 del Edificio de la Escuela de Ingenier\u00eda Inform\u00e1tica.<\/li>\n<\/ul>\n<hr \/>\n<h2>Delegaci\u00f3n de Alumnos de la Secci\u00f3n de N\u00e1utica, M\u00e1quinas y Radioelectr\u00f3nica Naval<\/h2>\n<p>La Delegaci\u00f3n de Alumnos de N\u00e1utica es el \u00f3rgano de representaci\u00f3n de la comunidad de estudiantes que integran la ETS N\u00e1utica, M\u00e1quinas y Radioelectr\u00f3nica Naval, dentro del \u00e1mbito de la Junta de Escuela, del Consejo de aquellos Departamentos con docencia en la Escuela, del Consejo de Gobierno y del Claustro de la Universidad de La Laguna. Tiene competencias propias en materia de organizaci\u00f3n, coordinaci\u00f3n y gesti\u00f3n. Es adem\u00e1s foro de debate y estudio, donde se manifiestan los posicionamientos del estudiantado, surgen y se coordinan iniciativas para la actuaci\u00f3n de los Representantes.<\/p>\n<p>Son miembros de pleno derecho de la Delegaci\u00f3n de Alumnos de N\u00e1utica los Delegados de Curso o Grupo, los Representantes de Alumnos en la Junta de Escuela, en los Consejos de los Departamentos con Docencia en la Escuela, en el Consejo de Gobierno y en el Claustro de la Universidad de La Laguna. Adem\u00e1s, la Delegaci\u00f3n de Alumnos est\u00e1 abierta a la colaboraci\u00f3n de cualesquier otros alumnos.<\/p>\n<p>Sus fines son:<\/p>\n<ul>\n<li>Velar por el cumplimiento de los derechos y deberes de los estudiantes.<\/li>\n<li>Debatir y tomar posiciones sobre los asuntos a tratar en la Junta de Escuela, Consejos de los Departamentos con docencia en la Escuela, Junta de Gobierno y Claustro de la Universidad de La Laguna, as\u00ed como elevar a dichas organizaciones propuestas elaboradas en el seno de la Delegaci\u00f3n de Alumnos, y en general, coordinar las actuaciones que los miembros de la Delegaci\u00f3n de Alumnos desarrollen en la comunidad universitaria.<\/li>\n<li>Ser un cauce de informaci\u00f3n hacia el conjunto de toda la comunidad universitaria, especialmente el alumnado perteneciente a la ETS N\u00e1utica, M\u00e1quinas y Radioelectr\u00f3nica Naval, recoger opiniones y quejas del alumnado y trasladarlas al \u00f3rgano correspondiente, y promover relaciones de intercambio y colaboraci\u00f3n con las distintas Delegaciones de Alumnos o Asociaciones que desarrollen su actividad en la Universidad de La Laguna, as\u00ed como con otras Delegaciones de Alumnos o Asociaciones de otras Universidades.<\/li>\n<\/ul>\n<p><strong>Contacto<\/strong><\/p>\n<ul>\n<li>El local de la Delegaci\u00f3n de Alumnos de N\u00e1utica, M\u00e1quinas y Radioelectr\u00f3nica Naval se encuentra en la primera planta del Aulario de N\u00e1utica, frente al Aula 1.5.<\/li>\n<li>Tel\u00e9fono de contacto: (+34) 922 319 799<\/li>\n<li>Correo electr\u00f3nico: delegacionnauticaull@gmail.com<\/li>\n<\/ul>\n<p>[\/vc_column_text][\/vc_column][vc_column width=\u00bb1\/3&#8243;][vc_column_text el_class=\u00bbcontacto\u00bb]\n<ul class=\"widget-box\">\n<li class='contacto-header'>Informaci\u00f3n de contacto<\/li><li><i class=\"fa fa-map-marker\"><\/i> Avenida \u00c1ngel Guimer\u00e1 Jorge, s\/n. Escuela Polit\u00e9cnica Superior de Ingenier\u00eda. Apartado 456. C\u00f3digo postal 38200. S\/C de Tenerife.<\/li><li><i class=\"fa fa-phone\"><\/i> (+34) 922 31 81 95<\/li><li><i class=\"fa fa-envelope\"><\/i>  <a href=mailto:epsi@ull.edu.es>epsi@ull.edu.es<\/a><\/li><li><i class=\"fa fa-archive\"><\/i><a href=\"https:\/\/sede.ull.es\/ecivilis-site\/catalog\/showProcedure\/484\"> Procedimiento para quejas, sugerencias y felicitaciones<\/a><\/li>\n<\/ul>\n\n[\/vc_column_text][\/vc_column][\/vc_row]<\/p>\n","protected":false},"excerpt":{"rendered":"<p>[vc_row full_width=\u00bbstretch_row_content_no_spaces\u00bb el_class=\u00bbSliderPortada\u00bb css=\u00bb.vc_custom_1745237111535{margin-top: -100px !important;}\u00bb][vc_column][rev_slider_vc alias=\u00bbportada\u00bb][\/vc_column][\/vc_row][vc_row full_width=\u00bbstretch_row_content_no_spaces\u00bb][vc_column][vc_custom_heading text=\u00bb\u00bb font_container=\u00bbtag:h2|text_align:center\u00bb google_fonts=\u00bbfont_family:Montserrat%3Aregular%2C700|font_style:700%20bold%20regular%3A700%3Anormal\u00bb css=\u00bb.vc_custom_1721221176088{padding-top: 15px !important;padding-bottom: 15px !important;background-color: #360060 !important;}\u00bb][\/vc_column][\/vc_row][vc_row css=\u00bb.vc_custom_1745233821598{margin-top: 50px !important;}\u00bb][vc_column width=\u00bb2\/3&#8243; el_class=\u00bbpadding-50-right\u00bb css=\u00bb.vc_custom_1494506721665{padding-right: 50px !important;}\u00bb][vc_column_text] Organizaci\u00f3n estudiantil Delegaci\u00f3n de Alumnos de la Secci\u00f3n de Arquitectura T\u00e9cnica Correo electr\u00f3nico:\u00a0delegeie@ull.es Delegaci\u00f3n de Alumnos de la Secci\u00f3n de Ingenier\u00eda Agraria La Delegaci\u00f3n de Alumnos es el \u00f3rgano&#8230;<\/p>\n","protected":false},"author":1,"featured_media":0,"parent":40,"menu_order":0,"comment_status":"closed","ping_status":"closed","template":"templates\/template-frontpage.php","meta":[],"acf":[],"_links":{"self":[{"href":"https:\/\/www.ull.es\/centros\/escuela-politecnica-superior-de-ingenieria\/wp-json\/wp\/v2\/pages\/88"}],"collection":[{"href":"https:\/\/www.ull.es\/centros\/escuela-politecnica-superior-de-ingenieria\/wp-json\/wp\/v2\/pages"}],"about":[{"href":"https:\/\/www.ull.es\/centros\/escuela-politecnica-superior-de-ingenieria\/wp-json\/wp\/v2\/types\/page"}],"author":[{"embeddable":true,"href":"https:\/\/www.ull.es\/centros\/escuela-politecnica-superior-de-ingenieria\/wp-json\/wp\/v2\/users\/1"}],"replies":[{"embeddable":true,"href":"https:\/\/www.ull.es\/centros\/escuela-politecnica-superior-de-ingenieria\/wp-json\/wp\/v2\/comments?post=88"}],"version-history":[{"count":16,"href":"https:\/\/www.ull.es\/centros\/escuela-politecnica-superior-de-ingenieria\/wp-json\/wp\/v2\/pages\/88\/revisions"}],"predecessor-version":[{"id":839,"href":"https:\/\/www.ull.es\/centros\/escuela-politecnica-superior-de-ingenieria\/wp-json\/wp\/v2\/pages\/88\/revisions\/839"}],"up":[{"embeddable":true,"href":"https:\/\/www.ull.es\/centros\/escuela-politecnica-superior-de-ingenieria\/wp-json\/wp\/v2\/pages\/40"}],"wp:attachment":[{"href":"https:\/\/www.ull.es\/centros\/escuela-politecnica-superior-de-ingenieria\/wp-json\/wp\/v2\/media?parent=88"}],"curies":[{"name":"wp","href":"https:\/\/api.w.org\/{rel}","templated":true}]}}