{"id":877,"date":"2019-02-26T10:20:40","date_gmt":"2019-02-26T10:20:40","guid":{"rendered":"http:\/\/www.ull.es\/centros\/escuela-superior-de-ingenieria-y-tecnologia\/?page_id=877"},"modified":"2025-04-24T11:30:59","modified_gmt":"2025-04-24T11:30:59","slug":"comision-de-igualdad","status":"publish","type":"page","link":"https:\/\/www.ull.es\/centros\/escuela-superior-de-ingenieria-y-tecnologia\/comision-de-igualdad\/","title":{"rendered":"Comisi\u00f3n de igualdad"},"content":{"rendered":"<p>[vc_row full_width=\u00bbstretch_row_content_no_spaces\u00bb el_class=\u00bbSliderPortada\u00bb css=\u00bb.vc_custom_1745237111535{margin-top: -100px !important;}\u00bb][vc_column][rev_slider_vc alias=\u00bbportada\u00bb][\/vc_column][\/vc_row][vc_row full_width=\u00bbstretch_row_content_no_spaces\u00bb][vc_column][vc_custom_heading text=\u00bb\u00bb font_container=\u00bbtag:h2|text_align:center\u00bb google_fonts=\u00bbfont_family:Montserrat%3Aregular%2C700|font_style:700%20bold%20regular%3A700%3Anormal\u00bb css=\u00bb.vc_custom_1721221176088{padding-top: 15px !important;padding-bottom: 15px !important;background-color: #360060 !important;}\u00bb][\/vc_column][\/vc_row][vc_row css=\u00bb.vc_custom_1745233821598{margin-top: 50px !important;}\u00bb][vc_column width=\u00bb2\/3&#8243; el_class=\u00bbpadding-50-right\u00bb css=\u00bb.vc_custom_1494506721665{padding-right: 50px !important;}\u00bb][vc_column_text]<\/p>\n<h1 style=\"text-align: left;\">Comisi\u00f3n de Igualdad<\/h1>\n<p>[\/vc_column_text][vc_empty_space][vc_column_text]<\/p>\n<div>\n<h2><b>\u00bfQui\u00e9nes somos?<\/b><\/h2>\n<div><\/div>\n<div>La Comisi\u00f3n de Igualdad de la Escuela Superior de Ingenier\u00eda y Tecnolog\u00eda tiene la funci\u00f3n de velar por la igualdad en el \u00e1mbito de nuestra Escuela y actuar como intermediaria con otros organismos de igualdad de la Universidad de La Laguna en los supuestos de acoso sexual y\/o sexista o discriminaci\u00f3n por motivos de g\u00e9nero que se produzcan.<\/div>\n<div><\/div>\n<div>Sus actuales integrantes son:<\/div>\n<ul>\n<li>Coromoto Le\u00f3n Hern\u00e1ndez (Subdirecci\u00f3n de la Escuela, <a href=\"mailto:calinfor@ull.es\" target=\"_blank\" rel=\"noopener\">calinfor@ull.es<\/a>)<\/li>\n<li>Mar\u00eda Bel\u00e9n Meli\u00e1n Batista (profesora de Ingenier\u00eda Inform\u00e1tica, <a href=\"mailto:mbmelian@ull.es\" target=\"_blank\" rel=\"noopener\">mbmelian@ull.es<\/a>)<\/li>\n<li>Viana L. Guadalupe Su\u00e1rez (profesora de Ingenier\u00eda Industrial, <a href=\"mailto:vlsuarez@ull.es\" target=\"_blank\" rel=\"noopener\">vlsuarez@ull.es<\/a>)<\/li>\n<li>Delfina Galv\u00e1n Alonso (personal de Administraci\u00f3n y Servicios, <a href=\"mailto:degalva@ull.es\" target=\"_blank\" rel=\"noopener\">degalva@ull.es<\/a>)<\/li>\n<li>Esther Medina Quintero (estudiante, <a href=\"mailto:alu0101434780@ull.es\" target=\"_blank\" rel=\"noopener\">alu0101434780@ull.es<\/a>)<\/li>\n<\/ul>\n<div><\/div>\n<div>Para cualquier consulta o denuncia puedes ponerte en contacto con nosotros a trav\u00e9s de correo electr\u00f3nico: <a href=\"mailto:calinfor@ull.es\" target=\"_blank\" rel=\"noopener\" target=\"_blank\" rel=\"noopener\">calinfor@ull.es<\/a><\/div>\n<div><\/div>\n<\/div>\n<div><\/div>\n<p>[\/vc_column_text][vc_empty_space][vc_column_text]<\/p>\n<div>\n<h2><b>Funciones de la Comisi\u00f3n de Igualdad<\/b><\/h2>\n<div><\/div>\n<div>Seg\u00fan se recoge en el art\u00edculo 23 del Reglamento de R\u00e9gimen Interno de la Escuela Superior de Ingenier\u00eda y Tecnolog\u00eda, las funciones de la Comisi\u00f3n de Igualdad son:<\/div>\n<ol>\n<li>Velar por el cumplimiento de los fines asociados a la igualdad de derechos en la Escuela, as\u00ed como todas aquellas que les atribuyan la Junta de Escuela y la normativa universitaria en materia de igualdad.<\/li>\n<li>Velar por la igualdad efectiva en el Centro para conseguir un espacio docente\/acad\u00e9mico inclusivo, equilibrado, igualitario, democr\u00e1tico y responsable.<\/li>\n<li>Facilitar al Gobierno de la ULL la informaci\u00f3n que le sea requerida relativa a temas de igualdad en el \u00e1mbito de la Escuela.<\/li>\n<li>Colaborar en acciones de sensibilizaci\u00f3n, formaci\u00f3n y actuaci\u00f3n relacionadas con el \u00e1mbito de la igualdad en la Escuela.Actuar como intermediaria entre las unidades de la ULL (Unidad de Igualdad de G\u00e9nero, Servicio de Prevenci\u00f3n de Riesgos Laborales y Negociado de Inspecci\u00f3n) responsables de las actuaciones relacionadas con la prevenci\u00f3n, detecci\u00f3n y actuaci\u00f3n en los supuestos de acoso sexual y acoso sexista y las personas implicadas en estos casos, con la obligaci\u00f3n de dar a conocer cualquier situaci\u00f3n de posible o potencial acoso o discriminaci\u00f3n a dichas unidades.<\/li>\n<\/ol>\n<\/div>\n<div><\/div>\n<div><\/div>\n<p>[\/vc_column_text][vc_empty_space][vc_column_text]<\/p>\n<div>\n<h2><b>Enlaces de Inter\u00e9s<\/b><\/h2>\n<div><\/div>\n<ul>\n<li><a href=\"https:\/\/www.ull.es\/servicios\/igualdad\/\" target=\"_blank\" rel=\"noopener\">Unidad de Igualdad de G\u00e9nero<\/a><\/li>\n<li><a href=\"https:\/\/www.ull.es\/servicios\/servicio-de-informacion-y-orientacion-sio\/\" target=\"_blank\" rel=\"noopener\" target=\"_blank\" rel=\"noopener\">Servicio de Informaci\u00f3n y Orientaci\u00f3n (SIO)<\/a><\/li>\n<li><a href=\"http:\/\/www.juventudcanaria.com\/juventudcanaria\/temas\/sexualidad\/\" target=\"_blank\" rel=\"noopener\">Juventud Gobierno de Canarias<\/a><\/li>\n<li><a href=\"http:\/\/www.tenerife.es\/portalcabtfe\/es\/temas\/asuntos-sociales?view=menuchildren\" target=\"_blank\" rel=\"noopener\">Cabildo de Tenerife (Asuntos Sociales)<\/a><\/li>\n<\/ul>\n<\/div>\n<div><\/div>\n<p>[\/vc_column_text][\/vc_column][vc_column width=\u00bb1\/3&#8243;][vc_column_text el_class=\u00bbcontacto\u00bb]\n<ul class=\"widget-box\">\n<li class='contacto-header'>Informaci\u00f3n de contacto<\/li><li><i class=\"fa fa-map-marker\"><\/i> Camino San Francisco de Paula, n\u00ba 19. Escuela Superior de Ingenier\u00eda y Tecnolog\u00eda. Apartado 456. C\u00f3digo postal 38200. San Crist\u00f3bal de La Laguna<\/li><li><i class=\"fa fa-phone\"><\/i> (+34) 922 31 83 09<\/li><li><i class=\"fa fa-envelope\"><\/i>  <a href=mailto:esit@ull.es>esit@ull.es<\/a><\/li><li><i class=\"fa fa-calendar\"><\/i><a href=\"http:\/\/citaprevia.ull.es\/index.php?s=esit\"> Cita previa<\/a><\/li><li><i class=\"fa fa-archive\"><\/i><a href=\"https:\/\/sede.ull.es\/ecivilis-site\/catalog\/showProcedure\/484\"> Procedimiento para quejas, sugerencias y felicitaciones<\/a><\/li>\n<\/ul>\n\n[\/vc_column_text][\/vc_column][\/vc_row]<\/p>\n","protected":false},"excerpt":{"rendered":"<p>[vc_row full_width=\u00bbstretch_row_content_no_spaces\u00bb el_class=\u00bbSliderPortada\u00bb css=\u00bb.vc_custom_1745237111535{margin-top: -100px !important;}\u00bb][vc_column][rev_slider_vc alias=\u00bbportada\u00bb][\/vc_column][\/vc_row][vc_row full_width=\u00bbstretch_row_content_no_spaces\u00bb][vc_column][vc_custom_heading text=\u00bb\u00bb font_container=\u00bbtag:h2|text_align:center\u00bb google_fonts=\u00bbfont_family:Montserrat%3Aregular%2C700|font_style:700%20bold%20regular%3A700%3Anormal\u00bb css=\u00bb.vc_custom_1721221176088{padding-top: 15px !important;padding-bottom: 15px !important;background-color: #360060 !important;}\u00bb][\/vc_column][\/vc_row][vc_row css=\u00bb.vc_custom_1745233821598{margin-top: 50px !important;}\u00bb][vc_column width=\u00bb2\/3&#8243; el_class=\u00bbpadding-50-right\u00bb css=\u00bb.vc_custom_1494506721665{padding-right: 50px !important;}\u00bb][vc_column_text] Comisi\u00f3n de Igualdad [\/vc_column_text][vc_empty_space][vc_column_text] \u00bfQui\u00e9nes somos? La Comisi\u00f3n de Igualdad de la Escuela Superior de Ingenier\u00eda y Tecnolog\u00eda tiene la funci\u00f3n de velar por la igualdad en el \u00e1mbito&#8230;<\/p>\n","protected":false},"author":10,"featured_media":0,"parent":0,"menu_order":0,"comment_status":"closed","ping_status":"closed","template":"templates\/template-frontpage.php","meta":[],"acf":[],"_links":{"self":[{"href":"https:\/\/www.ull.es\/centros\/escuela-superior-de-ingenieria-y-tecnologia\/wp-json\/wp\/v2\/pages\/877"}],"collection":[{"href":"https:\/\/www.ull.es\/centros\/escuela-superior-de-ingenieria-y-tecnologia\/wp-json\/wp\/v2\/pages"}],"about":[{"href":"https:\/\/www.ull.es\/centros\/escuela-superior-de-ingenieria-y-tecnologia\/wp-json\/wp\/v2\/types\/page"}],"author":[{"embeddable":true,"href":"https:\/\/www.ull.es\/centros\/escuela-superior-de-ingenieria-y-tecnologia\/wp-json\/wp\/v2\/users\/10"}],"replies":[{"embeddable":true,"href":"https:\/\/www.ull.es\/centros\/escuela-superior-de-ingenieria-y-tecnologia\/wp-json\/wp\/v2\/comments?post=877"}],"version-history":[{"count":17,"href":"https:\/\/www.ull.es\/centros\/escuela-superior-de-ingenieria-y-tecnologia\/wp-json\/wp\/v2\/pages\/877\/revisions"}],"predecessor-version":[{"id":1260,"href":"https:\/\/www.ull.es\/centros\/escuela-superior-de-ingenieria-y-tecnologia\/wp-json\/wp\/v2\/pages\/877\/revisions\/1260"}],"wp:attachment":[{"href":"https:\/\/www.ull.es\/centros\/escuela-superior-de-ingenieria-y-tecnologia\/wp-json\/wp\/v2\/media?parent=877"}],"curies":[{"name":"wp","href":"https:\/\/api.w.org\/{rel}","templated":true}]}}