{"id":432,"date":"2018-01-29T13:52:48","date_gmt":"2018-01-29T13:52:48","guid":{"rendered":"http:\/\/www.ull.es\/centros\/euensc\/?page_id=432"},"modified":"2025-07-16T11:54:17","modified_gmt":"2025-07-16T11:54:17","slug":"programas-movilidad","status":"publish","type":"page","link":"https:\/\/www.ull.es\/centros\/euensc\/programas-movilidad\/","title":{"rendered":"Programas de movilidad"},"content":{"rendered":"<p>[vc_row full_width=\u00bbstretch_row_content_no_spaces\u00bb el_class=\u00bbSliderPortada\u00bb css=\u00bb.vc_custom_1745237111535{margin-top: -100px !important;}\u00bb][vc_column][rev_slider_vc alias=\u00bbportada\u00bb][\/vc_column][\/vc_row][vc_row full_width=\u00bbstretch_row_content_no_spaces\u00bb][vc_column][vc_custom_heading text=\u00bb\u00bb font_container=\u00bbtag:h2|text_align:center\u00bb google_fonts=\u00bbfont_family:Montserrat%3Aregular%2C700|font_style:700%20bold%20regular%3A700%3Anormal\u00bb css=\u00bb.vc_custom_1721221176088{padding-top: 15px !important;padding-bottom: 15px !important;background-color: #360060 !important;}\u00bb][\/vc_column][\/vc_row][vc_row][vc_column][vc_column_text]<\/p>\n<p>[\/vc_column_text][\/vc_column][\/vc_row][vc_row css=\u00bb.vc_custom_1752666751685{margin-top: 50px !important;}\u00bb][vc_column width=\u00bb2\/3&#8243;][vc_column_text]<\/p>\n<h1>Programas de movilidad<\/h1>\n<p>[\/vc_column_text][vc_tta_accordion shape=\u00bbsquare\u00bb c_icon=\u00bbchevron\u00bb c_position=\u00bbright\u00bb active_section=\u00bb\u00bb no_fill=\u00bbtrue\u00bb collapsible_all=\u00bbtrue\u00bb][vc_tta_section title=\u00bbMovilidad nacional\u00bb tab_id=\u00bbmovilidad-nacional\u00bb][vc_column_text]<\/p>\n<h2>SICUE<\/h2>\n<p>El Sistema de Intercambio entre Centros Universitarios Espa\u00f1oles (SICUE) permite a los estudiantes de las universidades espa\u00f1olas realizar una parte de sus estudios en otra universidad, con garant\u00edas de reconocimiento acad\u00e9mico y de aprovechamiento, as\u00ed como de adecuaci\u00f3n a su perfil curricular. Este programa tiene en cuenta el valor formativo del intercambio, al hacer posible que el estudiante experimente sistemas docentes distintos, incluidos el r\u00e9gimen de pr\u00e1cticas, as\u00ed como los distintos aspectos sociales y culturales de otras Autonom\u00edas.<\/p>\n<p>Se establecen Acuerdos Bilaterales entre las distintas Universidades para determinar los centros, titulaciones, oferta de plazas y duraci\u00f3n del intercambio. La movilidad del estudiante se basar\u00e1 en el Acuerdo Acad\u00e9mico. Este documento describir\u00e1 la actividad a realizar en el Centro de destino que ser\u00e1 reconocido autom\u00e1ticamente por el Centro de origen.<\/p>\n<p>Para m\u00e1s informaci\u00f3n relativa a los programas de movilidad nacional se puede consultar en el siguiente\u00a0<a href=\"https:\/\/www.ull.es\/portal\/convocatorias\/categorias\/sicue\/\" target=\"_blank\" rel=\"noopener noreferrer\" target=\"_blank\" rel=\"noopener\">enlace<\/a><\/p>\n<p>Los<span class=\"apple-converted-space\">\u00a0<\/span><strong>convenios que hay vigentes actualmente en nuestro centro\u00a0<\/strong>son:<\/p>\n<ul>\n<li>1 plaza para estancias de 9 meses en la Universidad de Cantabria (Casa de Salud de Valdecilla)<\/li>\n<li>1 plaza para estancias de 9 meses en la Universidad de Extremadura (Merida)<\/li>\n<li>2 plazas para estancias de 9 meses en la Universidad de Castilla-La Mancha (Ciudad Real)<\/li>\n<li>1 plazas para estancias de 9 meses en la Universidad de Zaragoza (Huesca)<\/li>\n<li>2 plazas\u00a0para estancias de 5 meses en la Universidad Aut\u00f3noma de Barcelona (San Pau)<\/li>\n<li>2 plazas\u00a0para estancias de 9 meses en la Universidad de Barcelona (San Joan de Deu)<\/li>\n<\/ul>\n<p>[\/vc_column_text][\/vc_tta_section][vc_tta_section title=\u00bbMovilidad internacional\u00bb tab_id=\u00bbmovilidad-internacional\u00bb][vc_column_text]<\/p>\n<h2>Programa Erasmus<\/h2>\n<p style=\"font-weight: 400;\">El Vicerrectorado de Proyecci\u00f3n Internacional de la Universidad de La Laguna planifica, gestiona y coordina los programas de movilidad para el alumnado, personal docente e investigador y personal de administraci\u00f3n y servicios.<\/p>\n<p style=\"font-weight: 400;\">Erasmus es uno de los 4 programas sectoriales que dirige sus esfuerzos hacia la educaci\u00f3n superior, a las universidades y a la formaci\u00f3n profesional superior. Los objetivos espec\u00edficos del Programa Erasmus se concentran en apoyar la realizaci\u00f3n de un Espacio Europeo de Educaci\u00f3n Superior y estimular el intercambio, la cooperaci\u00f3n y la movilidad entre los sistemas de educaci\u00f3n y formaci\u00f3n dentro de la Comunidad.<\/p>\n<p style=\"font-weight: 400;\">La Universidad de La Laguna ha firmado convenios con distintas universidades e instituciones de los actuales y futuros estados miembros de la UE.<\/p>\n<p style=\"font-weight: 400;\">La selecci\u00f3n de candidatos es competencia de los centros, a trav\u00e9s de la Comisi\u00f3n de Movilidad Internacional. Se valorar\u00e1 el expediente acad\u00e9mico y la preparaci\u00f3n ling\u00fc\u00edstica del idioma del pa\u00eds de destino.<\/p>\n<p style=\"font-weight: 400;\">Para m\u00e1s informaci\u00f3n relativa a los programas de movilidad internacional se puede consultar en el siguiente\u00a0<a href=\"https:\/\/www.ull.es\/portal\/convocatorias\/categorias\/erasmus\/\" target=\"_blank\" rel=\"noopener\">enlace<\/a><\/p>\n<p style=\"font-weight: 400;\">Actualmente nuestro centro tiene convenio vigente con:<\/p>\n<ul style=\"font-weight: 400;\">\n<li>Universidad de Coimbra: 2 plazas de 6 meses para estudiantes y 2 plazas de 1 semana para profesorado<\/li>\n<li>Universidad de Mil\u00e1n: 2 plazas de 3 meses para estudiantes y 2 plazas de 1 semana para profesorado<\/li>\n<\/ul>\n<p>[\/vc_column_text][\/vc_tta_section][vc_tta_section title=\u00bbCoordinaci\u00f3n de movilidad\u00bb tab_id=\u00bbcoordinacion-movilidad\u00bb][vc_column_text]<\/p>\n<h2><strong>Coordinador de Movilidad en el Centro<\/strong>:<\/h2>\n<ul>\n<li>Vicente Llinares Arvelo<\/li>\n<li style=\"font-weight: 400;\">Tel\u00e9fono: (+34) 922 600 606<\/li>\n<\/ul>\n<p>[\/vc_column_text][\/vc_tta_section][\/vc_tta_accordion][\/vc_column][vc_column width=\u00bb1\/3&#8243;][vc_column_text el_class=\u00bbcontacto\u00bb]\n<ul class=\"widget-box\">\n<li class='contacto-header'>Informaci\u00f3n de contacto<\/li><li><i class=\"fa fa-map-marker\"><\/i> Ctra. del Rosario, 145, 38010 Santa Cruz de Tenerife, Espa\u00f1a<\/li><li><i class=\"fa fa-phone\"><\/i> (+34) 922 60 06 06<\/li><li><i class=\"fa fa-envelope\"><\/i>  <a href=mailto:euehunsc.scs@gobiernodecanarias.org>euehunsc.scs@gobiernodecanarias.org<\/a><\/li><li><i class=\"fa fa-envelope\"><\/i>  <a href=mailto:seceuensc@ull.es>seceuensc@ull.es<\/a><\/li>\n<\/ul>\n\n[\/vc_column_text][\/vc_column][\/vc_row]<\/p>\n","protected":false},"excerpt":{"rendered":"<p>[vc_row full_width=\u00bbstretch_row_content_no_spaces\u00bb el_class=\u00bbSliderPortada\u00bb css=\u00bb.vc_custom_1745237111535{margin-top: -100px !important;}\u00bb][vc_column][rev_slider_vc alias=\u00bbportada\u00bb][\/vc_column][\/vc_row][vc_row full_width=\u00bbstretch_row_content_no_spaces\u00bb][vc_column][vc_custom_heading text=\u00bb\u00bb font_container=\u00bbtag:h2|text_align:center\u00bb google_fonts=\u00bbfont_family:Montserrat%3Aregular%2C700|font_style:700%20bold%20regular%3A700%3Anormal\u00bb css=\u00bb.vc_custom_1721221176088{padding-top: 15px !important;padding-bottom: 15px !important;background-color: #360060 !important;}\u00bb][\/vc_column][\/vc_row][vc_row][vc_column][vc_column_text] [\/vc_column_text][\/vc_column][\/vc_row][vc_row css=\u00bb.vc_custom_1752666751685{margin-top: 50px !important;}\u00bb][vc_column width=\u00bb2\/3&#8243;][vc_column_text] Programas de movilidad [\/vc_column_text][vc_tta_accordion shape=\u00bbsquare\u00bb c_icon=\u00bbchevron\u00bb c_position=\u00bbright\u00bb active_section=\u00bb\u00bb no_fill=\u00bbtrue\u00bb collapsible_all=\u00bbtrue\u00bb][vc_tta_section title=\u00bbMovilidad nacional\u00bb tab_id=\u00bbmovilidad-nacional\u00bb][vc_column_text] SICUE El Sistema de Intercambio entre Centros Universitarios Espa\u00f1oles (SICUE) permite a los estudiantes de las universidades espa\u00f1olas realizar&#8230;<\/p>\n","protected":false},"author":1,"featured_media":0,"parent":0,"menu_order":0,"comment_status":"closed","ping_status":"closed","template":"templates\/template-frontpage.php","meta":[],"acf":[],"_links":{"self":[{"href":"https:\/\/www.ull.es\/centros\/euensc\/wp-json\/wp\/v2\/pages\/432"}],"collection":[{"href":"https:\/\/www.ull.es\/centros\/euensc\/wp-json\/wp\/v2\/pages"}],"about":[{"href":"https:\/\/www.ull.es\/centros\/euensc\/wp-json\/wp\/v2\/types\/page"}],"author":[{"embeddable":true,"href":"https:\/\/www.ull.es\/centros\/euensc\/wp-json\/wp\/v2\/users\/1"}],"replies":[{"embeddable":true,"href":"https:\/\/www.ull.es\/centros\/euensc\/wp-json\/wp\/v2\/comments?post=432"}],"version-history":[{"count":22,"href":"https:\/\/www.ull.es\/centros\/euensc\/wp-json\/wp\/v2\/pages\/432\/revisions"}],"predecessor-version":[{"id":734,"href":"https:\/\/www.ull.es\/centros\/euensc\/wp-json\/wp\/v2\/pages\/432\/revisions\/734"}],"wp:attachment":[{"href":"https:\/\/www.ull.es\/centros\/euensc\/wp-json\/wp\/v2\/media?parent=432"}],"curies":[{"name":"wp","href":"https:\/\/api.w.org\/{rel}","templated":true}]}}