{"id":608,"date":"2019-01-16T14:39:26","date_gmt":"2019-01-16T14:39:26","guid":{"rendered":"http:\/\/www.ull.es\/centros\/euensc\/?page_id=608"},"modified":"2025-10-13T08:18:51","modified_gmt":"2025-10-13T08:18:51","slug":"normativa","status":"publish","type":"page","link":"https:\/\/www.ull.es\/centros\/euensc\/normativa\/","title":{"rendered":"Normativa"},"content":{"rendered":"<p>[vc_row full_width=\u00bbstretch_row_content_no_spaces\u00bb el_class=\u00bbSliderPortada\u00bb css=\u00bb.vc_custom_1745237111535{margin-top: -100px !important;}\u00bb][vc_column][rev_slider_vc alias=\u00bbportada\u00bb][\/vc_column][\/vc_row][vc_row full_width=\u00bbstretch_row_content_no_spaces\u00bb][vc_column][vc_custom_heading text=\u00bb\u00bb font_container=\u00bbtag:h2|text_align:center\u00bb google_fonts=\u00bbfont_family:Montserrat%3Aregular%2C700|font_style:700%20bold%20regular%3A700%3Anormal\u00bb css=\u00bb.vc_custom_1721221176088{padding-top: 15px !important;padding-bottom: 15px !important;background-color: #360060 !important;}\u00bb][\/vc_column][\/vc_row][vc_row][vc_column][vc_column_text]<\/p>\n<p>[\/vc_column_text][\/vc_column][\/vc_row][vc_row css=\u00bb.vc_custom_1752666605137{margin-top: 50px !important;}\u00bb][vc_column][vc_column_text]<\/p>\n<h1>Normativa<\/h1>\n<p>[\/vc_column_text][vc_empty_space][vc_column_text]<\/p>\n<ul>\n<li><a href=\"https:\/\/drive.google.com\/file\/d\/1M1kQCfR-hSrP4xwwzv2Xdu8x3IcbF-I6\/view?usp=drive_link\" target=\"_blank\" rel=\"noopener\">Reglamento de R\u00e9gimen General de la Escuela Universitaria de Enfermer\u00eda Nuestra Se\u00f1ora de Candelaria<\/a><\/li>\n<li><a href=\"https:\/\/drive.google.com\/file\/d\/1f568YR0GIphlFOAdez-tHoG30M5o2seM\/view?usp=sharing\" target=\"_blank\" rel=\"noopener\" target=\"_blank\" rel=\"noopener\">Convenio de Adscripci\u00f3n a la ULL<\/a><\/li>\n<li><a href=\"http:\/\/www.gobiernodecanarias.org\/boc\/2009\/219\/boc-2009-219-004.pdf\" target=\"_blank\" rel=\"noopener\">Autorizaci\u00f3n de impartici\u00f3n<\/a><\/li>\n<\/ul>\n<p>[\/vc_column_text][\/vc_column][\/vc_row]<\/p>\n","protected":false},"excerpt":{"rendered":"<p>[vc_row full_width=\u00bbstretch_row_content_no_spaces\u00bb el_class=\u00bbSliderPortada\u00bb css=\u00bb.vc_custom_1745237111535{margin-top: -100px !important;}\u00bb][vc_column][rev_slider_vc alias=\u00bbportada\u00bb][\/vc_column][\/vc_row][vc_row full_width=\u00bbstretch_row_content_no_spaces\u00bb][vc_column][vc_custom_heading text=\u00bb\u00bb font_container=\u00bbtag:h2|text_align:center\u00bb google_fonts=\u00bbfont_family:Montserrat%3Aregular%2C700|font_style:700%20bold%20regular%3A700%3Anormal\u00bb css=\u00bb.vc_custom_1721221176088{padding-top: 15px !important;padding-bottom: 15px !important;background-color: #360060 !important;}\u00bb][\/vc_column][\/vc_row][vc_row][vc_column][vc_column_text] [\/vc_column_text][\/vc_column][\/vc_row][vc_row css=\u00bb.vc_custom_1752666605137{margin-top: 50px !important;}\u00bb][vc_column][vc_column_text] Normativa [\/vc_column_text][vc_empty_space][vc_column_text] Reglamento de R\u00e9gimen General de la Escuela Universitaria de Enfermer\u00eda Nuestra Se\u00f1ora de Candelaria Convenio de Adscripci\u00f3n a la ULL Autorizaci\u00f3n de impartici\u00f3n [\/vc_column_text][\/vc_column][\/vc_row]<\/p>\n","protected":false},"author":10,"featured_media":0,"parent":0,"menu_order":0,"comment_status":"closed","ping_status":"closed","template":"templates\/template-frontpage.php","meta":[],"acf":[],"_links":{"self":[{"href":"https:\/\/www.ull.es\/centros\/euensc\/wp-json\/wp\/v2\/pages\/608"}],"collection":[{"href":"https:\/\/www.ull.es\/centros\/euensc\/wp-json\/wp\/v2\/pages"}],"about":[{"href":"https:\/\/www.ull.es\/centros\/euensc\/wp-json\/wp\/v2\/types\/page"}],"author":[{"embeddable":true,"href":"https:\/\/www.ull.es\/centros\/euensc\/wp-json\/wp\/v2\/users\/10"}],"replies":[{"embeddable":true,"href":"https:\/\/www.ull.es\/centros\/euensc\/wp-json\/wp\/v2\/comments?post=608"}],"version-history":[{"count":12,"href":"https:\/\/www.ull.es\/centros\/euensc\/wp-json\/wp\/v2\/pages\/608\/revisions"}],"predecessor-version":[{"id":741,"href":"https:\/\/www.ull.es\/centros\/euensc\/wp-json\/wp\/v2\/pages\/608\/revisions\/741"}],"wp:attachment":[{"href":"https:\/\/www.ull.es\/centros\/euensc\/wp-json\/wp\/v2\/media?parent=608"}],"curies":[{"name":"wp","href":"https:\/\/api.w.org\/{rel}","templated":true}]}}