{"id":1029,"date":"2020-06-05T11:06:15","date_gmt":"2020-06-05T11:06:15","guid":{"rendered":"http:\/\/www.ull.es\/centros\/facultad-ciencias\/?page_id=1029"},"modified":"2020-06-23T12:35:15","modified_gmt":"2020-06-23T12:35:15","slug":"proyecto-de-innovacion-educativa","status":"publish","type":"page","link":"https:\/\/www.ull.es\/centros\/facultad-ciencias\/proyecto-de-innovacion-educativa\/","title":{"rendered":"Proyectos de Innovaci\u00f3n Educativa"},"content":{"rendered":"<p>[vc_row][vc_column][vc_column_text]<\/p>\n<h1 dir=\"ltr\"><b>Proyectos de Innovaci\u00f3n Educativa<\/b><b><\/b><\/h1>\n<h4 style=\"font-weight: 400;\">Estrategias de apoyo y mejora continua de la ense\u00f1anza-aprendizaje y transversalidad en la Facultad de Ciencias<\/h4>\n<p>[\/vc_column_text][\/vc_column][\/vc_row][vc_row][vc_column][vc_empty_space][vc_single_image image=\u00bb1036&#8243; img_size=\u00bbfull\u00bb][\/vc_column][\/vc_row][vc_row][vc_column][vc_empty_space][vc_column_text]La ense\u00f1anza en buenas pr\u00e1cticas ambientales es imprescindible para formar ciudadanos preparados para crear un futuro sustentable, la Universidad debe liderar este camino que se encuentra consolidado por la definici\u00f3n de la ONU de los Objetivos de Desarrollo Sostenible\u00a0 dentro de la Agenda 2020. Este proyecto de la Facultad de Ciencias de la Universidad de La Laguna se centra en cuatro ejes: <strong>Biodiversidad, Flujos de Energ\u00eda, Sostenibilidad interna, Educaci\u00f3n y Participaci\u00f3n Sostenible. <\/strong><\/p>\n<p>El objetivo central del proyecto es integrar a los estudiantes en la elaboraci\u00f3n de un Manual de Buenas Pr\u00e1cticas Ambientales, destinado a sensibilizar a toda la comunidad de la facultad, y extensible a la ULL. Trabajaremos en equipo potenciando las capacidades de cada integrante. Para ello se realizar\u00e1n seminarios te\u00f3ricos impartidos por personal de la Facultad e invitados expertos, pero la fuerza del proyecto reside en su componente eminentemente pr\u00e1ctico y aplicado (aula de la naturaleza), destinado a ampliar los conocimientos acerca del estado de la situaci\u00f3n en la Facultad de Ciencias con respecto a estos cuatro ejes; identificar obst\u00e1culos a los buenos usos y proponer medidas concretas de mejora a las entidades responsables de las mismas en cada caso.<\/p>\n<p>Para m\u00e1s informaci\u00f3n, pulse esta <a href=\"https:\/\/sites.google.com\/view\/piesostenibilidadciencias\/p%C3%A1gina-principal\" target=\"_blank\" rel=\"noopener noreferrer\" target=\"_blank\" rel=\"noopener\"><strong>p\u00e1gina<\/strong><\/a>[\/vc_column_text][\/vc_column][\/vc_row][vc_row][vc_column][\/vc_column][\/vc_row]<\/p>\n","protected":false},"excerpt":{"rendered":"<p>[vc_row][vc_column][vc_column_text] Proyectos de Innovaci\u00f3n Educativa Estrategias de apoyo y mejora continua de la ense\u00f1anza-aprendizaje y transversalidad en la Facultad de Ciencias [\/vc_column_text][\/vc_column][\/vc_row][vc_row][vc_column][vc_empty_space][vc_single_image image=\u00bb1036&#8243; img_size=\u00bbfull\u00bb][\/vc_column][\/vc_row][vc_row][vc_column][vc_empty_space][vc_column_text]La ense\u00f1anza en buenas pr\u00e1cticas ambientales es imprescindible para formar ciudadanos preparados para crear un futuro sustentable, la Universidad debe liderar este camino que se encuentra consolidado por la definici\u00f3n de la&#8230;<\/p>\n","protected":false},"author":10,"featured_media":0,"parent":0,"menu_order":0,"comment_status":"closed","ping_status":"closed","template":"","meta":[],"acf":[],"_links":{"self":[{"href":"https:\/\/www.ull.es\/centros\/facultad-ciencias\/wp-json\/wp\/v2\/pages\/1029"}],"collection":[{"href":"https:\/\/www.ull.es\/centros\/facultad-ciencias\/wp-json\/wp\/v2\/pages"}],"about":[{"href":"https:\/\/www.ull.es\/centros\/facultad-ciencias\/wp-json\/wp\/v2\/types\/page"}],"author":[{"embeddable":true,"href":"https:\/\/www.ull.es\/centros\/facultad-ciencias\/wp-json\/wp\/v2\/users\/10"}],"replies":[{"embeddable":true,"href":"https:\/\/www.ull.es\/centros\/facultad-ciencias\/wp-json\/wp\/v2\/comments?post=1029"}],"version-history":[{"count":11,"href":"https:\/\/www.ull.es\/centros\/facultad-ciencias\/wp-json\/wp\/v2\/pages\/1029\/revisions"}],"predecessor-version":[{"id":1044,"href":"https:\/\/www.ull.es\/centros\/facultad-ciencias\/wp-json\/wp\/v2\/pages\/1029\/revisions\/1044"}],"wp:attachment":[{"href":"https:\/\/www.ull.es\/centros\/facultad-ciencias\/wp-json\/wp\/v2\/media?parent=1029"}],"curies":[{"name":"wp","href":"https:\/\/api.w.org\/{rel}","templated":true}]}}