{"id":161,"date":"2017-11-16T11:08:18","date_gmt":"2017-11-16T11:08:18","guid":{"rendered":"http:\/\/www.ull.es\/centros\/escuela-superior-de-ingenieria-y-tecnologia\/?page_id=161"},"modified":"2025-04-22T06:39:20","modified_gmt":"2025-04-22T06:39:20","slug":"programas-de-movilidad","status":"publish","type":"page","link":"https:\/\/www.ull.es\/centros\/facultad-de-ciencias-sociales-y-de-la-comunicacion\/docencia\/programas-de-movilidad\/","title":{"rendered":"Programas de movilidad"},"content":{"rendered":"<p>[vc_row full_width=\u00bbstretch_row_content_no_spaces\u00bb el_class=\u00bbSliderPortada\u00bb css=\u00bb.vc_custom_1745237111535{margin-top: -100px !important;}\u00bb][vc_column][rev_slider_vc alias=\u00bbportada\u00bb][\/vc_column][\/vc_row][vc_row full_width=\u00bbstretch_row_content_no_spaces\u00bb][vc_column][vc_custom_heading text=\u00bb\u00bb font_container=\u00bbtag:h2|text_align:center\u00bb google_fonts=\u00bbfont_family:Montserrat%3Aregular%2C700|font_style:700%20bold%20regular%3A700%3Anormal\u00bb css=\u00bb.vc_custom_1721221176088{padding-top: 15px !important;padding-bottom: 15px !important;background-color: #360060 !important;}\u00bb][\/vc_column][\/vc_row][vc_row css=\u00bb.vc_custom_1745233821598{margin-top: 50px !important;}\u00bb][vc_column width=\u00bb2\/3&#8243; el_class=\u00bbpadding-50-right\u00bb css=\u00bb.vc_custom_1494506721665{padding-right: 50px !important;}\u00bb][vc_column_text]<\/p>\n<h1>Programas de movilidad<\/h1>\n<p>[\/vc_column_text][vc_tta_accordion shape=\u00bbsquare\u00bb c_icon=\u00bbchevron\u00bb c_position=\u00bbright\u00bb active_section=\u00bb\u00bb no_fill=\u00bbtrue\u00bb collapsible_all=\u00bbtrue\u00bb][vc_tta_section title=\u00bbMovilidad nacional\u00bb tab_id=\u00bbmovilidad-nacional\u00bb][vc_column_text]<\/p>\n<h3>Sistema de Intercambio de Alumnado entre centros universitarios espa\u00f1oles<\/h3>\n<p>La Facultad de Ciencias Sociales y de la Comunicaci\u00f3n de la Universidad de la Laguna participa del sistema de intercambio de alumnado entre centros espa\u00f1oles. Este sistema se basa en el programa SICUE, que regula los intercambios.<\/p>\n<p>En la pr\u00e1ctica, esto consiste en que el alumnado del centro puede cursar un cuatrimestre o un curso escolar completo, seg\u00fan la universidad de destino, en alguna de las universidades con las que tenemos convenio (Salamanca, Granada, Complutense de Madrid, Barcelona, Valencia, Pablo de Olavide de Sevilla, Zaragoza o A Coru\u00f1a, entre otras). En funci\u00f3n del contrato de estudios que se realiza antes de la partida, las asignaturas que el alumnado realiza en otras universidades se convalidan por las de nuestra Facultad.<\/p>\n<p>En cualquier caso, es necesario destacar que el hecho de que exista la posibilidad de realizar la estancia no implica necesariamente que se le vaya a reconocer al alumnado un n\u00famero determinado de cr\u00e9ditos. Por eso es bueno que quienes est\u00e9n interesados\/as en realizar parte de sus estudios en otra universidad comparen el Plan de Estudios de nuestra Facultad con el de la universidad de destino, y se pongan en contacto con la Coordinadora de Movilidad, la profesora Patricia Delponti Macchione (<a href=\"mailto:vicmov@ull.es\" target=\"_blank\" rel=\"noopener\" target=\"_blank\" rel=\"noopener\">vicmov@ull.es<\/a>).<\/p>\n<p>El alumno debe tener en cuenta a la hora de solicitar un destino el grado de implantaci\u00f3n y\/o extinci\u00f3n de los estudios y comprobar que se imparte docencia de las materias que desea realizar en la universidad de destino.<\/p>\n<div><\/div>\n<div>\n<div>Toda la informaci\u00f3n relativa a la <strong>convocatoria SICUE<\/strong> (convenios, plazas, preguntas frecuentes, calendario de procedimientos, impresos, etc.) <a href=\"https:\/\/www.ull.es\/portal\/convocatorias\/convocatoria\/sistema-de-intercambio-entre-centros-universitarios-espanoles-sicue-2022-2023\/\" target=\"_blank\" rel=\"noopener noreferrer\" target=\"_blank\" rel=\"noopener\">aqu\u00ed<\/a>.<\/div>\n<\/div>\n<div><\/div>\n<div><a href=\"https:\/\/www.ull.es\/portal\/convocatorias\/convocatoria\/sistema-de-intercambio-entre-centros-universitarios-espanoles-sicue-2022-2023\/\" target=\"_blank\" rel=\"noopener noreferrer\" target=\"_blank\" rel=\"noopener\">Listado provisional SICUE 2022-23<\/a><\/div>\n<h3><\/h3>\n<p>[\/vc_column_text][\/vc_tta_section][vc_tta_section title=\u00bbMovilidad internacional\u00bb tab_id=\u00bbmovilidad-internacional\u00bb][vc_column_text]La Facultad de Ciencias Sociales y de la Comunicaci\u00f3n de la Universidad de la Laguna participa del sistema de intercambio de alumnado entre universidades europeas (ERASMUS).<\/p>\n<p>Ello permite que el alumnado pueda cursar un cuatrimestre o un curso escolar completo en alguna de las universidades con las que tenemos convenio (universidades de Alemania, B\u00e9lgica, Bulgaria, Eslovenia, Francia, Finlandia, Italia, Portugal y Polonia). En funci\u00f3n de un contrato de estudios que se realiza antes de la partida, las asignaturas que el alumnado realiza en otras universidades se convalidan por las de nuestra Facultad.<\/p>\n<p>Para poder optar a cursar un ERASMUS es necesario que el alumnado acredite un cierto nivel del idioma en el que se imparte la docencia en la universidad de destino, que suele ser el del pa\u00eds salvo en algunas universidades en que se imparte la docencia en ingl\u00e9s. Por lo tanto, es conveniente que quien tenga inter\u00e9s en realizar una experiencia de este tipo se lo plantee desde el inicio de sus estudios para poder cumplir con los requisitos de car\u00e1cter ling\u00fc\u00edstico. El Servicio de Idiomas de la Universidad de La Laguna facilita el aprendizaje de lenguas a toda la comunidad universitaria.<\/p>\n<p>En cualquier caso, es necesario destacar que el hecho de que exista la posibilidad de realizar la estancia no implica necesariamente que se le vaya a reconocer al alumnado un n\u00famero determinado de cr\u00e9ditos. Por eso es bueno que quienes est\u00e9n interesados\/as en realizar parte de sus estudios en otra universidad comparen el Plan de Estudios de nuestra Facultad con el de la universidad de destino, y se pongan en contacto con la Coordinadora de Movilidad, la profesora Patricia Delponti Macchione (<a href=\"mailto:vicmov@ull.es\" target=\"_blank\" rel=\"noopener\" target=\"_blank\" rel=\"noopener\">vicmov@ull.es<\/a>). Pueden acceder a la informaci\u00f3n sobre convocatorias de becas internacionales en el espacio de la\u00a0<a href=\"https:\/\/www.ull.es\/servicios\/oficina-de-relaciones-internacionales\/\" target=\"_blank\" rel=\"noopener noreferrer\" target=\"_blank\" rel=\"noopener\"><strong>Oficina de Relaciones Internacionales<\/strong><\/a>\u00a0de la Web.<\/p>\n<h3>Programa Erasmus curso 2024-25<\/h3>\n<ul>\n<li><a href=\"https:\/\/www.ull.es\/portal\/erasmus\/\" target=\"_blank\" rel=\"noopener\">Informaci\u00f3n General sobre el Programa LLP\/Erasmus+<\/a><\/li>\n<li><a href=\"https:\/\/drive.google.com\/file\/d\/114vy4MvU9ooHOTGTh1JITQFVUE-BQkPu\/view\" target=\"_blank\" rel=\"noopener\" target=\"_blank\" rel=\"noopener\">Listado provisional de admitidos y excluidos al Programa Erasmus+ 2024-25<\/a><\/li>\n<li><a href=\"https:\/\/drive.google.com\/file\/d\/1KxPcxHMZf-f4erCzSQ4zQ3GLJFmVCZb3\/view?usp=sharing\" target=\"_blank\" rel=\"noopener\" target=\"_blank\" rel=\"noopener\">Listado definitivo de admitidos y excluidos al Programa Erasmus+ 2024-25<\/a><\/li>\n<li><a href=\"https:\/\/drive.google.com\/file\/d\/1V2C_GPwraZ4KMLWWoxp87cgvmIt6lHVi\/view?usp=sharing\" target=\"_blank\" rel=\"noopener\">Erasmus+ 2024-25. Lista provisional con baremaci\u00f3n de los solicitantes y asignaci\u00f3n de destinos<\/a><\/li>\n<li><a href=\"https:\/\/drive.google.com\/file\/d\/1S32wmTBI8qJdQ0wK0mCw8RqWGgmb53Jq\/view\" target=\"_blank\" rel=\"noopener\" target=\"_blank\" rel=\"noopener\">Erasmus+ 2024-25, Lista definitiva con baremaci\u00f3n de los solicitantes y asignaci\u00f3n de destinos<\/a><\/li>\n<\/ul>\n<h3>Programa Erasmus curso 2023-24<\/h3>\n<ul>\n<li><a href=\"https:\/\/www.ull.es\/portal\/erasmus\" target=\"_blank\" rel=\"noopener noreferrer\" target=\"_blank\" rel=\"noopener\">Informaci\u00f3n General sobre el Programa LLP\/Erasmus+<\/a><\/li>\n<li><a href=\"https:\/\/drive.google.com\/file\/d\/17McGsjAjJNZe-2klsWon_vm-QxNG3rit\/view?usp=share_link\" target=\"_blank\" rel=\"noopener\" target=\"_blank\" rel=\"noopener\">Listado provisional de admitidos y excluidos al Programa Erasmus+ 2023-24<\/a><\/li>\n<li><a href=\"https:\/\/drive.google.com\/file\/d\/1euuH9ag6mAKT-KfpNaxBesDj8x5uqTb3\/view?usp=share_link\" target=\"_blank\" rel=\"noopener\" target=\"_blank\" rel=\"noopener\">Listado definitivo de admitidos y excluidos al Programa Erasmus+ 2023-24<\/a><\/li>\n<li><a href=\"https:\/\/drive.google.com\/file\/d\/1y_0TyveJmdtnN0E4GT1-TfsIfcnEOKO3\/view?usp=share_link\" target=\"_blank\" rel=\"noopener\" target=\"_blank\" rel=\"noopener\">Erasmus+ 2023-24, Lista provisional con baremaci\u00f3n de los solicitantes y asignaci\u00f3n de destinos<\/a><\/li>\n<li>Acta Comisi\u00f3n de Movilidad Internacional<\/li>\n<li>Acta preselecci\u00f3n alumnos Erasmus+<\/li>\n<\/ul>\n<p>[\/vc_column_text][\/vc_tta_section][vc_tta_section title=\u00bbCoordinaci\u00f3n de movilidad\u00bb tab_id=\u00bbcoordinacion-movilidad\u00bb][vc_column_text]<\/p>\n<table border=\"0\" cellspacing=\"1\" cellpadding=\"7\">\n<tbody>\n<tr>\n<th class=\"th1\">Coordinador de Movilidad SICUE \/ ERASMUS<\/th>\n<\/tr>\n<tr>\n<td class=\"td1\">La coordinaci\u00f3n de movilidad la ejerce la Vicedecana de Movilidad Internacional y Relaciones Institucionales, D\u00aa. Patricia Delponti Macchione.<\/p>\n<p><strong>Contacto:<\/strong> <a href=\"mailto:vicmov@ull.es\" target=\"_blank\" rel=\"noopener\" target=\"_blank\" rel=\"noopener\">vicmov@ull.es<\/a> \/ Tel\u00e9fono: (+34) 922 31 72 48.<\/td>\n<\/tr>\n<\/tbody>\n<\/table>\n<p>[\/vc_column_text][\/vc_tta_section][\/vc_tta_accordion][\/vc_column][vc_column width=\u00bb1\/3&#8243;][vc_column_text el_class=\u00bbcontacto\u00bb]\n<ul class=\"widget-box\">\n<li class='contacto-header'>Informaci\u00f3n de contacto<\/li><li><i class=\"fa fa-map-marker\"><\/i> Camino La Hornera, 37. Facultad de Ciencias Sociales y de la Comunicaci\u00f3n. Apartado 456. C\u00f3digo postal 38200. San Crist\u00f3bal de La Laguna. S\/C de Tenerife<\/li><li><i class=\"fa fa-phone\"><\/i> (+34) 922 31 72 90<\/li><li><i class=\"fa fa-envelope\"><\/i>  <a href=mailto:cpsc@ull.es>cpsc@ull.es<\/a><\/li><li><i class=\"fa fa-calendar\"><\/i><a href=\"http:\/\/citaprevia.ull.es\/index.php?s=fcpsc\"> Cita previa<\/a><\/li>\n<\/ul>\n\n[\/vc_column_text][\/vc_column][\/vc_row]<\/p>\n","protected":false},"excerpt":{"rendered":"<p>[vc_row full_width=\u00bbstretch_row_content_no_spaces\u00bb el_class=\u00bbSliderPortada\u00bb css=\u00bb.vc_custom_1745237111535{margin-top: -100px !important;}\u00bb][vc_column][rev_slider_vc alias=\u00bbportada\u00bb][\/vc_column][\/vc_row][vc_row full_width=\u00bbstretch_row_content_no_spaces\u00bb][vc_column][vc_custom_heading text=\u00bb\u00bb font_container=\u00bbtag:h2|text_align:center\u00bb google_fonts=\u00bbfont_family:Montserrat%3Aregular%2C700|font_style:700%20bold%20regular%3A700%3Anormal\u00bb css=\u00bb.vc_custom_1721221176088{padding-top: 15px !important;padding-bottom: 15px !important;background-color: #360060 !important;}\u00bb][\/vc_column][\/vc_row][vc_row css=\u00bb.vc_custom_1745233821598{margin-top: 50px !important;}\u00bb][vc_column width=\u00bb2\/3&#8243; el_class=\u00bbpadding-50-right\u00bb css=\u00bb.vc_custom_1494506721665{padding-right: 50px !important;}\u00bb][vc_column_text] Programas de movilidad [\/vc_column_text][vc_tta_accordion shape=\u00bbsquare\u00bb c_icon=\u00bbchevron\u00bb c_position=\u00bbright\u00bb active_section=\u00bb\u00bb no_fill=\u00bbtrue\u00bb collapsible_all=\u00bbtrue\u00bb][vc_tta_section title=\u00bbMovilidad nacional\u00bb tab_id=\u00bbmovilidad-nacional\u00bb][vc_column_text] Sistema de Intercambio de Alumnado entre centros universitarios espa\u00f1oles La Facultad de Ciencias Sociales y de&#8230;<\/p>\n","protected":false},"author":1,"featured_media":0,"parent":52,"menu_order":0,"comment_status":"closed","ping_status":"closed","template":"templates\/template-frontpage.php","meta":[],"acf":[],"_links":{"self":[{"href":"https:\/\/www.ull.es\/centros\/facultad-de-ciencias-sociales-y-de-la-comunicacion\/wp-json\/wp\/v2\/pages\/161"}],"collection":[{"href":"https:\/\/www.ull.es\/centros\/facultad-de-ciencias-sociales-y-de-la-comunicacion\/wp-json\/wp\/v2\/pages"}],"about":[{"href":"https:\/\/www.ull.es\/centros\/facultad-de-ciencias-sociales-y-de-la-comunicacion\/wp-json\/wp\/v2\/types\/page"}],"author":[{"embeddable":true,"href":"https:\/\/www.ull.es\/centros\/facultad-de-ciencias-sociales-y-de-la-comunicacion\/wp-json\/wp\/v2\/users\/1"}],"replies":[{"embeddable":true,"href":"https:\/\/www.ull.es\/centros\/facultad-de-ciencias-sociales-y-de-la-comunicacion\/wp-json\/wp\/v2\/comments?post=161"}],"version-history":[{"count":56,"href":"https:\/\/www.ull.es\/centros\/facultad-de-ciencias-sociales-y-de-la-comunicacion\/wp-json\/wp\/v2\/pages\/161\/revisions"}],"predecessor-version":[{"id":1236,"href":"https:\/\/www.ull.es\/centros\/facultad-de-ciencias-sociales-y-de-la-comunicacion\/wp-json\/wp\/v2\/pages\/161\/revisions\/1236"}],"up":[{"embeddable":true,"href":"https:\/\/www.ull.es\/centros\/facultad-de-ciencias-sociales-y-de-la-comunicacion\/wp-json\/wp\/v2\/pages\/52"}],"wp:attachment":[{"href":"https:\/\/www.ull.es\/centros\/facultad-de-ciencias-sociales-y-de-la-comunicacion\/wp-json\/wp\/v2\/media?parent=161"}],"curies":[{"name":"wp","href":"https:\/\/api.w.org\/{rel}","templated":true}]}}