{"id":641,"date":"2019-07-22T07:05:09","date_gmt":"2019-07-22T07:05:09","guid":{"rendered":"http:\/\/www.ull.es\/centros\/facultad-de-economia-empresa-y-turismo\/?page_id=641"},"modified":"2025-07-22T12:37:37","modified_gmt":"2025-07-22T12:37:37","slug":"curso-matematicas-0","status":"publish","type":"page","link":"https:\/\/www.ull.es\/centros\/facultad-de-economia-empresa-y-turismo\/curso-matematicas-0\/","title":{"rendered":"Curso Matem\u00e1ticas 0"},"content":{"rendered":"<p>[vc_row full_width=\u00bbstretch_row_content_no_spaces\u00bb el_class=\u00bbSliderPortada\u00bb css=\u00bb.vc_custom_1745237111535{margin-top: -100px !important;}\u00bb][vc_column][rev_slider_vc alias=\u00bbportada\u00bb][\/vc_column][\/vc_row][vc_row full_width=\u00bbstretch_row_content_no_spaces\u00bb][vc_column][vc_custom_heading text=\u00bb\u00bb font_container=\u00bbtag:h2|text_align:center\u00bb google_fonts=\u00bbfont_family:Montserrat%3Aregular%2C700|font_style:700%20bold%20regular%3A700%3Anormal\u00bb css=\u00bb.vc_custom_1745316924949{padding-top: 15px !important;padding-bottom: 15px !important;background-color: #360060 !important;}\u00bb][\/vc_column][\/vc_row][vc_row][vc_column][vc_empty_space height=\u00bb60px\u00bb][vc_column_text]<\/p>\n<h1>Curso Matem\u00e1ticas Cero<\/h1>\n<p>[\/vc_column_text][\/vc_column][\/vc_row][vc_row disable_element=\u00bbyes\u00bb][vc_column][vc_empty_space][vc_btn title=\u00bbListado de admitidos (30\/08\/24)\u00bb style=\u00bbcustom\u00bb custom_background=\u00bb#5c068c\u00bb custom_text=\u00bb#ffffff\u00bb align=\u00bbcenter\u00bb css_animation=\u00bbbounceIn\u00bb button_block=\u00bbtrue\u00bb link=\u00bburl:https%3A%2F%2Fdrive.google.com%2Ffile%2Fd%2F1AyTmTfAoiDuN5ZGd1Nis2yPgDzAEUJna%2Fview%3Fusp%3Dsharing|target:_blank\u00bb][vc_empty_space][\/vc_column][\/vc_row][vc_row full_width=\u00bbstretch_row_content\u00bb][vc_column width=\u00bb2\/3&#8243;][\/vc_column][vc_column width=\u00bb1\/3&#8243;][\/vc_column][\/vc_row][vc_row][vc_column width=\u00bb2\/3&#8243;][vc_column_text]<\/p>\n<h3>Del 3 de septiembre al 3 de octubre de 2025<\/h3>\n<p>Destinado a estudiantes de nuevo ingreso en los grados de:<\/p>\n<ul>\n<li style=\"list-style-type: none;\">\n<ul>\n<li style=\"list-style-type: none;\">\n<ul>\n<li>Administraci\u00f3n y Direcci\u00f3n de Empresas<\/li>\n<li>Econom\u00eda<\/li>\n<li>Contabilidad y Finanzas<\/li>\n<li>Turismo<\/li>\n<\/ul>\n<\/li>\n<\/ul>\n<\/li>\n<\/ul>\n<div>\n<p>Con este curso, se pretende que el alumnado refuerce los contenidos en matem\u00e1ticas para poder afrontar la formaci\u00f3n de su grado con \u00e9xito.<\/p>\n<p><strong>Duraci\u00f3n:<\/strong> 30 horas presenciales y 20 de trabajo aut\u00f3nomo.<\/p>\n<p><b>Convalidable 2 ECTS<\/b><\/p>\n<\/div>\n<div>\n<p><strong>D\u00edas de impartici\u00f3n:<\/strong><\/p>\n<\/div>\n<p>[\/vc_column_text][vc_single_image image=\u00bb1399&#8243; img_size=\u00bb1200&#215;800&#8243;][vc_column_text]<\/p>\n<div><\/div>\n<div>Si est\u00e1s interesado\/a en esta formaci\u00f3n inscr\u00edbete a trav\u00e9s de ese<span style=\"color: #ff0000;\">\u00a0<a href=\"https:\/\/docs.google.com\/forms\/d\/e\/1FAIpQLScGl1pr9uZCryayv0cIdyRZUMSoiAdmpSJwBTuqpPICrmI7yg\/viewform?usp=preview\" target=\"_blank\" rel=\"noopener\" data-saferedirecturl=\"https:\/\/www.google.com\/url?q=https:\/\/docs.google.com\/forms\/d\/e\/1FAIpQLScGl1pr9uZCryayv0cIdyRZUMSoiAdmpSJwBTuqpPICrmI7yg\/viewform?usp%3Dpreview&amp;source=gmail&amp;ust=1753185307640000&amp;usg=AOvVaw3W6vg-9Ar3awBIhYpv6rMw\" target=\"_blank\" rel=\"noopener\">link<\/a>\u00a0<\/span>antes del\u00a029 de agosto.<\/div>\n<div>\n<p dir=\"ltr\"><strong>Profesorado:<\/strong><br \/>\nDomingo Israel Cruz B\u00e1ez (coordinador)<br \/>\nMar\u00eda Candelaria Gil Fari\u00f1a<br \/>\nCelina Pestano Gabino.<\/p>\n<p dir=\"ltr\">Recuerda que la v\u00eda de contacto es tu correo electr\u00f3nico institucional (alu*@<a href=\"https:\/\/urldefense.com\/v3\/__http:\/ull.edu.es\/__;!!D9dNQwwGXtA!XAhYHxdNc3ZFOtNZNqHpIOoz-AHGkS8Yi3M0L7sohGFnwM_-fX5lEb2U9922unGQHalTCWL_GMOaUg$\" target=\"_blank\" rel=\"noopener\" data-saferedirecturl=\"https:\/\/www.google.com\/url?q=https:\/\/urldefense.com\/v3\/__http:\/ull.edu.es\/__;!!D9dNQwwGXtA!XAhYHxdNc3ZFOtNZNqHpIOoz-AHGkS8Yi3M0L7sohGFnwM_-fX5lEb2U9922unGQHalTCWL_GMOaUg$&amp;source=gmail&amp;ust=1753185307640000&amp;usg=AOvVaw1g91y2Q9NI_m_XQgzx11a4\" target=\"_blank\" rel=\"noopener\">ull.edu.es<\/a>)<\/p>\n<p dir=\"ltr\">Para cualquier aclaraci\u00f3n acad\u00e9mica adicional, contactar con el coordinador del curso:\u00a0Domingo Israel Cruz B\u00e1ez\u00a0(<a href=\"mailto:dicruz@ull.edu.es\" target=\"_blank\" rel=\"noopener\" target=\"_blank\" rel=\"noopener\">dicruz@ull.edu.es<\/a>)<\/p>\n<p dir=\"ltr\">Requisitos de Certificaci\u00f3n: Asistencia, como m\u00ednimo, al 80% de las clases<\/p>\n<p dir=\"ltr\">M\u00e1s informaci\u00f3n sobre los contenidos\u00a0<a href=\"https:\/\/drive.google.com\/file\/d\/10qUTZeZc5VE0XDtO2pEf6JjZfESArKTw\/view\" target=\"_blank\" rel=\"noopener\" data-saferedirecturl=\"https:\/\/www.google.com\/url?q=https:\/\/drive.google.com\/file\/d\/1hfXlhyZ3zfgYgTTqG--ZUEM3BzXSKEbs\/view?usp%3Dsharing&amp;source=gmail&amp;ust=1753185307640000&amp;usg=AOvVaw0BOGiYWdEG2dOacfXZFBM-\" target=\"_blank\" rel=\"noopener\">aqu\u00ed<\/a><\/p>\n<\/div>\n<p>[\/vc_column_text][vc_empty_space height=\u00bb72px\u00bb][\/vc_column][vc_column width=\u00bb1\/3&#8243;][vc_empty_space height=\u00bb60px\u00bb][vc_single_image image=\u00bb965&#8243; img_size=\u00bbfull\u00bb alignment=\u00bbcenter\u00bb css=\u00bb.vc_custom_1725017221301{margin-top: -60px !important;margin-right: 100px !important;}\u00bb][vc_empty_space][\/vc_column][\/vc_row][vc_row][vc_column width=\u00bb2\/3&#8243;][vc_single_image image=\u00bb964&#8243; img_size=\u00bb400&#215;400&#8243; css=\u00bb.vc_custom_1690531685753{margin-top: -100px !important;}\u00bb][\/vc_column][vc_column width=\u00bb1\/3&#8243;][\/vc_column][\/vc_row][vc_row][vc_column][vc_column_text]<\/p>\n<p>[\/vc_column_text][\/vc_column][\/vc_row][vc_row][vc_column][\/vc_column][\/vc_row][vc_row][vc_column][\/vc_column][\/vc_row]<\/p>\n","protected":false},"excerpt":{"rendered":"<p>[vc_row full_width=\u00bbstretch_row_content_no_spaces\u00bb el_class=\u00bbSliderPortada\u00bb css=\u00bb.vc_custom_1745237111535{margin-top: -100px !important;}\u00bb][vc_column][rev_slider_vc alias=\u00bbportada\u00bb][\/vc_column][\/vc_row][vc_row full_width=\u00bbstretch_row_content_no_spaces\u00bb][vc_column][vc_custom_heading text=\u00bb\u00bb font_container=\u00bbtag:h2|text_align:center\u00bb google_fonts=\u00bbfont_family:Montserrat%3Aregular%2C700|font_style:700%20bold%20regular%3A700%3Anormal\u00bb css=\u00bb.vc_custom_1745316924949{padding-top: 15px !important;padding-bottom: 15px !important;background-color: #360060 !important;}\u00bb][\/vc_column][\/vc_row][vc_row][vc_column][vc_empty_space height=\u00bb60px\u00bb][vc_column_text] Curso Matem\u00e1ticas Cero [\/vc_column_text][\/vc_column][\/vc_row][vc_row disable_element=\u00bbyes\u00bb][vc_column][vc_empty_space][vc_btn title=\u00bbListado de admitidos (30\/08\/24)\u00bb style=\u00bbcustom\u00bb custom_background=\u00bb#5c068c\u00bb custom_text=\u00bb#ffffff\u00bb align=\u00bbcenter\u00bb css_animation=\u00bbbounceIn\u00bb button_block=\u00bbtrue\u00bb link=\u00bburl:https%3A%2F%2Fdrive.google.com%2Ffile%2Fd%2F1AyTmTfAoiDuN5ZGd1Nis2yPgDzAEUJna%2Fview%3Fusp%3Dsharing|target:_blank\u00bb][vc_empty_space][\/vc_column][\/vc_row][vc_row full_width=\u00bbstretch_row_content\u00bb][vc_column width=\u00bb2\/3&#8243;][\/vc_column][vc_column width=\u00bb1\/3&#8243;][\/vc_column][\/vc_row][vc_row][vc_column width=\u00bb2\/3&#8243;][vc_column_text] Del 3 de septiembre al 3 de octubre de 2025 Destinado a estudiantes de nuevo ingreso&#8230;<\/p>\n","protected":false},"author":10,"featured_media":0,"parent":0,"menu_order":0,"comment_status":"closed","ping_status":"closed","template":"templates\/template-frontpage.php","meta":[],"acf":[],"_links":{"self":[{"href":"https:\/\/www.ull.es\/centros\/facultad-de-economia-empresa-y-turismo\/wp-json\/wp\/v2\/pages\/641"}],"collection":[{"href":"https:\/\/www.ull.es\/centros\/facultad-de-economia-empresa-y-turismo\/wp-json\/wp\/v2\/pages"}],"about":[{"href":"https:\/\/www.ull.es\/centros\/facultad-de-economia-empresa-y-turismo\/wp-json\/wp\/v2\/types\/page"}],"author":[{"embeddable":true,"href":"https:\/\/www.ull.es\/centros\/facultad-de-economia-empresa-y-turismo\/wp-json\/wp\/v2\/users\/10"}],"replies":[{"embeddable":true,"href":"https:\/\/www.ull.es\/centros\/facultad-de-economia-empresa-y-turismo\/wp-json\/wp\/v2\/comments?post=641"}],"version-history":[{"count":58,"href":"https:\/\/www.ull.es\/centros\/facultad-de-economia-empresa-y-turismo\/wp-json\/wp\/v2\/pages\/641\/revisions"}],"predecessor-version":[{"id":1402,"href":"https:\/\/www.ull.es\/centros\/facultad-de-economia-empresa-y-turismo\/wp-json\/wp\/v2\/pages\/641\/revisions\/1402"}],"wp:attachment":[{"href":"https:\/\/www.ull.es\/centros\/facultad-de-economia-empresa-y-turismo\/wp-json\/wp\/v2\/media?parent=641"}],"curies":[{"name":"wp","href":"https:\/\/api.w.org\/{rel}","templated":true}]}}