{"id":78,"date":"2017-11-15T12:31:18","date_gmt":"2017-11-15T12:31:18","guid":{"rendered":"http:\/\/www.ull.es\/centros\/facultad-de-economia-empresa-y-turismo\/?page_id=78"},"modified":"2026-04-16T13:45:03","modified_gmt":"2026-04-16T13:45:03","slug":"junta-de-escuela-y-comisiones","status":"publish","type":"page","link":"https:\/\/www.ull.es\/centros\/facultad-de-economia-empresa-y-turismo\/informacion-general\/junta-de-escuela-y-comisiones\/","title":{"rendered":"Junta de facultad y comisiones"},"content":{"rendered":"<p>[vc_row full_width=\u00bbstretch_row_content_no_spaces\u00bb el_class=\u00bbSliderPortada\u00bb css=\u00bb.vc_custom_1745237111535{margin-top: -100px !important;}\u00bb][vc_column][rev_slider_vc alias=\u00bbportada\u00bb][\/vc_column][\/vc_row][vc_row full_width=\u00bbstretch_row_content_no_spaces\u00bb][vc_column][vc_custom_heading text=\u00bb\u00bb font_container=\u00bbtag:h2|text_align:center\u00bb google_fonts=\u00bbfont_family:Montserrat%3Aregular%2C700|font_style:700%20bold%20regular%3A700%3Anormal\u00bb css=\u00bb.vc_custom_1721221176088{padding-top: 15px !important;padding-bottom: 15px !important;background-color: #360060 !important;}\u00bb][\/vc_column][\/vc_row][vc_row css=\u00bb.vc_custom_1745233821598{margin-top: 50px !important;}\u00bb][vc_column width=\u00bb2\/3&#8243; el_class=\u00bbpadding-50-right\u00bb css=\u00bb.vc_custom_1494506721665{padding-right: 50px !important;}\u00bb][vc_column_text]<\/p>\n<h1>Junta de Facultad y Comisiones<\/h1>\n<p>[\/vc_column_text][vc_tta_accordion shape=\u00bbsquare\u00bb c_icon=\u00bbchevron\u00bb c_position=\u00bbright\u00bb active_section=\u00bb\u00bb no_fill=\u00bbtrue\u00bb collapsible_all=\u00bbtrue\u00bb][vc_tta_section title=\u00bbFunciones de la Junta de Facultad\u00bb tab_id=\u00bbfunciones-de-la-junta-de-facultad\u00bb][vc_column_text]La Junta de Facultad es el \u00f3rgano m\u00e1ximo de representaci\u00f3n de los miembros del Centro, con competencias propias en materia de organizaci\u00f3n, coordinaci\u00f3n y gesti\u00f3n. Est\u00e1 formada por una representaci\u00f3n de los profesores, los alumnos y el PAS:<\/p>\n<p>Su composici\u00f3n se renueva en los primeros meses de cada curso acad\u00e9mico. Entre sus funciones est\u00e1n:<\/p>\n<ul>\n<li>Definir, aprobar y coordinar la pol\u00edtica de actuaci\u00f3n de la Facultad, tanto en lo que concierne a la docencia y la investigaci\u00f3n, como en lo relativo a su r\u00e9gimen administrativo y econ\u00f3mico<\/li>\n<li>Elaborar y aprobar el Proyecto de Reglamento de R\u00e9gimen Interior de la Facultad y sus modificaciones.<\/li>\n<li>Aprobar los planes de ordenaci\u00f3n docente de la Facultad y proponer e informar la modificaci\u00f3n de sus planes de estudio.<\/li>\n<li>Aprobar la distribuci\u00f3n de los fondos asignados a la Facultad con cargo a los Presupuestos de la Universidad.<\/li>\n<li>Supervisar la actuaci\u00f3n de los \u00f3rganos colegiados y unipersonales de gobierno de la Facultad y de sus servicios, de conformidad con lo previsto en los Estatutos de la Universidad de La Laguna.<\/li>\n<li>Las previstas para los \u00f3rganos colegiados en el art\u00edculo 98 de los Estatutos de la Universidad.<\/li>\n<li>Ejercer cualesquiera otras funciones que le asignen los \u00f3rganos superiores de gobierno universitario o le reconozca el ordenamiento vigente.<\/li>\n<\/ul>\n<p>[\/vc_column_text][\/vc_tta_section][vc_tta_section title=\u00bbComposici\u00f3n\u00bb tab_id=\u00bbcomposicion\u00bb][vc_column_text]<\/p>\n<ul>\n<li><a href=\"https:\/\/drive.google.com\/file\/d\/1K7mwuSWFpbnVkAe85C_2qPkxXj2wgsWo\/view\" target=\"_blank\" rel=\"noopener\" target=\"_blank\" rel=\"noopener\">Composici\u00f3n de la Junta de la Facultad<\/a><\/li>\n<\/ul>\n<p>[\/vc_column_text][\/vc_tta_section][vc_tta_section title=\u00bbComisiones\u00bb tab_id=\u00bbcomisiones\u00bb][vc_column_text]<\/p>\n<ul>\n<li><a href=\"https:\/\/drive.google.com\/file\/d\/1aQZCsvFxdNm3tWSv515hnbAnzpRdQgUG\/view?usp=drive_link\" target=\"_blank\" rel=\"noopener\">Comisi\u00f3n Permanente<\/a><\/li>\n<li><a href=\"https:\/\/drive.google.com\/file\/d\/1VR1N-glEjufPW5h6K86xk7MsyvwXzRJM\/view?usp=drive_link\" target=\"_blank\" rel=\"noopener\">Comisi\u00f3n de Ordenaci\u00f3n Acad\u00e9mica<\/a><\/li>\n<li><a href=\"https:\/\/drive.google.com\/file\/d\/19UzHAU_4ZyEuSu1z03yMXIXw2lwnMdtj\/view?usp=drive_link\" target=\"_blank\" rel=\"noopener\">Comisi\u00f3n de Calidad<\/a><\/li>\n<li><a href=\"https:\/\/drive.google.com\/file\/d\/1AcCcq7NosRRwfFgIPv0x5ZmTHMc81qhw\/view?usp=drive_link\" target=\"_blank\" rel=\"noopener\">Comisi\u00f3n T\u00e9cnica de Reconocimiento de Cr\u00e9ditos de Grado<\/a><\/li>\n<li><a href=\"https:\/\/drive.google.com\/file\/d\/1Jn06f4WKDAw5_N8_lNVXSyKmohreJWnv\/view?usp=drive_link\" target=\"_blank\" rel=\"noopener\">Comisi\u00f3n de Trabajo Fin de Grado<\/a><\/li>\n<li><a href=\"https:\/\/drive.google.com\/file\/d\/1Jn06f4WKDAw5_N8_lNVXSyKmohreJWnv\/view?usp=drive_link\" target=\"_blank\" rel=\"noopener\">Comisi\u00f3n de Pr\u00e1cticas Externas<\/a><\/li>\n<li><a href=\"https:\/\/drive.google.com\/file\/d\/1XqhE8NHMYmQochLW8_03RfzkgQGZtHQD\/view?usp=drive_link\" target=\"_blank\" rel=\"noopener\">Comisi\u00f3n de Movilidad<\/a><\/li>\n<li><a href=\"https:\/\/drive.google.com\/file\/d\/16rdt672mk2VIqx5z2FyLSuFF0qnVG91d\/view?usp=sharing\" target=\"_blank\" rel=\"noopener\">Comisi\u00f3n de Igualdad<\/a><\/li>\n<li><a href=\"https:\/\/drive.google.com\/file\/d\/1rPujuBze43tT8c0qc19Zbt30pM5R6PjR\/view?usp=sharing\" target=\"_blank\" rel=\"noopener\" target=\"_blank\" rel=\"noopener\">Comisi\u00f3n Electoral<\/a><\/li>\n<\/ul>\n<p>[\/vc_column_text][\/vc_tta_section][\/vc_tta_accordion][\/vc_column][vc_column width=\u00bb1\/3&#8243;][vc_column_text el_class=\u00bbcontacto\u00bb]\n<ul class=\"widget-box\">\n<li class='contacto-header'>Informaci\u00f3n de contacto<\/li><li><i class=\"fa fa-map-marker\"><\/i> Camino La Hornera, 37. Facultad de Econom\u00eda, Empresa y Turismo. Apartado 456. C\u00f3digo postal 38200. San Crist\u00f3bal de La Laguna. S\/C de Tenerife.<\/li><li><i class=\"fa fa-phone\"><\/i> (+34) 922 31 71 63<\/li><li><i class=\"fa fa-envelope\"><\/i>  <a href=mailto:seceet@ull.es>seceet@ull.es<\/a><\/li><li><i class=\"fa fa-calendar\"><\/i><a href=\"https:\/\/www.ull.es\/citaprevia\/\"> Cita previa<\/a><\/li><li><i class=\"fa fa-archive\"><\/i><a href=\"https:\/\/sede.ull.es\/ecivilis-site\/catalog\/showProcedure\/484\"> Procedimiento para quejas, sugerencias y felicitaciones<\/a><\/li>\n<\/ul>\n\n[\/vc_column_text][\/vc_column][\/vc_row]<\/p>\n","protected":false},"excerpt":{"rendered":"<p>[vc_row full_width=\u00bbstretch_row_content_no_spaces\u00bb el_class=\u00bbSliderPortada\u00bb css=\u00bb.vc_custom_1745237111535{margin-top: -100px !important;}\u00bb][vc_column][rev_slider_vc alias=\u00bbportada\u00bb][\/vc_column][\/vc_row][vc_row full_width=\u00bbstretch_row_content_no_spaces\u00bb][vc_column][vc_custom_heading text=\u00bb\u00bb font_container=\u00bbtag:h2|text_align:center\u00bb google_fonts=\u00bbfont_family:Montserrat%3Aregular%2C700|font_style:700%20bold%20regular%3A700%3Anormal\u00bb css=\u00bb.vc_custom_1721221176088{padding-top: 15px !important;padding-bottom: 15px !important;background-color: #360060 !important;}\u00bb][\/vc_column][\/vc_row][vc_row css=\u00bb.vc_custom_1745233821598{margin-top: 50px !important;}\u00bb][vc_column width=\u00bb2\/3&#8243; el_class=\u00bbpadding-50-right\u00bb css=\u00bb.vc_custom_1494506721665{padding-right: 50px !important;}\u00bb][vc_column_text] Junta de Facultad y Comisiones [\/vc_column_text][vc_tta_accordion shape=\u00bbsquare\u00bb c_icon=\u00bbchevron\u00bb c_position=\u00bbright\u00bb active_section=\u00bb\u00bb no_fill=\u00bbtrue\u00bb collapsible_all=\u00bbtrue\u00bb][vc_tta_section title=\u00bbFunciones de la Junta de Facultad\u00bb tab_id=\u00bbfunciones-de-la-junta-de-facultad\u00bb][vc_column_text]La Junta de Facultad es el \u00f3rgano m\u00e1ximo de representaci\u00f3n de&#8230;<\/p>\n","protected":false},"author":1,"featured_media":0,"parent":40,"menu_order":0,"comment_status":"closed","ping_status":"closed","template":"templates\/template-frontpage.php","meta":[],"acf":[],"_links":{"self":[{"href":"https:\/\/www.ull.es\/centros\/facultad-de-economia-empresa-y-turismo\/wp-json\/wp\/v2\/pages\/78"}],"collection":[{"href":"https:\/\/www.ull.es\/centros\/facultad-de-economia-empresa-y-turismo\/wp-json\/wp\/v2\/pages"}],"about":[{"href":"https:\/\/www.ull.es\/centros\/facultad-de-economia-empresa-y-turismo\/wp-json\/wp\/v2\/types\/page"}],"author":[{"embeddable":true,"href":"https:\/\/www.ull.es\/centros\/facultad-de-economia-empresa-y-turismo\/wp-json\/wp\/v2\/users\/1"}],"replies":[{"embeddable":true,"href":"https:\/\/www.ull.es\/centros\/facultad-de-economia-empresa-y-turismo\/wp-json\/wp\/v2\/comments?post=78"}],"version-history":[{"count":55,"href":"https:\/\/www.ull.es\/centros\/facultad-de-economia-empresa-y-turismo\/wp-json\/wp\/v2\/pages\/78\/revisions"}],"predecessor-version":[{"id":1473,"href":"https:\/\/www.ull.es\/centros\/facultad-de-economia-empresa-y-turismo\/wp-json\/wp\/v2\/pages\/78\/revisions\/1473"}],"up":[{"embeddable":true,"href":"https:\/\/www.ull.es\/centros\/facultad-de-economia-empresa-y-turismo\/wp-json\/wp\/v2\/pages\/40"}],"wp:attachment":[{"href":"https:\/\/www.ull.es\/centros\/facultad-de-economia-empresa-y-turismo\/wp-json\/wp\/v2\/media?parent=78"}],"curies":[{"name":"wp","href":"https:\/\/api.w.org\/{rel}","templated":true}]}}