{"id":27,"date":"2017-11-28T13:19:23","date_gmt":"2017-11-28T13:19:23","guid":{"rendered":"http:\/\/www.ull.es\/centros\/facultad-derecho\/?page_id=27"},"modified":"2025-04-22T06:42:26","modified_gmt":"2025-04-22T06:42:26","slug":"informacion-general","status":"publish","type":"page","link":"https:\/\/www.ull.es\/centros\/facultad-derecho\/informacion-general\/","title":{"rendered":"Informaci\u00f3n general"},"content":{"rendered":"<p>[vc_row full_width=\u00bbstretch_row_content_no_spaces\u00bb el_class=\u00bbSliderPortada\u00bb css=\u00bb.vc_custom_1745237111535{margin-top: -100px !important;}\u00bb][vc_column][rev_slider_vc alias=\u00bbportada\u00bb][\/vc_column][\/vc_row][vc_row full_width=\u00bbstretch_row_content_no_spaces\u00bb][vc_column][vc_custom_heading text=\u00bb\u00bb font_container=\u00bbtag:h2|text_align:center\u00bb google_fonts=\u00bbfont_family:Montserrat%3Aregular%2C700|font_style:700%20bold%20regular%3A700%3Anormal\u00bb css=\u00bb.vc_custom_1721221176088{padding-top: 15px !important;padding-bottom: 15px !important;background-color: #360060 !important;}\u00bb][\/vc_column][\/vc_row][vc_row css=\u00bb.vc_custom_1745233821598{margin-top: 50px !important;}\u00bb][vc_column width=\u00bb2\/3&#8243; el_class=\u00bbpadding-50-right\u00bb css=\u00bb.vc_custom_1494506721665{padding-right: 50px !important;}\u00bb][vc_column_text]<\/p>\n<p>&nbsp;<\/p>\n<h1>Presentaci\u00f3n<\/h1>\n<p>[\/vc_column_text][vc_column_text el_id=\u00bbpresentacion\u00bb]La Facultad de Derecho es el \u00f3rgano encargado de la gesti\u00f3n administrativa, as\u00ed como de la planificaci\u00f3n, organizaci\u00f3n y control de la ense\u00f1anza universitaria conducente a la obtenci\u00f3n de los t\u00edtulos de Grado en Derecho y Grado en Relaciones Laborales y dem\u00e1s t\u00edtulos y diplomas oficiales que establezcan\u00a0la legislaci\u00f3n o la propia Facultad en el \u00e1mbito de sus competencias.[\/vc_column_text][vc_column_text]<\/p>\n<h2>Organigrama<\/h2>\n<p>\n<style>\n    .shortcode-equipo h2 {\n        margin-bottom: 10px !important;\n    }\n<\/style>\n\n<div class=\"shortcode-equipo\">\n    <h2>Equipo de direcci\u00f3n<\/h2><dl><dt><strong>Decana<\/strong><\/dt><dd><a href='https:\/\/www.ull.es\/directorio\/search\/?busqueda=decano-facultad-derecho' target='_blank'>Dulce Mar\u00eda Cair\u00f3s Barreto<\/a><\/dd><dt><strong>Secretario<\/strong><\/dt><dd><a href='https:\/\/www.ull.es\/directorio\/search\/?busqueda=secrefd' target='_blank'>Jos\u00e9 Marcos Afonso Casado<\/a><\/dd><dt><strong>Vicedecano de Ordenaci\u00f3n Acad\u00e9mica y Estudiantes<\/strong><\/dt><dd> <a href='https:\/\/www.ull.es\/directorio\/search\/?busqueda=Sergio Siverio Luis' target='_blank'>Sergio Siverio Luis<\/a><\/dd><dt><strong>Vicedecana de Infraestructuras y Servicios<\/strong><\/dt><dd> <a href='https:\/\/www.ull.es\/directorio\/search\/?busqueda=Laura Mar\u00eda Meli\u00e1n Chinea' target='_blank'>Laura Mar\u00eda Meli\u00e1n Chinea<\/a><\/dd><dt><strong>Vicedecana de Pr\u00e1cticas Externas y Relaciones con la Sociedad<\/strong><\/dt><dd> <a href='https:\/\/www.ull.es\/directorio\/search\/?busqueda=Ana Teresa Afonso Barrera' target='_blank'>Ana Teresa Afonso Barrera<\/a><\/dd><dt><strong>Vicedecano de Calidad y Relaciones Institucionales<\/strong><\/dt><dd> <a href='https:\/\/www.ull.es\/directorio\/search\/?busqueda=Guayas\u00e9n Marrero Gonz\u00e1lez' target='_blank'>Guayas\u00e9n Marrero Gonz\u00e1lez<\/a><\/dd><dt><strong>Coordinador de Calidad<\/strong><\/dt><dd><a href='https:\/\/www.ull.es\/directorio\/search\/?busqueda=calidadfd' target='_blank'>Daniel Iglesias M\u00e1rquez<\/a><\/dd><dt><strong>Coordinadora de Movilidad Internacional<\/strong><\/dt><dd> <a href='https:\/\/www.ull.es\/directorio\/search\/?busqueda=Irene Navarro Fr\u00edas' target='_blank'>Irene Navarro Fr\u00edas<\/a><\/dd><dt><strong>Coordinadora del POAT<\/strong><\/dt><dd> <a href='https:\/\/www.ull.es\/directorio\/search\/?busqueda=Ver\u00f3nica Daniela D\u00edaz Sazo' target='_blank'>Ver\u00f3nica Daniela D\u00edaz Sazo<\/a><\/dd><dt><strong>Coordinador de Ordenaci\u00f3n Acad\u00e9mica y Estudiantes<\/strong><\/dt><dd> <a href='https:\/\/www.ull.es\/directorio\/search\/?busqueda=Eduardo Pimentel Gonz\u00e1lez' target='_blank'>Eduardo Pimentel Gonz\u00e1lez<\/a><\/dd><dt><strong>Coordinadora de Pr\u00e1cticas Externas<\/strong><\/dt><dd> <a href='https:\/\/www.ull.es\/directorio\/search\/?busqueda=Patricia Riego Concepci\u00f3n' target='_blank'>Patricia Riego Concepci\u00f3n<\/a><\/dd><dt><strong>Coordinador de TFG del Grado en Derecho<\/strong><\/dt><dd> <a href='https:\/\/www.ull.es\/directorio\/search\/?busqueda=Lucas Sebasti\u00e1n De \u00c9rice Aranda' target='_blank'>Lucas Sebasti\u00e1n De \u00c9rice Aranda<\/a><\/dd><dt><strong>Coordinadora de TFG del Grado en Relaciones Laborales<\/strong><\/dt><dd> <a href='https:\/\/www.ull.es\/directorio\/search\/?busqueda=Laura Ionita Ionita' target='_blank'>Laura Ionita Ionita<\/a><\/dd><\/dl><h2>Personal de administraci\u00f3n<\/h2><dl><dt><strong>Administradora<\/strong><\/dt><dd> <a href='https:\/\/www.ull.es\/directorio\/search\/?busqueda=Raquel Ana \u00c1lvarez Morgado' target='_blank'>Raquel Ana \u00c1lvarez Morgado<\/a><\/dd><dt><strong>Gestora<\/strong><\/dt><dd> <a href='https:\/\/www.ull.es\/directorio\/search\/?busqueda=Mar\u00eda Concepci\u00f3n Cruz Barrera' target='_blank'>Mar\u00eda Concepci\u00f3n Cruz Barrera<\/a><\/dd><dt><strong>Administrativa de Decanato<\/strong><\/dt><dd> <a href='https:\/\/www.ull.es\/directorio\/search\/?busqueda=Valeria Nofal Ventola' target='_blank'>Valeria Nofal Ventola<\/a><\/dd><dt><strong>Puesto base<\/strong><\/dt><dd> <a href='https:\/\/www.ull.es\/directorio\/search\/?busqueda=Ariana Gonz\u00e1lez Exp\u00f3sito' target='_blank'>Ariana Gonz\u00e1lez Exp\u00f3sito<\/a><\/dd><dd> <a href='https:\/\/www.ull.es\/directorio\/search\/?busqueda=Yolanda de Rozas Ram\u00edrez' target='_blank'>Yolanda de Rozas Ram\u00edrez<\/a><\/dd><dd> <a href='https:\/\/www.ull.es\/directorio\/search\/?busqueda=Mar\u00eda Johana Medina Troya' target='_blank'>Mar\u00eda Johana Medina Troya<\/a><\/dd><dt><strong>Colaboradora<\/strong><\/dt><dd> <a href='https:\/\/www.ull.es\/directorio\/search\/?busqueda=Lidia Marlene Ramos P\u00e9rez' target='_blank'>Lidia Marlene Ramos P\u00e9rez<\/a><\/dd><dt><strong>Conserje<\/strong><\/dt><dd> <a href='https:\/\/www.ull.es\/directorio\/search\/?busqueda=consder' target='_blank'>Jos\u00e9 Luis Garc\u00eda Mart\u00edn<\/a><\/dd><dd> <a href='https:\/\/www.ull.es\/directorio\/search\/?busqueda=consder' target='_blank'>\u00d3scar Acosta D\u00edaz<\/a><\/dd><dt><strong>Auxiliar de servicio<\/strong><\/dt><dd> <a href='https:\/\/www.ull.es\/directorio\/search\/?busqueda=Antonio Hern\u00e1ndez Cabrera' target='_blank'>Antonio Hern\u00e1ndez Cabrera<\/a><\/dd><dd> <a href='https:\/\/www.ull.es\/directorio\/search\/?busqueda=Eduardo  Hern\u00e1ndez Sanabria' target='_blank'>Eduardo  Hern\u00e1ndez Sanabria<\/a><\/dd><\/dl>\n<\/div>\n[\/vc_column_text][\/vc_column][vc_column width=\u00bb1\/3&#8243;][vc_column_text][\/vc_column_text][vc_column_text]<a class=\"btn-destacado\" href=\"http:\/\/www.ull.es\/centros\/facultad-derecho\/informacion-general\/junta-de-facultad-y-comisiones\/\" rel=\"noopener\" target=\"_blank\" rel=\"noopener\">Consultar junta de facultad y comisiones <i class=\"fa fa-arrow-right\"><\/i><\/a>[\/vc_column_text][vc_column_text el_class=\u00bbcontacto\u00bb]\n<ul class=\"widget-box\">\n<li class='contacto-header'>Informaci\u00f3n de contacto<\/li><li><i class=\"fa fa-map-marker\"><\/i> Facultad de Derecho. Apartado 456. C\u00f3digo postal 38200. San Crist\u00f3bal de La Laguna. S\/C de Tenerife<\/li><li><i class=\"fa fa-phone\"><\/i> (+34) 922 31 83 10<\/li><li><i class=\"fa fa-envelope\"><\/i>  <a href=mailto:facder@ull.es>facder@ull.es<\/a><\/li><li><i class=\"fa fa-calendar\"><\/i><a href=\"http:\/\/citaprevia.ull.es\/index.php?s=derecho\"> Cita previa<\/a><\/li>\n<\/ul>\n\n[\/vc_column_text][vc_column_text el_id=\u00bbubicacion\u00bb]\n    \n<style>\n    .google-maps {\n        position: relative;\n        padding-bottom: 75%;\n        height: 0;\n        overflow: hidden;\n    }\n    .google-maps iframe {\n        position: absolute;\n        top: 0;\n        left: 0;\n        width: 100% !important;\n        height: 100% !important;\n    }\n<\/style>\n\n\n<div class=\"google-maps\">\n    <iframe src=\"https:\/\/www.openstreetmap.org\/export\/embed.html?bbox=-16.308784802764%2C28.46582402498%2C-16.302640993174%2C28.47163624726&amp;layer=mapnik&amp;marker=28.470006980720253%2C-16.30595862865448\" style=\"border: 1px solid black\"><\/iframe>\n<\/div>\n\n<div class=\"btn-widget\">\n    <a href=\"https:\/\/www.openstreetmap.org\/directions?engine=graphhopper_car&from=&to=28.470006980720253%2C-16.30595862865448#map=17\/28.470006980720253\/-16.30595862865448\">C\u00f3mo llegar<\/a>  \n<\/div>\n\n  <\/body>\n<\/html>\n\n[\/vc_column_text][\/vc_column][\/vc_row]<\/p>\n","protected":false},"excerpt":{"rendered":"<p>[vc_row full_width=\u00bbstretch_row_content_no_spaces\u00bb el_class=\u00bbSliderPortada\u00bb css=\u00bb.vc_custom_1745237111535{margin-top: -100px !important;}\u00bb][vc_column][rev_slider_vc alias=\u00bbportada\u00bb][\/vc_column][\/vc_row][vc_row full_width=\u00bbstretch_row_content_no_spaces\u00bb][vc_column][vc_custom_heading text=\u00bb\u00bb font_container=\u00bbtag:h2|text_align:center\u00bb google_fonts=\u00bbfont_family:Montserrat%3Aregular%2C700|font_style:700%20bold%20regular%3A700%3Anormal\u00bb css=\u00bb.vc_custom_1721221176088{padding-top: 15px !important;padding-bottom: 15px !important;background-color: #360060 !important;}\u00bb][\/vc_column][\/vc_row][vc_row css=\u00bb.vc_custom_1745233821598{margin-top: 50px !important;}\u00bb][vc_column width=\u00bb2\/3&#8243; el_class=\u00bbpadding-50-right\u00bb css=\u00bb.vc_custom_1494506721665{padding-right: 50px !important;}\u00bb][vc_column_text] &nbsp; Presentaci\u00f3n [\/vc_column_text][vc_column_text el_id=\u00bbpresentacion\u00bb]La Facultad de Derecho es el \u00f3rgano encargado de la gesti\u00f3n administrativa, as\u00ed como de la planificaci\u00f3n, organizaci\u00f3n y control de la ense\u00f1anza universitaria conducente a&#8230;<\/p>\n","protected":false},"author":1,"featured_media":0,"parent":0,"menu_order":0,"comment_status":"closed","ping_status":"closed","template":"templates\/template-frontpage.php","meta":[],"acf":[],"_links":{"self":[{"href":"https:\/\/www.ull.es\/centros\/facultad-derecho\/wp-json\/wp\/v2\/pages\/27"}],"collection":[{"href":"https:\/\/www.ull.es\/centros\/facultad-derecho\/wp-json\/wp\/v2\/pages"}],"about":[{"href":"https:\/\/www.ull.es\/centros\/facultad-derecho\/wp-json\/wp\/v2\/types\/page"}],"author":[{"embeddable":true,"href":"https:\/\/www.ull.es\/centros\/facultad-derecho\/wp-json\/wp\/v2\/users\/1"}],"replies":[{"embeddable":true,"href":"https:\/\/www.ull.es\/centros\/facultad-derecho\/wp-json\/wp\/v2\/comments?post=27"}],"version-history":[{"count":35,"href":"https:\/\/www.ull.es\/centros\/facultad-derecho\/wp-json\/wp\/v2\/pages\/27\/revisions"}],"predecessor-version":[{"id":1235,"href":"https:\/\/www.ull.es\/centros\/facultad-derecho\/wp-json\/wp\/v2\/pages\/27\/revisions\/1235"}],"wp:attachment":[{"href":"https:\/\/www.ull.es\/centros\/facultad-derecho\/wp-json\/wp\/v2\/media?parent=27"}],"curies":[{"name":"wp","href":"https:\/\/api.w.org\/{rel}","templated":true}]}}