{"id":80,"date":"2017-12-01T10:42:00","date_gmt":"2017-12-01T10:42:00","guid":{"rendered":"http:\/\/www.ull.es\/centros\/facultad-derecho\/?page_id=80"},"modified":"2026-03-04T11:48:20","modified_gmt":"2026-03-04T11:48:20","slug":"junta-de-facultad-y-comisiones","status":"publish","type":"page","link":"https:\/\/www.ull.es\/centros\/facultad-derecho\/informacion-general\/junta-de-facultad-y-comisiones\/","title":{"rendered":"Junta de facultad y comisiones"},"content":{"rendered":"<p>[vc_row full_width=\u00bbstretch_row_content_no_spaces\u00bb el_class=\u00bbSliderPortada\u00bb css=\u00bb.vc_custom_1745237111535{margin-top: -100px !important;}\u00bb][vc_column][rev_slider_vc alias=\u00bbportada\u00bb][\/vc_column][\/vc_row][vc_row full_width=\u00bbstretch_row_content_no_spaces\u00bb][vc_column][vc_custom_heading text=\u00bb\u00bb font_container=\u00bbtag:h2|text_align:center\u00bb google_fonts=\u00bbfont_family:Montserrat%3Aregular%2C700|font_style:700%20bold%20regular%3A700%3Anormal\u00bb css=\u00bb.vc_custom_1721221176088{padding-top: 15px !important;padding-bottom: 15px !important;background-color: #360060 !important;}\u00bb][\/vc_column][\/vc_row][vc_row css=\u00bb.vc_custom_1745233821598{margin-top: 50px !important;}\u00bb][vc_column width=\u00bb2\/3&#8243; el_class=\u00bbpadding-50-right\u00bb css=\u00bb.vc_custom_1494506721665{padding-right: 50px !important;}\u00bb][vc_column_text]<\/p>\n<h1>Junta de Facultad y comisiones<\/h1>\n<p>[\/vc_column_text][vc_tta_accordion shape=\u00bbsquare\u00bb c_icon=\u00bbchevron\u00bb c_position=\u00bbright\u00bb active_section=\u00bb\u00bb no_fill=\u00bbtrue\u00bb collapsible_all=\u00bbtrue\u00bb][vc_tta_section title=\u00bbFunciones de la Junta de Facultad\u00bb tab_id=\u00bbfunciones-de-la-junta-de-escuela\u00bb][vc_column_text]La Junta de Facultad es, seg\u00fan el art\u00edculo 16 del Reglamento de R\u00e9gimen interior,\u00a0<strong>el \u00f3rgano m\u00e1ximo de representaci\u00f3n de los miembros del Centro, con competencias propias en materia de organizaci\u00f3n, coordinaci\u00f3n y gesti\u00f3n.<\/strong><\/p>\n<p>Sus funciones son, seg\u00fan los Estatutos de la Universidad de La Laguna y el citado reglamento, las siguientes:<\/p>\n<ol type=\"a\">\n<li>Definir y aprobar la pol\u00edtica de actuaci\u00f3n del Centro, tanto en lo que concierne a la docencia y la investigaci\u00f3n, como en lo relativo a su r\u00e9gimen administrativo y econ\u00f3mico.<\/li>\n<li>Aprobar los planes de ordenaci\u00f3n docente del Centro y proponer e informar la modificaci\u00f3n de sus planes de estudio.<\/li>\n<li>Aprobar la distribuci\u00f3n de los fondos asignados al Centro con cargo a los presupuestos de la Universidad.<\/li>\n<li>Supervisar y conocer la actuaci\u00f3n de los \u00f3rganos colegiados y unipersonales de gobierno del Centro y de sus servicios, de conformidad con lo previsto en el apartado segundo del presente art\u00edculo.<\/li>\n<li>Ejercer cualesquiera otras funciones que le asignen los \u00f3rganos superiores de gobierno universitario o le reconozca el ordenamiento vigente.<\/li>\n<li>Y, en general, las dem\u00e1s funciones previstas para los \u00f3rganos colegiados en el art\u00edculo 139 de los Estatutos de la Universidad.<\/li>\n<\/ol>\n<p>[\/vc_column_text][\/vc_tta_section][vc_tta_section title=\u00bbComposici\u00f3n\u00bb tab_id=\u00bbcomposicion\u00bb][vc_column_text]Dice el Art\u00edculo 15 del Reglamento de R\u00e9gimen Interior:<\/p>\n<p>Composici\u00f3n De acuerdo con los Estatutos de la Universidad, la Junta de Facultad de Derecho estar\u00e1 integrada por sesenta miembros, respetando la siguiente composici\u00f3n:<\/p>\n<p>a) El Decano, que la presidir\u00e1; los Vicedecanos; el Secretario de la Facultad, que ser\u00e1 su Secretario; y el Administrador de la Facultad.<\/p>\n<p>b) Una representaci\u00f3n de los distintos sectores que integran la Facultad, cuya composici\u00f3n se ajustar\u00e1 a los siguientes porcentajes:<\/p>\n<p style=\"padding-left: 40px;\">b.1) Un cincuenta y uno por ciento (31 miembros) constituido por:<\/p>\n<p style=\"padding-left: 80px;\">b.1.1) El profesorado con vinculaci\u00f3n permanente a la Universidad que figure en la programaci\u00f3n docente de la Facultad, y desarrolle en ella al menos el 25% de su actividad docente.<\/p>\n<p style=\"padding-left: 80px;\">b.1.2) Los directores de aquellos departamentos que impartan al menos un 25% de su carga lectiva en la Facultad.<\/p>\n<p style=\"padding-left: 80px;\">b.1.3) El resto del profesorado con vinculaci\u00f3n permanente necesario para completar el 51% mediante elecci\u00f3n entre los que presten servicios en la Facultad.<\/p>\n<p style=\"padding-left: 40px;\">b.2) Un nueve por ciento (5 miembros) constituido por el resto del profesorado contratado con v\u00ednculo no permanente, mediante la elecci\u00f3n entre los que figuren en la programaci\u00f3n docente de la Facultad, y que desarrollen al menos un 25% de su actividad docente en el mismo. En todo caso deber\u00e1n estar representadas todas las \u00e1reas de conocimiento que impartan docencia en la Facultad. Los Directores de los Departamentos que impartan docencia en la Facultad y no formen parte de la Junta de Facultad tendr\u00e1n derecho a audiencia en las Juntas de Facultad en las que se sometan a debate cuestiones relativas a las materias que imparten en el mismo.<\/p>\n<p style=\"padding-left: 40px;\">b.3) Un treinta por ciento (18 miembros) del alumnado de los diversos ciclos matriculados en la Facultad.<\/p>\n<p style=\"padding-left: 40px;\">b.4) Un diez por ciento (6 miembros) del personal de administraci\u00f3n y servicios que presta sus servicios en la Facultad y en los Departamentos que impartan al menos un 25% de su carga lectiva en la Facultad.<\/p>\n<p>En el caso de que el alumnado y\/o el personal de administraci\u00f3n y servicios no cubran por completo los puestos que les corresponden en la Junta de Facultad, dichos puestos ser\u00e1n atribuidos al sector del profesorado contratado con v\u00ednculo no permanente.<\/p>\n<p>En el caso en que el profesorado contratado con v\u00ednculo no permanente y el personal de administraci\u00f3n y servicios no cubran por completo los puestos que les corresponden en la Junta de Facultad, dichos puestos ser\u00e1n atribuidos al alumnado.<\/p>\n<p><strong><a href=\"https:\/\/drive.google.com\/file\/d\/1neOgWAqCctsYd8xrOH7lZRq-hIyDwL1g\/view?usp=drive_link\" target=\"_blank\" rel=\"noopener\" target=\"_blank\" rel=\"noopener\">Composici\u00f3n actual de las Comisiones<\/a><\/strong><\/p>\n<p><a href=\"https:\/\/drive.google.com\/file\/d\/1X9dos0PJ0SswRky4Y1MGVrhc55L0G_vy\/view?usp=drive_link\" target=\"_blank\" rel=\"noopener\" target=\"_blank\" rel=\"noopener\"><strong>Composici\u00f3n actual. Miembros de la Junta de la Facultad de Derecho<\/strong><\/a>[\/vc_column_text][\/vc_tta_section][\/vc_tta_accordion][\/vc_column][vc_column width=\u00bb1\/3&#8243;][vc_column_text el_class=\u00bbcontacto\u00bb]\n<ul class=\"widget-box\">\n<li class='contacto-header'>Informaci\u00f3n de contacto<\/li><li><i class=\"fa fa-map-marker\"><\/i> Facultad de Derecho. Apartado 456. C\u00f3digo postal 38200. San Crist\u00f3bal de La Laguna. S\/C de Tenerife<\/li><li><i class=\"fa fa-phone\"><\/i> (+34) 922 31 83 10<\/li><li><i class=\"fa fa-envelope\"><\/i>  <a href=mailto:facder@ull.es>facder@ull.es<\/a><\/li><li><i class=\"fa fa-calendar\"><\/i><a href=\"http:\/\/citaprevia.ull.es\/index.php?s=derecho\"> Cita previa<\/a><\/li>\n<\/ul>\n\n[\/vc_column_text][\/vc_column][\/vc_row][vc_row disable_element=\u00bbyes\u00bb][vc_column][vc_tta_accordion shape=\u00bbsquare\u00bb c_icon=\u00bbchevron\u00bb c_position=\u00bbright\u00bb active_section=\u00bb\u00bb no_fill=\u00bbtrue\u00bb collapsible_all=\u00bbtrue\u00bb][vc_tta_section title=\u00bbElecciones a Decano\/a 2020-21&#8243; tab_id=\u00bb1638357648521-39bbab77-7dc0&#8243;][vc_column_text]Elecciones a Decano\/a de la Facultad de Derecho:<\/p>\n<ul>\n<li><a href=\"https:\/\/drive.google.com\/file\/d\/1bHqIxmqVUM42ttI-9TVh87imYd_tIM7b\/view?usp=sharing\" target=\"_blank\" rel=\"noopener noreferrer\" target=\"_blank\" rel=\"noopener\">Convocatoria de elecciones a Decano\/a de la Facultad de Derecho de la Universidad de La Laguna.<\/a><\/li>\n<li><a href=\"https:\/\/drive.google.com\/file\/d\/1PnzWzNH8BPyut9XqK4dnIR6oqxAlNvzB\/view?usp=sharing\" target=\"_blank\" rel=\"noopener noreferrer\" target=\"_blank\" rel=\"noopener\">Calendario electoral<\/a><\/li>\n<li><a href=\"https:\/\/drive.google.com\/file\/d\/1WR_kLdGsCiSzxfPfLGiM_n2DihJ33g-h\/view?usp=sharing\" target=\"_blank\" rel=\"noopener noreferrer\" target=\"_blank\" rel=\"noopener\">Censo electoral<\/a><\/li>\n<li><a href=\"https:\/\/drive.google.com\/file\/d\/118ZipRqPmIAWPOOkbiCJ1YN75Yfy0MGi\/view?usp=sharing\" target=\"_blank\" rel=\"noopener noreferrer\" target=\"_blank\" rel=\"noopener\">Resoluci\u00f3n de reclamaciones y proclamaci\u00f3n definitiva del Censo electoral<\/a><\/li>\n<li><a href=\"https:\/\/drive.google.com\/file\/d\/10I7A_ryHsQoYDI0veJDeUn1XqyqYIY_l\/view?usp=sharing\" target=\"_blank\" rel=\"noopener\" target=\"_blank\" rel=\"noopener\">Proclamaci\u00f3n provisional de candidaturas y suspensi\u00f3n del proceso electoral<\/a><\/li>\n<\/ul>\n<p>[\/vc_column_text][\/vc_tta_section][\/vc_tta_accordion][\/vc_column][\/vc_row]<\/p>\n","protected":false},"excerpt":{"rendered":"<p>[vc_row full_width=\u00bbstretch_row_content_no_spaces\u00bb el_class=\u00bbSliderPortada\u00bb css=\u00bb.vc_custom_1745237111535{margin-top: -100px !important;}\u00bb][vc_column][rev_slider_vc alias=\u00bbportada\u00bb][\/vc_column][\/vc_row][vc_row full_width=\u00bbstretch_row_content_no_spaces\u00bb][vc_column][vc_custom_heading text=\u00bb\u00bb font_container=\u00bbtag:h2|text_align:center\u00bb google_fonts=\u00bbfont_family:Montserrat%3Aregular%2C700|font_style:700%20bold%20regular%3A700%3Anormal\u00bb css=\u00bb.vc_custom_1721221176088{padding-top: 15px !important;padding-bottom: 15px !important;background-color: #360060 !important;}\u00bb][\/vc_column][\/vc_row][vc_row css=\u00bb.vc_custom_1745233821598{margin-top: 50px !important;}\u00bb][vc_column width=\u00bb2\/3&#8243; el_class=\u00bbpadding-50-right\u00bb css=\u00bb.vc_custom_1494506721665{padding-right: 50px !important;}\u00bb][vc_column_text] Junta de Facultad y comisiones [\/vc_column_text][vc_tta_accordion shape=\u00bbsquare\u00bb c_icon=\u00bbchevron\u00bb c_position=\u00bbright\u00bb active_section=\u00bb\u00bb no_fill=\u00bbtrue\u00bb collapsible_all=\u00bbtrue\u00bb][vc_tta_section title=\u00bbFunciones de la Junta de Facultad\u00bb tab_id=\u00bbfunciones-de-la-junta-de-escuela\u00bb][vc_column_text]La Junta de Facultad es, seg\u00fan el art\u00edculo 16 del Reglamento&#8230;<\/p>\n","protected":false},"author":1,"featured_media":0,"parent":27,"menu_order":0,"comment_status":"closed","ping_status":"closed","template":"templates\/template-frontpage.php","meta":[],"acf":[],"_links":{"self":[{"href":"https:\/\/www.ull.es\/centros\/facultad-derecho\/wp-json\/wp\/v2\/pages\/80"}],"collection":[{"href":"https:\/\/www.ull.es\/centros\/facultad-derecho\/wp-json\/wp\/v2\/pages"}],"about":[{"href":"https:\/\/www.ull.es\/centros\/facultad-derecho\/wp-json\/wp\/v2\/types\/page"}],"author":[{"embeddable":true,"href":"https:\/\/www.ull.es\/centros\/facultad-derecho\/wp-json\/wp\/v2\/users\/1"}],"replies":[{"embeddable":true,"href":"https:\/\/www.ull.es\/centros\/facultad-derecho\/wp-json\/wp\/v2\/comments?post=80"}],"version-history":[{"count":55,"href":"https:\/\/www.ull.es\/centros\/facultad-derecho\/wp-json\/wp\/v2\/pages\/80\/revisions"}],"predecessor-version":[{"id":1263,"href":"https:\/\/www.ull.es\/centros\/facultad-derecho\/wp-json\/wp\/v2\/pages\/80\/revisions\/1263"}],"up":[{"embeddable":true,"href":"https:\/\/www.ull.es\/centros\/facultad-derecho\/wp-json\/wp\/v2\/pages\/27"}],"wp:attachment":[{"href":"https:\/\/www.ull.es\/centros\/facultad-derecho\/wp-json\/wp\/v2\/media?parent=80"}],"curies":[{"name":"wp","href":"https:\/\/api.w.org\/{rel}","templated":true}]}}