{"id":334,"date":"2019-10-24T12:24:38","date_gmt":"2019-10-24T12:24:38","guid":{"rendered":"http:\/\/www.ull.es\/centros\/facultad-educacion\/?page_id=334"},"modified":"2026-01-08T12:35:28","modified_gmt":"2026-01-08T12:35:28","slug":"boletines-informativos","status":"publish","type":"page","link":"https:\/\/www.ull.es\/centros\/facultad-educacion\/boletines-informativos\/","title":{"rendered":"Boletines Informativos"},"content":{"rendered":"<p>[vc_row full_width=\u00bbstretch_row_content_no_spaces\u00bb el_class=\u00bbSliderPortada\u00bb css=\u00bb.vc_custom_1745237111535{margin-top: -100px !important;}\u00bb][vc_column][rev_slider_vc alias=\u00bbportada\u00bb][\/vc_column][\/vc_row][vc_row full_width=\u00bbstretch_row_content_no_spaces\u00bb][vc_column][vc_custom_heading text=\u00bb\u00bb font_container=\u00bbtag:h2|text_align:center\u00bb google_fonts=\u00bbfont_family:Montserrat%3Aregular%2C700|font_style:700%20bold%20regular%3A700%3Anormal\u00bb css=\u00bb.vc_custom_1721221176088{padding-top: 15px !important;padding-bottom: 15px !important;background-color: #360060 !important;}\u00bb][\/vc_column][\/vc_row][vc_row css=\u00bb.vc_custom_1745233821598{margin-top: 50px !important;}\u00bb][vc_column width=\u00bb2\/3&#8243; el_class=\u00bbpadding-50-right\u00bb css=\u00bb.vc_custom_1494506721665{padding-right: 50px !important;}\u00bb][vc_column_text]<\/p>\r\n\r\n<h1>\u00a0<\/h1>\r\n<p>\r\n\r\n<img loading=\"lazy\" class=\"aligncenter wp-image-586 size-large\" src=\"http:\/\/www.ull.es\/centros\/facultad-educacion\/wp-content\/uploads\/sites\/6\/2021\/07\/ECOS-encabezado-3-1024x328.png\" alt=\"\" width=\"1024\" height=\"328\" srcset=\"https:\/\/www.ull.es\/centros\/facultad-educacion\/wp-content\/uploads\/sites\/6\/2021\/07\/ECOS-encabezado-3-1024x328.png 1024w, https:\/\/www.ull.es\/centros\/facultad-educacion\/wp-content\/uploads\/sites\/6\/2021\/07\/ECOS-encabezado-3-300x96.png 300w, https:\/\/www.ull.es\/centros\/facultad-educacion\/wp-content\/uploads\/sites\/6\/2021\/07\/ECOS-encabezado-3-768x246.png 768w, https:\/\/www.ull.es\/centros\/facultad-educacion\/wp-content\/uploads\/sites\/6\/2021\/07\/ECOS-encabezado-3-375x120.png 375w, https:\/\/www.ull.es\/centros\/facultad-educacion\/wp-content\/uploads\/sites\/6\/2021\/07\/ECOS-encabezado-3-750x240.png 750w, https:\/\/www.ull.es\/centros\/facultad-educacion\/wp-content\/uploads\/sites\/6\/2021\/07\/ECOS-encabezado-3-1140x365.png 1140w, https:\/\/www.ull.es\/centros\/facultad-educacion\/wp-content\/uploads\/sites\/6\/2021\/07\/ECOS-encabezado-3.png 1274w\" sizes=\"(max-width: 1024px) 100vw, 1024px\" \/><\/p>\r\n<p>&nbsp;<\/p>\r\n<p>&nbsp;<\/p>\r\n\r\n<h3>\u00a0<\/h3>\r\n<p>[\/vc_column_text][\/vc_column][\/vc_row][vc_section][vc_row][vc_column width=\u00bb7\/12&#8243;][vc_column_text]<\/p>\r\n<p>&nbsp;<\/p>\r\n<p>El n\u00ba 26 de la Revista ECOS (diciembre de 2025) se encuentra ya publicado. El n\u00ba 27 de la revista ECOS se publicar\u00e1 en junio de 2026. La recepci\u00f3n de colaboraciones est\u00e1 abierta desde el 1 de enero hasta el 31 de mayo de 2026. Consulta las normas de publicaci\u00f3n para enviarnos tu contribuci\u00f3n.<\/p>\r\n<p>&nbsp;<\/p>\r\n<p>[\/vc_column_text][vc_column_text css=\u00bb.vc_custom_1767783198796{background-color: #882de2 !important;}\u00bb]<\/p>\r\n<h3>\u00a0<\/h3>\r\n<h3 style=\"text-align: center;\"><span style=\"color: #ffffff;\"><a style=\"color: #ffffff;\" href=\"https:\/\/www.canva.com\/design\/DAG9ELDhDFs\/MlbL3F6Xl1jplDU3gYjh_w\/view?utm_content=DAG9ELDhDFs&amp;utm_campaign=designshare&amp;utm_medium=link&amp;utm_source=viewer#1\" target=\"_blank\" rel=\"noopener\"><strong>\u00daltimo n\u00famero de ECOS<\/strong><\/a><\/span><\/h3>\r\n<p>&nbsp;<\/p>\r\n<p>[\/vc_column_text][vc_column_text css=\u00bb.vc_custom_1690533039860{background-color: #882de2 !important;}\u00bb]<\/p>\r\n<h3>\u00a0<\/h3>\r\n<h3 style=\"text-align: center;\"><span style=\"color: #ffffff;\"><a style=\"color: #ffffff;\" href=\"https:\/\/drive.google.com\/file\/d\/1zg6_xM_yTVIYdhsgd2Cw1f-XmYzk7lO8\/view?usp=drive_link\" target=\"_blank\" rel=\"noopener\" target=\"_blank\" rel=\"noopener\"><strong>Normas de redacci\u00f3n<\/strong><\/a><\/span><\/h3>\r\n<p>&nbsp;<\/p>\r\n<p>[\/vc_column_text][\/vc_column][vc_column width=\u00bb1\/3&#8243;][vc_single_image image=\u00bb941&#8243; img_size=\u00bb325&#215;500&#8243; alignment=\u00bbcenter\u00bb onclick=\u00bbzoom\u00bb][\/vc_column][\/vc_row][\/vc_section][vc_row][vc_column][vc_column_text]<\/p>\r\n<h3 style=\"text-align: left;\"><strong>N\u00fameros publicados<\/strong><\/h3>\r\n<p><strong>Curso 2025\/2026<\/strong><\/p>\r\n<ul>\r\n<li><a href=\"https:\/\/www.canva.com\/design\/DAG9ELDhDFs\/MlbL3F6Xl1jplDU3gYjh_w\/view?utm_content=DAG9ELDhDFs&amp;utm_campaign=designshare&amp;utm_medium=link&amp;utm_source=viewer#1\" target=\"_blank\" rel=\"noopener\" target=\"_blank\" rel=\"noopener\">N\u00ba 26 Ecos, revista de diciembre 2025<\/a><\/li>\r\n<\/ul>\r\n<p><strong>Curso 2024\/2025<\/strong><\/p>\r\n<ul>\r\n<li><a href=\"https:\/\/www.canva.com\/design\/DAGrk3QHytc\/Ol5ftYu1bTwTpoRepgzrgQ\/view?utm_content=DAGrk3QHytc&amp;utm_campaign=designshare&amp;utm_medium=link2&amp;utm_source=uniquelinks&amp;utlId=h9bf6edc5fa\" target=\"_blank\" rel=\"noopener\" target=\"_blank\" rel=\"noopener\">N\u00ba 25 Ecos, revista de junio de 2025<\/a><\/li>\r\n<li><a href=\"https:\/\/shorturl.at\/gYKDA\" target=\"_blank\" rel=\"noopener\" target=\"_blank\" rel=\"noopener\">N\u00ba 24 Ecos, revista de diciembre de 2024<\/a><\/li>\r\n<\/ul>\r\n<p><strong>Curso 2023\/2024<\/strong><\/p>\r\n<ul>\r\n<li><a href=\"https:\/\/bit.ly\/ecos_dic23\" target=\"_blank\" rel=\"noopener\" target=\"_blank\" rel=\"noopener\">N\u00ba 22 Ecos, revista de diciembre de 2023<\/a><\/li>\r\n<li><a href=\"https:\/\/bit.ly\/ecos-jun24\" target=\"_blank\" rel=\"noopener\">N\u00ba 23 Ecos, junio de 2024<\/a><\/li>\r\n<li style=\"list-style-type: none;\">\u00a0<\/li>\r\n<\/ul>\r\n<p><strong>Curso 2022\/2023<\/strong><\/p>\r\n<ul>\r\n<li><a href=\"https:\/\/drive.google.com\/file\/d\/1Sxdx5TuMo1B7Danu9WUnkHmdmt-CwBUU\/view?usp=sharing\" target=\"_blank\" rel=\"noopener\" target=\"_blank\" rel=\"noopener\">N\u00ba 20 Ecos, 20 de septiembre de 2022<\/a><\/li>\r\n<li><a href=\"https:\/\/bit.ly\/ecos_junio23\" target=\"_blank\" rel=\"noopener\" target=\"_blank\" rel=\"noopener\">N\u00ba21 Ecos, revista de junio 2023<\/a><\/li>\r\n<li style=\"list-style-type: none;\">\u00a0<\/li>\r\n<\/ul>\r\n<p><strong>Curso 2021\/2022<\/strong><\/p>\r\n<ul>\r\n<li><a href=\"https:\/\/drive.google.com\/file\/d\/1M9CvZ2WLDwGWA-ujG_bp1-AkoYbSCnOW\/view?usp=sharing\" target=\"_blank\" rel=\"noopener\" target=\"_blank\" rel=\"noopener\">N\u00ba 16 Ecos, 30 de septiembre de 2021<\/a><\/li>\r\n<li><a href=\"https:\/\/drive.google.com\/file\/d\/12fZeI-l9zERBHqZpFfixH96f0Ql59jaW\/view?usp=sharing\" target=\"_blank\" rel=\"noopener\" target=\"_blank\" rel=\"noopener\">N\u00ba 17 Ecos,\u00a0 29 de diciembre de 2021<\/a><\/li>\r\n<li><a href=\"https:\/\/drive.google.com\/file\/d\/106yRhGeYwSRE1oYuMXXxK37ehVQJoJX2\/view?usp=sharing\" target=\"_blank\" rel=\"noopener\" target=\"_blank\" rel=\"noopener\">N\u00ba 18 Ecos, 31 de marzo de 2022<\/a><\/li>\r\n<li><a href=\"https:\/\/drive.google.com\/file\/d\/1_fi1HxzIJ_Z0dv_x3yoZumePNyaGEoo7\/view?usp=sharing\" target=\"_blank\" rel=\"noopener\" target=\"_blank\" rel=\"noopener\">N\u00ba 19 Ecos, 30 de junio de 2022<\/a><\/li>\r\n<\/ul>\r\n<p style=\"text-align: left;\"><strong>Curso 2020\/2021<\/strong><\/p>\r\n<ul>\r\n<li style=\"text-align: left;\"><a href=\"https:\/\/drive.google.com\/file\/d\/1voGDQLagVw1FJipK-3m2xpuKDdNpwcc7\/view?usp=sharing\" target=\"_blank\" rel=\"noreferrer noopener\" target=\"_blank\" rel=\"noopener\">N\u00ba 9 Ecos, 5 de octubre de 2020<\/a><\/li>\r\n<li style=\"text-align: left;\"><a href=\"https:\/\/drive.google.com\/file\/d\/1Co-ag7b9IdrCLqTS69SkHqeFnsZ8fLY7\/view?usp=sharing\" target=\"_blank\" rel=\"noreferrer noopener\" target=\"_blank\" rel=\"noopener\">N\u00ba 10 Ecos, 2 de noviembre de 2020<\/a><\/li>\r\n<li style=\"text-align: left;\"><a href=\"https:\/\/drive.google.com\/file\/d\/1St9OzrV85UEDfuYdZH4_ilsdRfZOhydF\/view?usp=sharing\" target=\"_blank\" rel=\"noreferrer noopener\" target=\"_blank\" rel=\"noopener\">N\u00ba 11 Ecos, 18 de diciembre de 2020<\/a><\/li>\r\n<li style=\"text-align: left;\"><a href=\"https:\/\/drive.google.com\/file\/d\/1htvLYODDjjrv6SlBiZ-Ae8y52DDgRhKb\/view?usp=sharing\" target=\"_blank\" rel=\"noreferrer noopener\" target=\"_blank\" rel=\"noopener\">N\u00ba 12 Ecos, 5 de febrero de 2021<\/a><\/li>\r\n<li style=\"text-align: left;\"><a href=\"https:\/\/drive.google.com\/file\/d\/1r3dMVsZhbl77KNp1wjm2rYCsTb0e251x\/view?usp=sharing\" target=\"_blank\" rel=\"noreferrer noopener\" target=\"_blank\" rel=\"noopener\">N\u00ba 13 Ecos, 24 de marzo de 2021<\/a><\/li>\r\n<li style=\"text-align: left;\"><a href=\"https:\/\/drive.google.com\/file\/d\/1TWDGGc4_57_gR5jeGoX7WJRSmxkn0ReS\/view?usp=sharing\" target=\"_blank\" rel=\"noreferrer noopener\" target=\"_blank\" rel=\"noopener\">N\u00ba 14 Ecos, 8 de mayo de 2021<\/a><\/li>\r\n<li><a href=\"https:\/\/drive.google.com\/file\/d\/1bQT0Bnove9PeBHHgKXPP61LglTHvzben\/view?usp=sharing\" target=\"_blank\" rel=\"noopener\" target=\"_blank\" rel=\"noopener\">N\u00ba 15 Ecos, 27 de julio de 2021<\/a><\/li>\r\n<\/ul>\r\n<p style=\"text-align: left;\"><strong>Curso 2019\/2020<\/strong><\/p>\r\n<p style=\"text-align: left;\"><!-- \/wp:heading --><\/p>\r\n<!-- wp:list -->\r\n<ul>\r\n<li style=\"text-align: left;\"><a href=\"https:\/\/drive.google.com\/file\/d\/1gUrmnmkSJQCUnRmXQaP6q_y-4_4qF9yz\/view?usp=sharing\" target=\"_blank\" rel=\"noreferrer noopener\" target=\"_blank\" rel=\"noopener\">N\u00ba 1 Ecos, 1 de septiembre de 2019<\/a><\/li>\r\n<li style=\"text-align: left;\"><a href=\"https:\/\/drive.google.com\/file\/d\/1dJOl6ByRCo-KLs-sqUZGkcfA-wigSVd2\/view?usp=sharing\" target=\"_blank\" rel=\"noreferrer noopener\" target=\"_blank\" rel=\"noopener\">N\u00ba 2 Ecos, 24 de octubre de 2019<\/a><\/li>\r\n<li style=\"text-align: left;\"><a href=\"https:\/\/drive.google.com\/file\/d\/1_21wD4CAH2wBB7AIVvcCaIApoJSkwwgl\/view?usp=sharing\" target=\"_blank\" rel=\"noreferrer noopener\" target=\"_blank\" rel=\"noopener\">N\u00ba 3 Ecos, 11 de diciembre de 2019<\/a><\/li>\r\n<li style=\"text-align: left;\"><a href=\"https:\/\/drive.google.com\/file\/d\/1-9b1Umh5a6AnmBxazbE9PTavtVmL2Wky\/view?usp=sharing\" target=\"_blank\" rel=\"noreferrer noopener\" target=\"_blank\" rel=\"noopener\">N\u00ba 4 Ecos, 13 de enero de 2020<\/a><\/li>\r\n<li style=\"text-align: left;\"><a href=\"https:\/\/drive.google.com\/file\/d\/1TYBpIFTP1iqqcCcfb02d85gXhtgkvqvk\/view?usp=sharing\" target=\"_blank\" rel=\"noreferrer noopener\" target=\"_blank\" rel=\"noopener\">N\u00ba 5 Ecos, 18 de febrero de 2020<\/a><\/li>\r\n<li style=\"text-align: left;\"><a href=\"https:\/\/drive.google.com\/file\/d\/1GkMwUfqtbkrJa9O4elzx-L5NZ81AMqDO\/view?usp=sharing\" target=\"_blank\" rel=\"noreferrer noopener\" target=\"_blank\" rel=\"noopener\">N\u00ba 6 Ecos, 18 de marzo de 2020<\/a><\/li>\r\n<li style=\"text-align: left;\"><a href=\"https:\/\/drive.google.com\/file\/d\/1vqlMWHiiaZOMtPJN2LKiU94BWYGpJ3uf\/view?usp=sharing\" target=\"_blank\" rel=\"noreferrer noopener\" target=\"_blank\" rel=\"noopener\">N\u00ba 7 Ecos, 22 de junio de 2020<\/a><\/li>\r\n<li style=\"text-align: left;\"><a href=\"https:\/\/drive.google.com\/file\/d\/16Qg-fMDKT1dNfAwMSEk_v5onbPlwyKUo\/view?usp=sharing\" target=\"_blank\" rel=\"noreferrer noopener\" target=\"_blank\" rel=\"noopener\">N\u00ba 8 Ecos, 21 de julio de 2020<\/a><\/li>\r\n<\/ul>\r\n<p>[\/vc_column_text][\/vc_column][\/vc_row]<\/p>","protected":false},"excerpt":{"rendered":"<p>[vc_row full_width=\u00bbstretch_row_content_no_spaces\u00bb el_class=\u00bbSliderPortada\u00bb css=\u00bb.vc_custom_1745237111535{margin-top: -100px !important;}\u00bb][vc_column][rev_slider_vc alias=\u00bbportada\u00bb][\/vc_column][\/vc_row][vc_row full_width=\u00bbstretch_row_content_no_spaces\u00bb][vc_column][vc_custom_heading text=\u00bb\u00bb font_container=\u00bbtag:h2|text_align:center\u00bb google_fonts=\u00bbfont_family:Montserrat%3Aregular%2C700|font_style:700%20bold%20regular%3A700%3Anormal\u00bb css=\u00bb.vc_custom_1721221176088{padding-top: 15px !important;padding-bottom: 15px !important;background-color: #360060 !important;}\u00bb][\/vc_column][\/vc_row][vc_row css=\u00bb.vc_custom_1745233821598{margin-top: 50px !important;}\u00bb][vc_column width=\u00bb2\/3&#8243; el_class=\u00bbpadding-50-right\u00bb css=\u00bb.vc_custom_1494506721665{padding-right: 50px !important;}\u00bb][vc_column_text] \u00a0 &nbsp; &nbsp; \u00a0 [\/vc_column_text][\/vc_column][\/vc_row][vc_section][vc_row][vc_column width=\u00bb7\/12&#8243;][vc_column_text] &nbsp; El n\u00ba 26 de la Revista ECOS (diciembre de 2025) se encuentra ya publicado. El n\u00ba 27 de la revista ECOS se&#8230;<\/p>\n","protected":false},"author":10,"featured_media":0,"parent":0,"menu_order":0,"comment_status":"closed","ping_status":"closed","template":"templates\/template-frontpage.php","meta":[],"acf":[],"_links":{"self":[{"href":"https:\/\/www.ull.es\/centros\/facultad-educacion\/wp-json\/wp\/v2\/pages\/334"}],"collection":[{"href":"https:\/\/www.ull.es\/centros\/facultad-educacion\/wp-json\/wp\/v2\/pages"}],"about":[{"href":"https:\/\/www.ull.es\/centros\/facultad-educacion\/wp-json\/wp\/v2\/types\/page"}],"author":[{"embeddable":true,"href":"https:\/\/www.ull.es\/centros\/facultad-educacion\/wp-json\/wp\/v2\/users\/10"}],"replies":[{"embeddable":true,"href":"https:\/\/www.ull.es\/centros\/facultad-educacion\/wp-json\/wp\/v2\/comments?post=334"}],"version-history":[{"count":104,"href":"https:\/\/www.ull.es\/centros\/facultad-educacion\/wp-json\/wp\/v2\/pages\/334\/revisions"}],"predecessor-version":[{"id":1317,"href":"https:\/\/www.ull.es\/centros\/facultad-educacion\/wp-json\/wp\/v2\/pages\/334\/revisions\/1317"}],"wp:attachment":[{"href":"https:\/\/www.ull.es\/centros\/facultad-educacion\/wp-json\/wp\/v2\/media?parent=334"}],"curies":[{"name":"wp","href":"https:\/\/api.w.org\/{rel}","templated":true}]}}