{"id":676,"date":"2022-02-24T14:08:38","date_gmt":"2022-02-24T14:08:38","guid":{"rendered":"https:\/\/www.ull.es\/centros\/facultad-educacion\/?page_id=676"},"modified":"2025-11-17T11:34:13","modified_gmt":"2025-11-17T11:34:13","slug":"dia-de-la-educacion","status":"publish","type":"page","link":"https:\/\/www.ull.es\/centros\/facultad-educacion\/dia-de-la-educacion\/","title":{"rendered":"D\u00eda de la Educaci\u00f3n"},"content":{"rendered":"<p>[vc_row][vc_column][vc_column_text]<\/p>\n<h1>D\u00eda de la Facultad de Educaci\u00f3n<\/h1>\n<p>[\/vc_column_text][\/vc_column][\/vc_row][vc_row][vc_column][vc_empty_space][\/vc_column][\/vc_row][vc_row][vc_column][vc_single_image image=\u00bb372&#8243; img_size=\u00bbfull\u00bb][\/vc_column][\/vc_row][vc_row][vc_column][vc_column_text]<\/p>\n<h3 style=\"text-align: center;\">Programa de Actos con motivo del D\u00eda de la Facultad de Educaci\u00f3n (27 de noviembre 2025)<\/h3>\n<div class=\"gmail_default\"><\/div>\n<p>[\/vc_column_text][vc_empty_space][vc_column_text]<\/p>\n<h3 style=\"text-align: center;\"><\/h3>\n<div class=\"gmail_default\">\n<p><a href=\"http:\/\/www.ull.es\/centros\/facultad-educacion\/wp-content\/uploads\/sites\/6\/2025\/11\/28N-Di\u0301a-de-la-Facultad-2024_fondo_pantalla_edited.png\" target=\"_blank\" rel=\"noopener\"><img loading=\"lazy\" class=\"alignright wp-image-1306\" src=\"http:\/\/www.ull.es\/centros\/facultad-educacion\/wp-content\/uploads\/sites\/6\/2025\/11\/28N-Di\u0301a-de-la-Facultad-2024_fondo_pantalla_edited-300x169.png\" alt=\"\" width=\"462\" height=\"260\" srcset=\"https:\/\/www.ull.es\/centros\/facultad-educacion\/wp-content\/uploads\/sites\/6\/2025\/11\/28N-Di\u0301a-de-la-Facultad-2024_fondo_pantalla_edited-300x169.png 300w, https:\/\/www.ull.es\/centros\/facultad-educacion\/wp-content\/uploads\/sites\/6\/2025\/11\/28N-Di\u0301a-de-la-Facultad-2024_fondo_pantalla_edited-768x432.png 768w, https:\/\/www.ull.es\/centros\/facultad-educacion\/wp-content\/uploads\/sites\/6\/2025\/11\/28N-Di\u0301a-de-la-Facultad-2024_fondo_pantalla_edited-375x211.png 375w, https:\/\/www.ull.es\/centros\/facultad-educacion\/wp-content\/uploads\/sites\/6\/2025\/11\/28N-Di\u0301a-de-la-Facultad-2024_fondo_pantalla_edited-750x422.png 750w, https:\/\/www.ull.es\/centros\/facultad-educacion\/wp-content\/uploads\/sites\/6\/2025\/11\/28N-Di\u0301a-de-la-Facultad-2024_fondo_pantalla_edited.png 800w\" sizes=\"(max-width: 462px) 100vw, 462px\" \/><\/a>Este curso el D\u00eda de la Facultad de Educaci\u00f3n se celebrar\u00e1 el jueves 27 de noviembre y tendr\u00e1 como tem\u00e1tica \u00abLa Educaci\u00f3n en Canarias \/ Canarias en la Educaci\u00f3n\u00bb.<\/p>\n<p>La inauguraci\u00f3n tendr\u00e1 lugar a las 9:30 horas en el Sal\u00f3n de Actos del M\u00f3dulo A y a las 10:00 horas tendr\u00e1 lugar la ponencia inaugural \u00abCreencias y datos sobre la educaci\u00f3n en Canarias\u00bb. De 11.30 a 12 horas se ofrecer\u00e1 un tentempi\u00e9 (Enyesque a la canaria), tras lo que nos desplazaremos al patio interior del Edificio Central (junto a la cafeter\u00eda) para disfrutar de una actividad de animaci\u00f3n sociocultural sobre cultura canaria hasta las 13.30 horas.<\/p>\n<p><b><\/b>Por la tarde, el programa se retomar\u00e1 a las 16 horas,\u00a0 de nuevo en en el Sal\u00f3n de Actos del M\u00f3dulo A, con la lectura dramatizada de cuentos populares y a las 17:30 horas tendr\u00e1 lugar una mesa redonda sobre contenidos de la historia de Canarias a trav\u00e9s de las redes. A las 19 horas tendr\u00e1 lugar el tradicional homenaje al profesorado jubilado en el curso 2024-25 y la entrega de diplomas al estudiantado de Premio Extraordinario del curso 2024-25. A las 19:30 horas se producir\u00e1 la clausura con la actuaci\u00f3n de \u201cLas percuteras de Garaldea\u201d y se finalizar\u00e1 con un brindis a las 20:00 horas.<\/p>\n<p>La entrada es libre hasta completar aforo. Para\u00a0certificar la asistencia es necesaria la\u00a0<a href=\"https:\/\/forms.gle\/7Z3kfTVMkxY7KXYR8\" target=\"_blank\" rel=\"noopener\" data-saferedirecturl=\"https:\/\/www.google.com\/url?q=https:\/\/forms.gle\/7Z3kfTVMkxY7KXYR8&amp;source=gmail&amp;ust=1763463930320000&amp;usg=AOvVaw12MtowWS1JLTUn14l8rL4t\" target=\"_blank\" rel=\"noopener\">inscripci\u00f3n<\/a> (la asistencia a un m\u00ednimo de 3 horas de las actividades certificables supondr\u00e1 0,25 ECTS).<\/p>\n<p>Puedes consultar la programaci\u00f3n del D\u00eda de la Facultad accediendo al\u00a0<a href=\"https:\/\/drive.google.com\/file\/d\/1PnHLeUx9dbwMOY8XRLcgr1VB027aHMl4\/view?usp=drive_link\" target=\"_blank\" rel=\"noopener\" target=\"_blank\" rel=\"noopener\"><b>Programa<\/b><\/a><\/p>\n<\/div>\n<div class=\"gmail_default\">\n<div class=\"gmail_default\">\n<p>&nbsp;<\/p>\n<\/div>\n<\/div>\n<p>[\/vc_column_text][\/vc_column][\/vc_row][vc_row][vc_column][\/vc_column][\/vc_row][vc_row][vc_column][\/vc_column][\/vc_row]<\/p>\n","protected":false},"excerpt":{"rendered":"<p>[vc_row][vc_column][vc_column_text] D\u00eda de la Facultad de Educaci\u00f3n [\/vc_column_text][\/vc_column][\/vc_row][vc_row][vc_column][vc_empty_space][\/vc_column][\/vc_row][vc_row][vc_column][vc_single_image image=\u00bb372&#8243; img_size=\u00bbfull\u00bb][\/vc_column][\/vc_row][vc_row][vc_column][vc_column_text] Programa de Actos con motivo del D\u00eda de la Facultad de Educaci\u00f3n (27 de noviembre 2025) [\/vc_column_text][vc_empty_space][vc_column_text] Este curso el D\u00eda de la Facultad de Educaci\u00f3n se celebrar\u00e1 el jueves 27 de noviembre y tendr\u00e1 como tem\u00e1tica \u00abLa Educaci\u00f3n en Canarias \/ Canarias en la&#8230;<\/p>\n","protected":false},"author":35,"featured_media":0,"parent":0,"menu_order":0,"comment_status":"closed","ping_status":"closed","template":"","meta":[],"acf":[],"_links":{"self":[{"href":"https:\/\/www.ull.es\/centros\/facultad-educacion\/wp-json\/wp\/v2\/pages\/676"}],"collection":[{"href":"https:\/\/www.ull.es\/centros\/facultad-educacion\/wp-json\/wp\/v2\/pages"}],"about":[{"href":"https:\/\/www.ull.es\/centros\/facultad-educacion\/wp-json\/wp\/v2\/types\/page"}],"author":[{"embeddable":true,"href":"https:\/\/www.ull.es\/centros\/facultad-educacion\/wp-json\/wp\/v2\/users\/35"}],"replies":[{"embeddable":true,"href":"https:\/\/www.ull.es\/centros\/facultad-educacion\/wp-json\/wp\/v2\/comments?post=676"}],"version-history":[{"count":21,"href":"https:\/\/www.ull.es\/centros\/facultad-educacion\/wp-json\/wp\/v2\/pages\/676\/revisions"}],"predecessor-version":[{"id":1312,"href":"https:\/\/www.ull.es\/centros\/facultad-educacion\/wp-json\/wp\/v2\/pages\/676\/revisions\/1312"}],"wp:attachment":[{"href":"https:\/\/www.ull.es\/centros\/facultad-educacion\/wp-json\/wp\/v2\/media?parent=676"}],"curies":[{"name":"wp","href":"https:\/\/api.w.org\/{rel}","templated":true}]}}