{"id":36,"date":"2018-10-30T09:28:10","date_gmt":"2018-10-30T09:28:10","guid":{"rendered":"http:\/\/www.ull.es\/centros\/facultad-farmacia\/?page_id=36"},"modified":"2025-04-22T07:40:11","modified_gmt":"2025-04-22T07:40:11","slug":"organizacion-estudiantil","status":"publish","type":"page","link":"https:\/\/www.ull.es\/centros\/facultad-farmacia\/organizacion-estudiantil\/","title":{"rendered":"Organizaci\u00f3n estudiantil"},"content":{"rendered":"<p>[vc_row full_width=\u00bbstretch_row_content_no_spaces\u00bb el_class=\u00bbSliderPortada\u00bb css=\u00bb.vc_custom_1745237111535{margin-top: -100px !important;}\u00bb][vc_column][rev_slider_vc alias=\u00bbportada\u00bb][\/vc_column][\/vc_row][vc_row full_width=\u00bbstretch_row_content_no_spaces\u00bb][vc_column][vc_custom_heading text=\u00bb\u00bb font_container=\u00bbtag:h2|text_align:center\u00bb google_fonts=\u00bbfont_family:Montserrat%3Aregular%2C700|font_style:700%20bold%20regular%3A700%3Anormal\u00bb css=\u00bb.vc_custom_1721221176088{padding-top: 15px !important;padding-bottom: 15px !important;background-color: #360060 !important;}\u00bb][\/vc_column][\/vc_row][vc_row css=\u00bb.vc_custom_1745233821598{margin-top: 50px !important;}\u00bb][vc_column width=\u00bb2\/3&#8243; el_class=\u00bbpadding-50-right\u00bb css=\u00bb.vc_custom_1494506721665{padding-right: 50px !important;}\u00bb][vc_column_text]<\/p>\n<h1 style=\"text-align: left;\">Organizaci\u00f3n estudiantil<\/h1>\n<p>[\/vc_column_text][vc_column_text]<\/p>\n<p style=\"text-align: left;\">La representaci\u00f3n del Alumnado de la Facultad de Farmacia, se estructura a trav\u00e9s de la Delegaci\u00f3n de Alumnos de la Facultad, al que se le\u00a0<strong>reconoce como instrumento de canalizaci\u00f3n de las inquietudes acad\u00e9micas de los\/as alumnos\/as<\/strong>. Su r\u00e9gimen de funcionamiento se regula por los Estatutos, elaborados y aprobados por la propia Delegaci\u00f3n. La estructura de la Delegaci\u00f3n de Alumnos se sustenta en los representantes de los\/as alumnos\/as.<\/p>\n<p style=\"text-align: left;\">La Delegaci\u00f3n de Alumnos\u00a0<strong>se fund\u00f3 el 13 de noviembre de 1997<\/strong>\u00a0a las 19 horas y el 9 de diciembre de 1997 qued\u00f3 inscrita en el Registro de Asociaciones del Gobierno de Canarias con n\u00famero 4.016.<\/p>\n<p style=\"text-align: left;\">El fin de la asociaci\u00f3n es coordinar la participaci\u00f3n de los estudiantes en la extensi\u00f3n y organizaci\u00f3n de la vida acad\u00e9mica en el marco de la Facultad de Farmacia de la Universidad de La Laguna.<\/p>\n<p style=\"text-align: left;\">Los \u00f3rganos directivos de la asociaci\u00f3n son:<\/p>\n<ul style=\"text-align: left;\">\n<li>Presidente<\/li>\n<li>Vicepresidente<\/li>\n<li>Secretario<\/li>\n<li>Tesorero<\/li>\n<li>Vocales<\/li>\n<\/ul>\n<p style=\"text-align: left;\">La Junta Directiva se re\u00fane una vez al mes y toma acuerdos con respecto al funcionamiento de la Asociaci\u00f3n. Una vez al a\u00f1o se convoca una\u00a0<strong>Asamblea General Ordinaria<\/strong>\u00a0y otra\u00a0<strong>Asamblea General Extraordinaria<\/strong>.<\/p>\n<p style=\"text-align: left;\">Los miembros de la Delegaci\u00f3n de Alumnos son aquellas personas que cumplan los siguientes requisitos:<\/p>\n<ul style=\"text-align: left;\">\n<li>Mayores de edad, que posean la condici\u00f3n de Representantes de Alumnos en la Junta de Facultad de Farmacia o ser Delegado de Curso.<\/li>\n<li>Dirigir una carta a la Junta Directiva que se pronunciar\u00e1 si se admite o no como miembro.<\/li>\n<\/ul>\n<p style=\"text-align: left;\">Los\u00a0<strong>recursos econ\u00f3micos<\/strong>\u00a0de la misma se basa en las\u00a0<strong>donaciones o subvenciones<\/strong>\u00a0que pudiera recibir previas las autorizaciones que establece la ley 191\/64 de 24 de diciembre. Destaca de nuestra Asociaci\u00f3n la liquidaci\u00f3n del patrimonio en caso de disoluci\u00f3n de la Asociaci\u00f3n, ya que recogemos en el 37 lo siguiente:<\/p>\n<p style=\"text-align: left;\">Art.37. El patrimonio resultante de la liquidaci\u00f3n si fuese positivo, revertir\u00e1 en beneficio de Organizaciones No Gubernamentales del ramo farmac\u00e9utico. En caso de que el patrimonio resultante fuera material ser\u00e1 repartido entre las Asociaciones Estudiantiles de la Facultad de Farmacia en funci\u00f3n de sus necesidades.<\/p>\n<ul style=\"text-align: left;\">\n<li><strong>Correo electr\u00f3nico:\u00a0<\/strong><a href=\"mailto:delfarma@ull.es\" target=\"_blank\" rel=\"noopener\" target=\"_blank\" rel=\"noopener\">delfarma@ull.es<\/a><\/li>\n<\/ul>\n<hr \/>\n<h2 style=\"text-align: left;\">Asociaci\u00f3n Canaria de Estudiantes de Farmacia<\/h2>\n<p style=\"text-align: left;\">La\u00a0<strong>Asociaci\u00f3n Canaria de Estudiantes de Farmacia (A.C.E.F.)<\/strong>\u00a0se fund\u00f3 el 9 de mayo de 1988 y como fines de la Asociaci\u00f3n se establecieron en sus estatutos los siguientes:<\/p>\n<ul style=\"text-align: left;\">\n<li>Completar la formaci\u00f3n cient\u00edfica con una formaci\u00f3n humana, cultural, y deportiva.<\/li>\n<li>Estrechar las relaciones entre sus miembros, as\u00ed como con estudiantes de otras Facultades de Farmacia y con los Colegios Profesionales e instituciones del mercado de trabajo relacionados con los estudios de Farmacia.<\/li>\n<li>Proyectar socialmente la Farmacia, en todos sus campos de actuaci\u00f3n.<\/li>\n<li>Procurar cuantas actuaciones redunden en la libertad y mejora de la ense\u00f1anza.<\/li>\n<li>Promover la participaci\u00f3n de sus miembros en los \u00d3rganos de Gobierno de la Universidad.<\/li>\n<li>Cooperar con cualquier entidad p\u00fablica o privada en el afianzamiento y progreso de la imagen del farmac\u00e9utico en la sociedad.<\/li>\n<\/ul>\n<p style=\"text-align: left;\">Para el cumplimiento de estos fines, los estatutos establecen que la Asociaci\u00f3n organizar\u00e1 las siguientes actividades:<\/p>\n<ul style=\"text-align: left;\">\n<li>Todo tipo de actos cient\u00edficos, culturales y deportivos.<\/li>\n<li>Excursiones o visitas a ciudades, industrias, museos, otras Universidades, etc.<\/li>\n<li>Organizaci\u00f3n de cursos, seminarios, etc.<\/li>\n<li>Estrechar los lazos de uni\u00f3n con los Colegios Farmac\u00e9uticos.<\/li>\n<li>Cualquier otra actividad l\u00edcita que sirva para la realizaci\u00f3n de los fines se\u00f1alados anteriormente.<\/li>\n<\/ul>\n<p style=\"text-align: left;\">Adem\u00e1s, la A.C.E.F. est\u00e1 integrada y participa de los proyectos de las siguientes asociaciones:<\/p>\n<p style=\"text-align: left;\"><strong>F.E.E.F., Federaci\u00f3n Espa\u00f1ola de Estudiantes de Farmacia:\u00a0<\/strong>Que agrupa a todas las Asociaciones de Estudiantes de Farmacia de Espa\u00f1a, se fund\u00f3 en 1989 y la A.C.E.F. es miembro fundador.<\/p>\n<p style=\"text-align: left;\"><strong>E.P.S.A., European Pharmaceutical Students Association:<\/strong>\u00a0Fundada en 1965 es el marco de encuentro de todas las Federaciones Europeas de Estudiantes de Farmacia. La Federaci\u00f3n Espa\u00f1ola se incorpor\u00f3 en 1990.<\/p>\n<p style=\"text-align: left;\"><strong>I.P.S.F., Internacional Pharmaceutical Students Federation:\u00a0<\/strong>Engloba a todas las Asociciones de Estudiantes de Farmacia del mundo, se funda en 1949 y nos incorporamos en 1990.<\/p>\n<p style=\"text-align: left;\">La filosof\u00eda general es estudiar y promover los intereses de los estudiantes de Farmacia, as\u00ed como animar a la cooperaci\u00f3n nacional e internacional entre ellos. El objetivo queda plasmado a trav\u00e9s de publicaciones, proyectos conjuntos, congresos nacionales e internacionales, programas de intercambio, cursos, conferencias, debates, talleres\u2026, de tal manera que tengamos acceso a un gran sistema donde todos los socios puedan realizarse y desarrollar actividades de diverso tipo.<\/p>\n<hr \/>\n<h2 style=\"text-align: left;\">Voluntariado<\/h2>\n<p style=\"text-align: left;\"><strong>El Aula de Cultura<\/strong>\u00a0de la Facultad de Farmacia, seg\u00fan el art\u00edculo 51 del Reglamento de R\u00e9gimen Interno de la Facultad de Farmacia, es un\u00a0<strong>\u00f3rgano participativo<\/strong>\u00a0de los miembros de la Facultad, cuyo\u00a0<strong>objetivo es el desarrollo de cualquier tipo de actividad cultural<\/strong>. La direcci\u00f3n del Aula de Cultura corresponde a los\/as alumnos\/as mediante una coordinadora, compuesta, como m\u00ednimo, por:<\/p>\n<ul style=\"text-align: left;\">\n<li>Coordinador\/moderador.<\/li>\n<li>Secretario.<\/li>\n<li>Tesorero.<\/li>\n<li>Encargado de material<\/li>\n<li>Portavoces de curso.<\/li>\n<\/ul>\n<p style=\"text-align: left;\">\u00cdntimamente relacionado con el Aula de Cultura est\u00e1 la\u00a0<strong>Comisi\u00f3n Deportiva<\/strong>\u00a0de la Facultad de Farmacia. El deporte en la Facultad est\u00e1 coordinado por una Comisi\u00f3n Deportiva, formada por los Delegados de los diferentes deportes practicados por los\/as alumnos\/as de esta Facultad. Dichos Delegados ser\u00e1n elegidos por los deportistas implicados.<\/p>\n<p style=\"text-align: left;\">Hablemos de deportes. Este es uno de los factores que m\u00e1s a colaborado a relacionar alumnos de diferentes cursos e incluso con profesores o miembros de Departamentos que no imparten clases, a trav\u00e9s de torneos, partidos amistosos.<\/p>\n<p style=\"text-align: left;\">Adem\u00e1s tienes el Polideportivo de la Universidad justo al lado del Edificio Central y a tu disposici\u00f3n monitores,\u00a0 equipos universitarios de atletismo, gimnasia, baloncesto, balonmano, f\u00fatbol, tenis, culturismo, voleibol, rugby,\u2026 incluso hay un equipo de golf. Adem\u00e1s hay Polideportivos cubiertos y descubiertos, pistas de tenis, canchas de diferentes usos, salas de artes marciales y gimnasio,\u2026 (<a href=\"http:\/\/www.deportes.ull.es\/\" target=\"_blank\" rel=\"noopener\">Servicio de Deportes<\/a>)<\/p>\n<p style=\"text-align: left;\">Venir a la facultad no s\u00f3lo debe ser asistir a clases, tomar apuntes y soltarlos el d\u00eda del examen. Tambi\u00e9n debe ser el fomentar la amistad con las personas que durante unos a\u00f1os ser\u00e1n tus compa\u00f1eros, profesores y dem\u00e1s miembros de tu Facultad. \u00bfc\u00f3mo?. A trav\u00e9s de fiestas, chuletadas, actividades deportivas, etc.<\/p>\n<p style=\"text-align: left;\"><strong>\u00a0La Tuna<\/strong>\u00a0est\u00e1 constituida por alumnos que hayan superado los requisitos exigidos para su ingreso, de acuerdo con la m\u00e1s pura tradici\u00f3n universitaria.<\/p>\n<p style=\"text-align: left;\">Se crea en el curso 1977-78, siendo la segunda Tuna en fundarse en el distrito \u201cLagunero\u201d, caminando mucho tiempo y participando en los Cert\u00e1menes y Congresos Nacionales e Internacionales (celebrados en Murcia, Sevilla, C\u00f3rdoba, Zaragoza, Santiago, C\u00e1ceres, Granada\u2026), as\u00ed como en los regionales celebrados en nuestras islas. Entre los diversos cert\u00e1menes podemos destacar la participaci\u00f3n en el IV Certamen de Tunas de Arquitectura T\u00e9cnica y superior en Marzo de 1991 (obteniendo el premio al mejor bandera), I Certamen Regional de Tunas de San Valent\u00edn\u201993 (obteniendo acc\u00e9sit Interpretaci\u00f3n) VII Certamen de Tunas de la ciudad de La Laguna (obteniendo e primero premio a pandereta), Certamen Nacional de Tunas de Farmacia en Sevilla (ganando el premio al mejor bandera), fuimos invitados a la Queima das en Coimbra (Portugal) sin concurso, cosa que nos llen\u00f3 de profunda alegr\u00eda,\u2026<\/p>\n<p style=\"text-align: left;\">Como puedes ver, solamente realizar todas las actividades se\u00f1aladas en los Estatutos requiere de un gran esfuerzo y dedicaci\u00f3n, por lo que es muy necesaria la participaci\u00f3n de personas con mente \u00e1gil y esp\u00edritu emprendedor.<\/p>\n<p style=\"text-align: left;\">Si estas interesado en participar directamente en alguna de estas organizaciones inf\u00f3rmate personalmente en sus locales o poni\u00e9ndote en contacto con los responsables de las mismas.<\/p>\n<ul style=\"text-align: left;\">\n<li>Tel\u00e9fono: (+34) 609 60 33 64<\/li>\n<\/ul>\n<p>[\/vc_column_text][\/vc_column][vc_column width=\u00bb1\/3&#8243;][vc_column_text el_class=\u00bbcontacto\u00bb]\n<ul class=\"widget-box\">\n<li class='contacto-header'>Informaci\u00f3n de contacto<\/li><li><i class=\"fa fa-map-marker\"><\/i> Campus Anchieta, 4. Apartado 456. C\u00f3digo postarl 38200. San Crist\u00f3bal de La Laguna. S\/C de Tenerife.<\/li><li><i class=\"fa fa-phone\"><\/i> (+34) 922 318 431<\/li><li><i class=\"fa fa-envelope\"><\/i>  <a href=mailto:facultaddefarmacia@ull.es>facultaddefarmacia@ull.es<\/a><\/li><li><i class=\"fa fa-calendar\"><\/i><a href=\"http:\/\/citaprevia.ull.es\/serv_list.php?p=index\"> Cita previa<\/a><\/li><li><i class=\"fa fa-archive\"><\/i><a href=\"https:\/\/sede.ull.es\/ecivilis-site\/catalog\/showProcedure\/484\"> Procedimiento para quejas, sugerencias y felicitaciones<\/a><\/li>\n<\/ul>\n\n[\/vc_column_text][\/vc_column][\/vc_row]<\/p>\n","protected":false},"excerpt":{"rendered":"<p>[vc_row full_width=\u00bbstretch_row_content_no_spaces\u00bb el_class=\u00bbSliderPortada\u00bb css=\u00bb.vc_custom_1745237111535{margin-top: -100px !important;}\u00bb][vc_column][rev_slider_vc alias=\u00bbportada\u00bb][\/vc_column][\/vc_row][vc_row full_width=\u00bbstretch_row_content_no_spaces\u00bb][vc_column][vc_custom_heading text=\u00bb\u00bb font_container=\u00bbtag:h2|text_align:center\u00bb google_fonts=\u00bbfont_family:Montserrat%3Aregular%2C700|font_style:700%20bold%20regular%3A700%3Anormal\u00bb css=\u00bb.vc_custom_1721221176088{padding-top: 15px !important;padding-bottom: 15px !important;background-color: #360060 !important;}\u00bb][\/vc_column][\/vc_row][vc_row css=\u00bb.vc_custom_1745233821598{margin-top: 50px !important;}\u00bb][vc_column width=\u00bb2\/3&#8243; el_class=\u00bbpadding-50-right\u00bb css=\u00bb.vc_custom_1494506721665{padding-right: 50px !important;}\u00bb][vc_column_text] Organizaci\u00f3n estudiantil [\/vc_column_text][vc_column_text] La representaci\u00f3n del Alumnado de la Facultad de Farmacia, se estructura a trav\u00e9s de la Delegaci\u00f3n de Alumnos de la Facultad, al que se le\u00a0reconoce como&#8230;<\/p>\n","protected":false},"author":37,"featured_media":0,"parent":0,"menu_order":0,"comment_status":"closed","ping_status":"closed","template":"templates\/template-frontpage.php","meta":[],"acf":[],"_links":{"self":[{"href":"https:\/\/www.ull.es\/centros\/facultad-farmacia\/wp-json\/wp\/v2\/pages\/36"}],"collection":[{"href":"https:\/\/www.ull.es\/centros\/facultad-farmacia\/wp-json\/wp\/v2\/pages"}],"about":[{"href":"https:\/\/www.ull.es\/centros\/facultad-farmacia\/wp-json\/wp\/v2\/types\/page"}],"author":[{"embeddable":true,"href":"https:\/\/www.ull.es\/centros\/facultad-farmacia\/wp-json\/wp\/v2\/users\/37"}],"replies":[{"embeddable":true,"href":"https:\/\/www.ull.es\/centros\/facultad-farmacia\/wp-json\/wp\/v2\/comments?post=36"}],"version-history":[{"count":8,"href":"https:\/\/www.ull.es\/centros\/facultad-farmacia\/wp-json\/wp\/v2\/pages\/36\/revisions"}],"predecessor-version":[{"id":351,"href":"https:\/\/www.ull.es\/centros\/facultad-farmacia\/wp-json\/wp\/v2\/pages\/36\/revisions\/351"}],"wp:attachment":[{"href":"https:\/\/www.ull.es\/centros\/facultad-farmacia\/wp-json\/wp\/v2\/media?parent=36"}],"curies":[{"name":"wp","href":"https:\/\/api.w.org\/{rel}","templated":true}]}}