{"id":40,"date":"2017-11-14T14:10:37","date_gmt":"2017-11-14T14:10:37","guid":{"rendered":"http:\/\/www.ull.es\/centros\/escuela-superior-de-ingenieria-y-tecnologia\/?page_id=40"},"modified":"2026-03-26T10:25:15","modified_gmt":"2026-03-26T10:25:15","slug":"informacion-general","status":"publish","type":"page","link":"https:\/\/www.ull.es\/centros\/facultad-humanidades\/informacion-general\/","title":{"rendered":"Informaci\u00f3n general"},"content":{"rendered":"<p>[vc_row full_width=\u00bbstretch_row_content_no_spaces\u00bb el_class=\u00bbSliderPortada\u00bb css=\u00bb.vc_custom_1745237111535{margin-top: -100px !important;}\u00bb][vc_column][rev_slider_vc alias=\u00bbportada\u00bb][\/vc_column][\/vc_row][vc_row full_width=\u00bbstretch_row_content_no_spaces\u00bb][vc_column][vc_custom_heading text=\u00bb\u00bb font_container=\u00bbtag:h2|text_align:center\u00bb google_fonts=\u00bbfont_family:Montserrat%3Aregular%2C700|font_style:700%20bold%20regular%3A700%3Anormal\u00bb css=\u00bb.vc_custom_1721221176088{padding-top: 15px !important;padding-bottom: 15px !important;background-color: #360060 !important;}\u00bb][\/vc_column][\/vc_row][vc_row css=\u00bb.vc_custom_1745233821598{margin-top: 50px !important;}\u00bb][vc_column width=\u00bb2\/3&#8243; el_class=\u00bbpadding-50-right\u00bb css=\u00bb.vc_custom_1494506721665{padding-right: 50px !important;}\u00bb][vc_column_text]<\/p>\n<p>&nbsp;<\/p>\n<h1>Presentaci\u00f3n<\/h1>\n<div class=\"shortcode-descripcion\">\n    <p>La Facultad de Humanidades es el \u00f3rgano encargado de la organizaci\u00f3n de las ense\u00f1anzas y los procesos acad\u00e9micos, administrativos y de gesti\u00f3n conducentes a la obtenci\u00f3n de t\u00edtulos de car\u00e1cter oficial y validez en todo el territorio nacional que se impartan en ella y dem\u00e1s t\u00edtulos que establezca la legislaci\u00f3n vigente.<\/p><\/div>\n\n[\/vc_column_text][vc_empty_space height=\u00bb40px\u00bb][vc_column_text el_id=\u00bborganigrama\u00bb]<\/p>\n<h1>Organigrama<\/h1>\n<p>[\/vc_column_text][vc_column_text]<\/p>\n<h2>Equipo de direcci\u00f3n<\/h2>\n<dl>\n<dt><strong>Decano<\/strong><\/dt>\n<dd><a href=\"https:\/\/www.ull.es\/directorio\/search\/?busqueda=fahuman\" target=\"_blank\" rel=\"noopener noreferrer\" target=\"_blank\" rel=\"noopener\">Javier Medina L\u00f3pez<\/a><\/dd>\n<dt><strong>Secretaria<\/strong><\/dt>\n<dd><a href=\"https:\/\/www.ull.es\/directorio\/search\/?busqueda=secrehum\" target=\"_blank\" rel=\"noopener noreferrer\" target=\"_blank\" rel=\"noopener\">Matilde Mart\u00edn Gonz\u00e1lez<\/a><\/dd>\n<\/dl>\n<p><strong>Secci\u00f3n de Filolog\u00eda<\/strong><\/p>\n<dl>\n<dt><strong>Vicedecana de la secci\u00f3n de Filolog\u00eda:<\/strong><\/dt>\n<dd><a href=\"https:\/\/www.ull.es\/directorio\/search\/?busqueda=filologo\" target=\"_blank\" rel=\"noopener noreferrer\" target=\"_blank\" rel=\"noopener\">M.\u00aa Josefina Mart\u00ednez Benavides<\/a><\/dd>\n<dt><strong>Vicedecano de la Facultad de Humanidades \/ Vicedecano de calidad e innovaci\u00f3n docente\u00a0<\/strong><\/dt>\n<dd><a href=\"https:\/\/www.ull.es\/directorio\/search\/?busqueda=922317580\" target=\"_blank\" rel=\"noopener noreferrer\" target=\"_blank\" rel=\"noopener\">David Loyola L\u00f3pez\u00a0<\/a><\/dd>\n<dt><strong>Vicedecano de la Facultad de Humanidades \/ Vicedecano de organizaci\u00f3n docente \/ Coordinador de pr\u00e1cticas externas y relaciones con la sociedad<br \/>\n<\/strong><\/dt>\n<dd><a href=\"https:\/\/www.ull.es\/directorio\/search\/?busqueda=filvicla\" target=\"_blank\" rel=\"noopener noreferrer\" target=\"_blank\" rel=\"noopener\">Carlos Brito D\u00edaz<\/a><\/dd>\n<dt><strong>Coordinadora de movilidad de la Secci\u00f3n de Filolog\u00eda<\/strong><\/dt>\n<dt><strong>Grado de Estudios Ingleses<\/strong><\/dt>\n<dd><a href=\"https:\/\/www.ull.es\/directorio\/search\/?busqueda=Coordinador%2Fa+de+movilidad+de+la+secci%C3%B3n+de+Filolog%C3%ADa+%28+grado+en+Estudios+ingleses%29\" target=\"_blank\" rel=\"noopener\" target=\"_blank\" rel=\"noopener\">M\u00aa Auxiliadora Mart\u00edn D\u00edaz<\/a><\/dd>\n<dt><strong>Coordinador de movilidad de la Secci\u00f3n de Filolog\u00eda<\/strong><\/dt>\n<dt><strong>Grados en Espa\u00f1ol: Lengua y Literatura, Estudios Cl\u00e1sicos y Estudios Franc\u00f3fonos Aplicados<\/strong><\/dt>\n<dd><a href=\"https:\/\/www.ull.es\/directorio\/search\/?busqueda=Coordinador+%28a%29+de+movilidad+de+la+secci%C3%B3n+de+Filolog%C3%ADa+%28Grado+en+Espa%C3%B1ol%3A+Lengua+y+Literatura%3B+Estudios+Cl%C3%A1sicos+y+Estudios+Franc%C3%B3fonos+Aplicados%29\" target=\"_blank\" rel=\"noopener\">Ferm\u00edn Dom\u00ednguez Santana<\/a><\/dd>\n<\/dl>\n<p><strong>Secci\u00f3n de Filosof\u00eda<\/strong><\/p>\n<dl>\n<dt><strong>Vicedecana de la secci\u00f3n de Filosof\u00eda<\/strong><\/dt>\n<dd><a href=\"https:\/\/www.ull.es\/directorio\/search\/?busqueda=Secci%C3%B3n+de+Filosof%C3%ADa+%2F+Vicedecano%28a%29+de+la+Secci%C3%B3n\" target=\"_blank\" rel=\"noopener noreferrer\" target=\"_blank\" rel=\"noopener\">Margarita V\u00e1zquez Campos<\/a><\/dd>\n<dt><strong>Vicedecano de la Facultad de Humanidades \/ Vicedecano de calidad e innovaci\u00f3n docente \/ Coordinador del Plan de Acci\u00f3n Tutorial (POAT)<\/strong><\/dt>\n<dd><a href=\"https:\/\/www.ull.es\/directorio\/search\/?busqueda=vicalfilo\" target=\"_blank\" rel=\"noopener\">Miguel Mandujano Estrada<\/a><\/dd>\n<dt><strong>Coordinador de movilidad de la secci\u00f3n de Filosof\u00eda (ERASMUS \/ SICUE)<\/strong><\/dt>\n<dd><a href=\"https:\/\/www.ull.es\/directorio\/search\/?busqueda=mgfil\" target=\"_blank\" rel=\"noopener noreferrer\" target=\"_blank\" rel=\"noopener\">Miguel Mandujano Estrada<\/a><\/dd>\n<\/dl>\n<p><strong>Secci\u00f3n de Geograf\u00eda e Historia<\/strong><\/p>\n<dl>\n<dt><strong>Vicedecano de la secci\u00f3n de Geograf\u00eda e Historia<\/strong><\/dt>\n<dd><a href=\"https:\/\/www.ull.es\/directorio\/search\/?busqueda=vicegh\" target=\"_blank\" rel=\"noopener noreferrer\" target=\"_blank\" rel=\"noopener\">Mois\u00e9s Simancas Cruz<\/a><\/dd>\n<dt><strong>Vicedecano de la Facultad de Humanidades \/ Vicedecano de ordenaci\u00f3n acad\u00e9mica<\/strong><\/dt>\n<dd><a href=\"https:\/\/www.ull.es\/directorio\/search\/?busqueda=vicghord\" target=\"_blank\" rel=\"noopener noreferrer\" target=\"_blank\" rel=\"noopener\">Jaime S. D\u00edaz Pacheco<\/a><\/dd>\n<dt><strong>Vicedecano de la Facultad de Humanidades \/ Vicedecano de Calidad e Innovaci\u00f3n docente \/ Coordinador de la COPYPE<\/strong><\/dt>\n<dd><a href=\"https:\/\/www.ull.es\/directorio\/search\/?busqueda=vicghcal\" target=\"_blank\" rel=\"noopener\">Cristo Manuel Hern\u00e1ndez G\u00f3mez<\/a><\/dd>\n<dt><b>Coordinador de movilidad de la secci\u00f3n de Geograf\u00eda e H.\u00aa<\/b><\/dt>\n<dd><a href=\"https:\/\/www.ull.es\/directorio\/search\/?busqueda=Coordinador+%28a%29+de+movilidad+de+la+secci%C3%B3n+de+Geograf%C3%ADa+e+Historia\" target=\"_blank\" rel=\"noopener noreferrer\" target=\"_blank\" rel=\"noopener\">\u00c1lvaro Castilla Beltr\u00e1n<\/a><\/dd>\n<dt><strong>Coordinadora del Plan de Acci\u00f3n tutorial (POAT)<\/strong><\/dt>\n<dd><a href=\"https:\/\/www.ull.es\/directorio\/search\/?busqueda=vicghcal\" target=\"_blank\" rel=\"noopener noreferrer\" target=\"_blank\" rel=\"noopener\">M\u00aa Mercedes Arranz Lozano<\/a><\/dd>\n<\/dl>\n<dl>\n<dd><\/dd>\n<\/dl>\n<p>[\/vc_column_text][vc_column_text]<\/p>\n<h2>Personal de administraci\u00f3n<\/h2>\n<dl>\n<dt><strong>Administradora<\/strong><\/dt>\n<dd><a href=\"https:\/\/www.ull.es\/directorio\/search\/?busqueda=6900\" target=\"_blank\" rel=\"noopener noreferrer\" target=\"_blank\" rel=\"noopener\">D\u00e1cil P\u00e9rez Hern\u00e1ndez<\/a><\/dd>\n<dt><strong>Administrativa del Decanato<\/strong><\/dt>\n<dd><a href=\"https:\/\/www.ull.es\/directorio\/search\/?busqueda=922319738\" target=\"_blank\" rel=\"noopener noreferrer\" target=\"_blank\" rel=\"noopener\">Mar\u00eda Isabel D\u00edaz Toledo<\/a><\/dd>\n<dt><strong>Gestor<\/strong><\/dt>\n<dd><a href=\"https:\/\/www.ull.es\/directorio\/search\/?busqueda=6901\" target=\"_blank\" rel=\"noopener noreferrer\" target=\"_blank\" rel=\"noopener\">Miguel \u00c1ngel Rodriguez Olivera<\/a><\/dd>\n<dt><strong>Colaboradores<\/strong><\/dt>\n<dd><a href=\"https:\/\/www.ull.es\/directorio\/search\/?busqueda=6726\" target=\"_blank\" rel=\"noopener\">Alberto Perera Sanz<\/a><\/dd>\n<dd><a href=\"https:\/\/www.ull.es\/directorio\/search\/?busqueda=6724\" target=\"_blank\" rel=\"noopener\">Juan Jes\u00fas Hern\u00e1ndez Brito.<\/a><\/dd>\n<dd><a href=\"https:\/\/www.ull.es\/directorio\/search\/?busqueda=6727\" target=\"_blank\" rel=\"noopener\" target=\"_blank\" rel=\"noopener\">Luisa S. Marrero G\u00f3mez<\/a><\/dd>\n<dt><strong>Administrativo base<\/strong><\/dt>\n<dd><a href=\"https:\/\/www.ull.es\/directorio\/search\/?busqueda=922317901\" target=\"_blank\" rel=\"noopener\">Josefa Poleo Mart\u00edn<\/a><\/dd>\n<dd><a href=\"https:\/\/www.ull.es\/directorio\/search\/?busqueda=6172\" target=\"_blank\" rel=\"noopener\">Naira D\u00f3niz Mart\u00edn<\/a><\/dd>\n<\/dl>\n<p>[\/vc_column_text][vc_tta_accordion shape=\u00bbsquare\u00bb c_icon=\u00bbchevron\u00bb c_position=\u00bbright\u00bb active_section=\u00bb0&#8243; no_fill=\u00bbtrue\u00bb collapsible_all=\u00bbtrue\u00bb title=\u00bbInformaci\u00f3n adicional\u00bb][vc_tta_section title=\u00bbSecci\u00f3n de Filolog\u00eda\u00bb tab_id=\u00bb1542635145931-0b263023-7868&#8243;][vc_column_text]<\/p>\n<ul>\n<li>Conserje: Vanesa M.\u00aa Felipe Mart\u00edn<\/li>\n<li>Tel\u00e9fono: 922317612<\/li>\n<li>Correo electr\u00f3nico:<a href=\"mailto:Confilol@ull.es\" target=\"_blank\" rel=\"noopener\"> Confilol@ull.es<\/a><\/li>\n<\/ul>\n<p>[\/vc_column_text][\/vc_tta_section][vc_tta_section title=\u00bbSecci\u00f3n de Filosof\u00eda\u00bb tab_id=\u00bbseccion-filosofia\u00bb][vc_column_text]<\/p>\n<ul>\n<li>Conserje: Candelaria Vanesa del Toro Melo<\/li>\n<li>Tel\u00e9fono 922317878<\/li>\n<li>Correo electr\u00f3nico: <a href=\"mailto:consfilos@ull.es\" target=\"_blank\" rel=\"noopener\">consfilos@ull.es<\/a><\/li>\n<\/ul>\n<p>[\/vc_column_text][\/vc_tta_section][vc_tta_section title=\u00bbSecci\u00f3n de de Geograf\u00eda e Historia\u00bb tab_id=\u00bbseccion-geografia-historia\u00bb][vc_column_text]<\/p>\n<ul>\n<li>Conserje: Mar\u00eda del Pilar Marrero Carracedo<\/li>\n<li>Tel\u00e9fono 922317724<\/li>\n<li>Correo electr\u00f3nico: <a href=\"mailto:Consergh@ull.es\" target=\"_blank\" rel=\"noopener\">Consergh@ull.es<\/a><\/li>\n<\/ul>\n<p>[\/vc_column_text][\/vc_tta_section][\/vc_tta_accordion][vc_separator css=\u00bb.vc_custom_1513002225227{margin-top: 50px !important;margin-bottom: 50px !important;}\u00bb][\/vc_column][vc_column width=\u00bb1\/3&#8243;][vc_column_text]<a class=\"btn-destacado\" href=\"https:\/\/riull.ull.es\/xmlui\/handle\/915\/6975\" target=\"_blank\" rel=\"noopener noreferrer\" target=\"_blank\" rel=\"noopener\">Consultar normativa de la facultad<i class=\"fa fa-arrow-right\"><\/i><\/a>[\/vc_column_text][vc_column_text]<a class=\"btn-destacado\" href=\"http:\/\/www.ull.es\/centros\/facultad-humanidades\/informacion-general\/junta-de-facultad-y-comisiones\/\" rel=\"noopener\" target=\"_blank\" rel=\"noopener\">Consultar junta de facultad y comisiones <i class=\"fa fa-arrow-right\"><\/i><\/a>[\/vc_column_text][vc_column_text el_class=\u00bbcontacto\u00bb]\n<ul class=\"widget-box\">\n<li class='contacto-header'>Informaci\u00f3n de contacto<\/li><li><i class=\"fa fa-map-marker\"><\/i> Facultad de Humanidades. Plaza del Rector D. Jos\u00e9 Carlos Alberto Bethencourt Apartado 456. C\u00f3digo postal 38200. San Crist\u00f3bal de La Laguna. S\/C de Tenerife.<\/li><li><i class=\"fa fa-phone\"><\/i> (+34) 922 31 77 18<\/li><li><i class=\"fa fa-envelope\"><\/i>  <a href=mailto:sechuman@ull.es>sechuman@ull.es<\/a><\/li><li><i class=\"fa fa-calendar\"><\/i><a href=\"http:\/\/citaprevia.ull.es\/index.php?s=humanidades\"> Cita previa<\/a><\/li><li><i class=\"fa fa-archive\"><\/i><a href=\"https:\/\/sede.ull.es\/ecivilis-site\/catalog\/showProcedure\/484\"> Procedimiento para quejas, sugerencias y felicitaciones<\/a><\/li>\n<\/ul>\n\n[\/vc_column_text][vc_column_text el_id=\u00bbubicacion\u00bb]\n    \n<style>\n    .google-maps {\n        position: relative;\n        padding-bottom: 75%;\n        height: 0;\n        overflow: hidden;\n    }\n    .google-maps iframe {\n        position: absolute;\n        top: 0;\n        left: 0;\n        width: 100% !important;\n        height: 100% !important;\n    }\n<\/style>\n\n\n<div class=\"google-maps\">\n    <iframe src=\"https:\/\/www.openstreetmap.org\/export\/embed.html?bbox=-16.30590617411%2C28.46362704426%2C-16.29976236452%2C28.46943926654&amp;layer=mapnik&amp;marker=28.46781%2C-16.30308\" style=\"border: 1px solid black\"><\/iframe>\n<\/div>\n\n<div class=\"btn-widget\">\n    <a href=\"https:\/\/www.openstreetmap.org\/directions?engine=graphhopper_car&from=&to=28.46781%2C-16.30308#map=17\/28.46781\/-16.30308\">C\u00f3mo llegar<\/a>  \n<\/div>\n\n  <\/body>\n<\/html>\n\n[\/vc_column_text][\/vc_column][\/vc_row]<\/p>\n","protected":false},"excerpt":{"rendered":"<p>[vc_row full_width=\u00bbstretch_row_content_no_spaces\u00bb el_class=\u00bbSliderPortada\u00bb css=\u00bb.vc_custom_1745237111535{margin-top: -100px !important;}\u00bb][vc_column][rev_slider_vc alias=\u00bbportada\u00bb][\/vc_column][\/vc_row][vc_row full_width=\u00bbstretch_row_content_no_spaces\u00bb][vc_column][vc_custom_heading text=\u00bb\u00bb font_container=\u00bbtag:h2|text_align:center\u00bb google_fonts=\u00bbfont_family:Montserrat%3Aregular%2C700|font_style:700%20bold%20regular%3A700%3Anormal\u00bb css=\u00bb.vc_custom_1721221176088{padding-top: 15px !important;padding-bottom: 15px !important;background-color: #360060 !important;}\u00bb][\/vc_column][\/vc_row][vc_row css=\u00bb.vc_custom_1745233821598{margin-top: 50px !important;}\u00bb][vc_column width=\u00bb2\/3&#8243; el_class=\u00bbpadding-50-right\u00bb css=\u00bb.vc_custom_1494506721665{padding-right: 50px !important;}\u00bb][vc_column_text] &nbsp; Presentaci\u00f3n [\/vc_column_text][vc_empty_space height=\u00bb40px\u00bb][vc_column_text el_id=\u00bborganigrama\u00bb] Organigrama [\/vc_column_text][vc_column_text] Equipo de direcci\u00f3n Decano Javier Medina L\u00f3pez Secretaria Matilde Mart\u00edn Gonz\u00e1lez Secci\u00f3n de Filolog\u00eda Vicedecana de la secci\u00f3n de Filolog\u00eda: M.\u00aa Josefina&#8230;<\/p>\n","protected":false},"author":1,"featured_media":0,"parent":0,"menu_order":0,"comment_status":"closed","ping_status":"closed","template":"templates\/template-frontpage.php","meta":[],"acf":[],"_links":{"self":[{"href":"https:\/\/www.ull.es\/centros\/facultad-humanidades\/wp-json\/wp\/v2\/pages\/40"}],"collection":[{"href":"https:\/\/www.ull.es\/centros\/facultad-humanidades\/wp-json\/wp\/v2\/pages"}],"about":[{"href":"https:\/\/www.ull.es\/centros\/facultad-humanidades\/wp-json\/wp\/v2\/types\/page"}],"author":[{"embeddable":true,"href":"https:\/\/www.ull.es\/centros\/facultad-humanidades\/wp-json\/wp\/v2\/users\/1"}],"replies":[{"embeddable":true,"href":"https:\/\/www.ull.es\/centros\/facultad-humanidades\/wp-json\/wp\/v2\/comments?post=40"}],"version-history":[{"count":117,"href":"https:\/\/www.ull.es\/centros\/facultad-humanidades\/wp-json\/wp\/v2\/pages\/40\/revisions"}],"predecessor-version":[{"id":1203,"href":"https:\/\/www.ull.es\/centros\/facultad-humanidades\/wp-json\/wp\/v2\/pages\/40\/revisions\/1203"}],"wp:attachment":[{"href":"https:\/\/www.ull.es\/centros\/facultad-humanidades\/wp-json\/wp\/v2\/media?parent=40"}],"curies":[{"name":"wp","href":"https:\/\/api.w.org\/{rel}","templated":true}]}}