{"id":533,"date":"2018-03-16T15:53:26","date_gmt":"2018-03-16T15:53:26","guid":{"rendered":"http:\/\/www.ull.es\/centros\/facultad-ciencias-salud\/?page_id=533"},"modified":"2025-10-14T08:26:57","modified_gmt":"2025-10-14T08:26:57","slug":"cultura-extension","status":"publish","type":"page","link":"https:\/\/www.ull.es\/centros\/facultad-medicina\/cultura-extension\/","title":{"rendered":"Cultura y extensi\u00f3n"},"content":{"rendered":"<p>[vc_row full_width=\u00bbstretch_row_content_no_spaces\u00bb el_class=\u00bbSliderPortada\u00bb css=\u00bb.vc_custom_1745237111535{margin-top: -100px !important;}\u00bb][vc_column][rev_slider_vc alias=\u00bbportada\u00bb][\/vc_column][\/vc_row][vc_row full_width=\u00bbstretch_row_content_no_spaces\u00bb][vc_column][vc_custom_heading text=\u00bb\u00bb font_container=\u00bbtag:h2|text_align:center\u00bb google_fonts=\u00bbfont_family:Montserrat%3Aregular%2C700|font_style:700%20bold%20regular%3A700%3Anormal\u00bb css=\u00bb.vc_custom_1721221176088{padding-top: 15px !important;padding-bottom: 15px !important;background-color: #360060 !important;}\u00bb][\/vc_column][\/vc_row][vc_row css=\u00bb.vc_custom_1745233821598{margin-top: 50px !important;}\u00bb][vc_column width=\u00bb2\/3&#8243; el_class=\u00bbpadding-50-right\u00bb css=\u00bb.vc_custom_1494506721665{padding-right: 50px !important;}\u00bb][vc_column_text]<\/p>\n<p>[vc_row][vc_column][vc_tta_accordion shape=\u00bbsquare\u00bb c_icon=\u00bbchevron\u00bb c_position=\u00bbright\u00bb active_section=\u00bb1&#8243; no_fill=\u00bbtrue\u00bb collapsible_all=\u00bbtrue\u00bb title=\u00bbCultura y Extensi\u00f3n\u00bb][vc_tta_section title=\u00bbJardines de Ciencias de la Salud\u00bb tab_id=\u00bbjardines-ciencias-salud\u00bb][vc_column_text]<a href=\"https:\/\/www.ull.es\/centros\/jardin-campus-salud\/\" target=\"_blank\" rel=\"noopener noreferrer\" target=\"_blank\" rel=\"noopener\">P\u00e1gina web de los Jardines de Ciencias de la Salud<\/a>[\/vc_column_text][vc_tta_section title=\u00bbSala de Arte Miguel Guirao\u00bb tab_id=\u00bbsala-arte-miguel-guirao\u00bb][vc_column_text]<a href=\"https:\/\/www.google.es\/maps\/@28.4558404,-16.2916284,117m\/data=!3m1!1e3\" target=\"_blank\" rel=\"noopener noreferrer\" target=\"_blank\" rel=\"noopener\">Secci\u00f3n de Medicina, 1\u00aa Planta &#8211; Decanato.<\/a><\/p>\n<p>La Sala de Arte Miguel Guirao comenz\u00f3 su andadura en el a\u00f1o 2017. El espacio nace con la motivaci\u00f3n\u00a0de convertirse en una referencia dentro de la creaci\u00f3n art\u00edstica en la Facultad de Ciencias de la Salud. La Sala es concebida como una plataforma de creaci\u00f3n multidisciplinar con la misi\u00f3n de fomentar la promoci\u00f3n y visibilidad de la cultura art\u00edstica.<\/p>\n<p>[\/vc_column_text][\/vc_tta_section][vc_tta_section title=\u00bbTuna de Medicina\u00bb tab_id=\u00bbtuna-medicina\u00bb][vc_column_text]La Muy Ilustre, Decana, Nocturna y Andariega Tuna de Medicina de la Universidad de La Laguna, volvi\u00f3 con m\u00e1s fuerza que nunca, no cabe duda, tras unos a\u00f1os de barbecho. Y es que desde el curso 2011\/2012 nuestra familia no ha parado de crecer, siendo en el momento actual m\u00e1s de 20 j\u00f3venes estudiantes universitarios los que seguimos perpetuando esta centenaria tradici\u00f3n espa\u00f1ola.<\/p>\n<p>La m\u00fasica, la cultura, los viajes\u2026todo ello regado por la amistad que nos une, son algunos de nuestros valores, que vamos repartiendo tanto por nuestra querida ciudad y por parte del extranjero. Porque no solo se nos ve en bodas, bautizos y comuniones, sino que son muchas las compa\u00f1eras de nuestra facultad con las que hemos podido disfrutar en m\u00e1gicas noches de ronda, as\u00ed como numerosos son los pa\u00edses por los que hemos viajado: Estados Unidos, Holanda, Francia, Suiza, Hungr\u00eda, Rep\u00fablica Checa\u2026ya sea para conocer mundo o para traernos alg\u00fan que otro premio de diversos festivales internacionales.<\/p>\n<p>Y no solo tenemos un pasado, desde 1969, sino que como podr\u00e1n ver en nuestras redes sociales, tenemos mucho presente y futuro, pues apenas acaba un curso ya empezamos a planificar el siguiente y adem\u00e1s tenemos el honor de comunicar que estamos comenzando los preparativos de nuestro primer medio siglo de vida, que cumpliremos en 2019.<\/p>\n<p>No se pierdan la oportunidad de que la Universidad pase por ustedes con algo m\u00e1s que libros, clases, pr\u00e1cticas y ex\u00e1menes. Si quieren disfrutar y ser part\u00edcipes de nuestras experiencias, no duden en contactar con nosotros o acercarse a alguno de nuestros ensayos en el CECS.<\/p>\n<ul>\n<li><a href=\"https:\/\/www.instagram.com\/tunamedicinaull\/?hl=es\" target=\"_blank\" rel=\"noopener noreferrer\" target=\"_blank\" rel=\"noopener\">Instagram de la Tuna de Medicina<\/a><\/li>\n<\/ul>\n<p>[\/vc_column_text][\/vc_tta_section][\/vc_column][vc_column width=\u00bb1\/3&#8243;][vc_column_text el_class=\u00bbcontacto\u00bb]\n<ul class=\"widget-box\">\n<li class='contacto-header'>Informaci\u00f3n de contacto<\/li><li><i class=\"fa fa-map-marker\"><\/i> C\/ Sta. Mar\u00eda Soledad, s\/n. Facultad de Medicina. Apartado 456. C\u00f3digo postal 38200. San Crist\u00f3bal de La Laguna. S\/C de Tenerife<\/li><li><i class=\"fa fa-phone\"><\/i> (+34) 922 31 92 77<\/li><li><i class=\"fa fa-envelope\"><\/i>  <a href=mailto:fcsalud@ull.es>fcsalud@ull.es<\/a><\/li><li><i class=\"fa fa-calendar\"><\/i><a href=\"http:\/\/citaprevia.ull.es\/\"> Cita previa<\/a><\/li><li><i class=\"fa fa-archive\"><\/i><a href=\"https:\/\/sede.ull.es\/ecivilis-site\/catalog\/showProcedure\/484\"> Procedimiento para quejas, sugerencias y felicitaciones<\/a><\/li>\n<\/ul>\n\n[\/vc_column_text][\/vc_column][\/vc_row]<\/p>\n","protected":false},"excerpt":{"rendered":"<p>[vc_row full_width=\u00bbstretch_row_content_no_spaces\u00bb el_class=\u00bbSliderPortada\u00bb css=\u00bb.vc_custom_1745237111535{margin-top: -100px !important;}\u00bb][vc_column][rev_slider_vc alias=\u00bbportada\u00bb][\/vc_column][\/vc_row][vc_row full_width=\u00bbstretch_row_content_no_spaces\u00bb][vc_column][vc_custom_heading text=\u00bb\u00bb font_container=\u00bbtag:h2|text_align:center\u00bb google_fonts=\u00bbfont_family:Montserrat%3Aregular%2C700|font_style:700%20bold%20regular%3A700%3Anormal\u00bb css=\u00bb.vc_custom_1721221176088{padding-top: 15px !important;padding-bottom: 15px !important;background-color: #360060 !important;}\u00bb][\/vc_column][\/vc_row][vc_row css=\u00bb.vc_custom_1745233821598{margin-top: 50px !important;}\u00bb][vc_column width=\u00bb2\/3&#8243; el_class=\u00bbpadding-50-right\u00bb css=\u00bb.vc_custom_1494506721665{padding-right: 50px !important;}\u00bb][vc_column_text] [vc_row][vc_column][vc_tta_accordion shape=\u00bbsquare\u00bb c_icon=\u00bbchevron\u00bb c_position=\u00bbright\u00bb active_section=\u00bb1&#8243; no_fill=\u00bbtrue\u00bb collapsible_all=\u00bbtrue\u00bb title=\u00bbCultura y Extensi\u00f3n\u00bb][vc_tta_section title=\u00bbJardines de Ciencias de la Salud\u00bb tab_id=\u00bbjardines-ciencias-salud\u00bb][vc_column_text]P\u00e1gina web de los Jardines de Ciencias de la Salud[\/vc_column_text][vc_tta_section title=\u00bbSala de Arte&#8230;<\/p>\n","protected":false},"author":1,"featured_media":0,"parent":0,"menu_order":0,"comment_status":"closed","ping_status":"closed","template":"templates\/template-frontpage.php","meta":[],"acf":[],"_links":{"self":[{"href":"https:\/\/www.ull.es\/centros\/facultad-medicina\/wp-json\/wp\/v2\/pages\/533"}],"collection":[{"href":"https:\/\/www.ull.es\/centros\/facultad-medicina\/wp-json\/wp\/v2\/pages"}],"about":[{"href":"https:\/\/www.ull.es\/centros\/facultad-medicina\/wp-json\/wp\/v2\/types\/page"}],"author":[{"embeddable":true,"href":"https:\/\/www.ull.es\/centros\/facultad-medicina\/wp-json\/wp\/v2\/users\/1"}],"replies":[{"embeddable":true,"href":"https:\/\/www.ull.es\/centros\/facultad-medicina\/wp-json\/wp\/v2\/comments?post=533"}],"version-history":[{"count":16,"href":"https:\/\/www.ull.es\/centros\/facultad-medicina\/wp-json\/wp\/v2\/pages\/533\/revisions"}],"predecessor-version":[{"id":876,"href":"https:\/\/www.ull.es\/centros\/facultad-medicina\/wp-json\/wp\/v2\/pages\/533\/revisions\/876"}],"wp:attachment":[{"href":"https:\/\/www.ull.es\/centros\/facultad-medicina\/wp-json\/wp\/v2\/media?parent=533"}],"curies":[{"name":"wp","href":"https:\/\/api.w.org\/{rel}","templated":true}]}}

Cultura y extensión

<p>[vc_row full_width=»stretch_row_content_no_spaces» el_class=»SliderPortada» css=».vc_custom_1745237111535{margin-top: -100px !important;}»][vc_column][rev_slider_vc alias=»portada»][/vc_column][/vc_row][vc_row full_width=»stretch_row_content_no_spaces»][vc_column][vc_custom_heading text=»» font_container=»tag:h2|text_align:center» google_fonts=»font_family:Montserrat%3Aregular%2C700|font_style:700%20bold%20regular%3A700%3Anormal» css=».vc_custom_1721221176088{padding-top: 15px !important;padding-bottom: 15px !important;background-color: #360060 !important;}»][/vc_column][/vc_row][vc_row css=».vc_custom_1745233821598{margin-top: 50px !important;}»][vc_column width=»2/3&#8243; el_class=»padding-50-right» css=».vc_custom_1494506721665{padding-right: 50px !important;}»][vc_column_text]</p>
<p>[vc_row][vc_column][vc_tta_accordion shape=»square» c_icon=»chevron» c_position=»right» active_section=»1&#8243; no_fill=»true» collapsible_all=»true» title=»Cultura y Extensión»][vc_tta_section title=»Jardines de Ciencias de la Salud» tab_id=»jardines-ciencias-salud»][vc_column_text]<a href="https://www.ull.es/centros/jardin-campus-salud/" target="_blank" rel="noopener noreferrer" target="_blank" rel="noopener">Página web de los Jardines de Ciencias de la Salud</a>[/vc_column_text][vc_tta_section title=»Sala de Arte Miguel Guirao» tab_id=»sala-arte-miguel-guirao»][vc_column_text]<a href="https://www.google.es/maps/@28.4558404,-16.2916284,117m/data=!3m1!1e3" target="_blank" rel="noopener noreferrer" target="_blank" rel="noopener">Sección de Medicina, 1ª Planta &#8211; Decanato.</a></p>
<p>La Sala de Arte Miguel Guirao comenzó su andadura en el año 2017. El espacio nace con la motivación de convertirse en una referencia dentro de la creación artística en la Facultad de Ciencias de la Salud. La Sala es concebida como una plataforma de creación multidisciplinar con la misión de fomentar la promoción y visibilidad de la cultura artística.</p>
<p>[/vc_column_text][/vc_tta_section][vc_tta_section title=»Tuna de Medicina» tab_id=»tuna-medicina»][vc_column_text]La Muy Ilustre, Decana, Nocturna y Andariega Tuna de Medicina de la Universidad de La Laguna, volvió con más fuerza que nunca, no cabe duda, tras unos años de barbecho. Y es que desde el curso 2011/2012 nuestra familia no ha parado de crecer, siendo en el momento actual más de 20 jóvenes estudiantes universitarios los que seguimos perpetuando esta centenaria tradición española.</p>
<p>La música, la cultura, los viajes…todo ello regado por la amistad que nos une, son algunos de nuestros valores, que vamos repartiendo tanto por nuestra querida ciudad y por parte del extranjero. Porque no solo se nos ve en bodas, bautizos y comuniones, sino que son muchas las compañeras de nuestra facultad con las que hemos podido disfrutar en mágicas noches de ronda, así como numerosos son los países por los que hemos viajado: Estados Unidos, Holanda, Francia, Suiza, Hungría, República Checa…ya sea para conocer mundo o para traernos algún que otro premio de diversos festivales internacionales.</p>
<p>Y no solo tenemos un pasado, desde 1969, sino que como podrán ver en nuestras redes sociales, tenemos mucho presente y futuro, pues apenas acaba un curso ya empezamos a planificar el siguiente y además tenemos el honor de comunicar que estamos comenzando los preparativos de nuestro primer medio siglo de vida, que cumpliremos en 2019.</p>
<p>No se pierdan la oportunidad de que la Universidad pase por ustedes con algo más que libros, clases, prácticas y exámenes. Si quieren disfrutar y ser partícipes de nuestras experiencias, no duden en contactar con nosotros o acercarse a alguno de nuestros ensayos en el CECS.</p>
<ul>
<li><a href="https://www.instagram.com/tunamedicinaull/?hl=es" target="_blank" rel="noopener noreferrer" target="_blank" rel="noopener">Instagram de la Tuna de Medicina</a></li>
</ul>
<p>[/vc_column_text][/vc_tta_section][/vc_column][vc_column width=»1/3&#8243;][vc_column_text el_class=»contacto»]
<ul class="widget-box">
<li class='contacto-header'>Información de contacto</li><li><i class="fa fa-map-marker"></i> C/ Sta. María Soledad, s/n. Facultad de Medicina. Apartado 456. Código postal 38200. San Cristóbal de La Laguna. S/C de Tenerife</li><li><i class="fa fa-phone"></i> (+34) 922 31 92 77</li><li><i class="fa fa-envelope"></i>  <a href=mailto:fcsalud@ull.es>fcsalud@ull.es</a></li><li><i class="fa fa-calendar"></i><a href="http://citaprevia.ull.es/"> Cita previa</a></li><li><i class="fa fa-archive"></i><a href="https://sede.ull.es/ecivilis-site/catalog/showProcedure/484"> Procedimiento para quejas, sugerencias y felicitaciones</a></li>
</ul>

[/vc_column_text][/vc_column][/vc_row]</p>

<p>[vc_row full_width=»stretch_row_content_no_spaces» el_class=»SliderPortada» css=».vc_custom_1745237111535{margin-top: -100px !important;}»][vc_column][rev_slider_vc alias=»portada»][/vc_column][/vc_row][vc_row full_width=»stretch_row_content_no_spaces»][vc_column][vc_custom_heading text=»» font_container=»tag:h2|text_align:center» google_fonts=»font_family:Montserrat%3Aregular%2C700|font_style:700%20bold%20regular%3A700%3Anormal» css=».vc_custom_1721221176088{padding-top: 15px !important;padding-bottom: 15px !important;background-color: #360060 !important;}»][/vc_column][/vc_row][vc_row css=».vc_custom_1745233821598{margin-top: 50px !important;}»][vc_column width=»2/3&#8243; el_class=»padding-50-right» css=».vc_custom_1494506721665{padding-right: 50px !important;}»][vc_column_text] [vc_row][vc_column][vc_tta_accordion shape=»square» c_icon=»chevron» c_position=»right» active_section=»1&#8243; no_fill=»true» collapsible_all=»true» title=»Cultura y Extensión»][vc_tta_section title=»Jardines de Ciencias de la Salud» tab_id=»jardines-ciencias-salud»][vc_column_text]Página web de los Jardines de Ciencias de la Salud[/vc_column_text][vc_tta_section title=»Sala de Arte&#8230;</p>
