{"id":211,"date":"2021-11-11T12:55:37","date_gmt":"2021-11-11T12:55:37","guid":{"rendered":"https:\/\/www.ull.es\/centros\/facultad-psicologia-logopedia\/?page_id=211"},"modified":"2026-08-04T12:00:33","modified_gmt":"2026-08-04T12:00:33","slug":"elecciones-alumnos-para-junta-de-centro","status":"publish","type":"page","link":"https:\/\/www.ull.es\/centros\/facultad-psicologia-logopedia\/fr\/elecciones-alumnos-para-junta-de-centro\/","title":{"rendered":"\u00c9lections \u00e9tudiantes pour le conseil scolaire"},"content":{"rendered":"\n<div class=\"wp-block-stackable-columns alignfull stk-block-columns stk-block stk-8a3f04d\" data-block-id=\"8a3f04d\"><style>.stk-8a3f04d {padding-bottom:0px !important;margin-bottom:50px !important;}@media screen and (max-width: 767px){.stk-8a3f04d {margin-top:-10px !important;margin-bottom:-15px !important;}}<\/style><div class=\"stk-row stk-inner-blocks stk-block-content stk-content-align stk-8a3f04d-column alignfull\">\n<div class=\"wp-block-stackable-column stk-block-column stk-column stk-block stk-8f0b0a1\" data-v=\"4\" data-block-id=\"8f0b0a1\"><div class=\"stk-column-wrapper stk-block-column__content stk-container stk-8f0b0a1-container stk--no-background stk--no-padding\"><div class=\"stk-block-content stk-inner-blocks stk-8f0b0a1-inner-blocks\"><style id=\"depicter-1-inline-pre-css\">\n\n.depicter-1:not(.depicter-ready){\n\theight:500px;\n}\n\n\/***** Tablet *****\/\n@media screen and (max-width: 1024px){\n\n.depicter-1:not(.depicter-ready){\n\theight:700px;\n}\n\n}\n\/***** Mobile *****\/\n@media screen and (max-width: 767px){\n\n.depicter-1:not(.depicter-ready){\n\theight:740px;\n}\n\n}\n<\/style>\n<div id=\"depicter-1\" class=\"depicter depicter-document depicter-revert depicter-1 depicter-layout-fullwidth\">\n\n<div class=\"depicter-loading-container depicter-loading dotFlashing-dark\"><div class=\"depicter-loading-dark depicter-dot-flashing\">\n   <span><\/span>\n   <span><\/span>\n   <span><\/span>\n<\/div>\n<\/div>\n<div id=\"depicter-1-section-1\" class=\"depicter-section depicter-1-section-1\" data-name=\"Section 1\" data-type=\"section\" data-local-id=\"section-1\">\n<picture class=\"depicter-bg\">\n<source data-depicter-srcset=\"https:\/\/www.ull.es\/centros\/facultad-psicologia-logopedia\/wp-content\/uploads\/sites\/20\/2024\/10\/Psicologia-01-768x512.jpg, https:\/\/www.ull.es\/centros\/facultad-psicologia-logopedia\/wp-content\/uploads\/sites\/20\/2024\/10\/Psicologia-01.jpg 2x\" srcset=\"data:image\/gif;base64,R0lGODlhAQABAIAAAAAAAP\/\/\/yH5BAEAAAAALAAAAAABAAEAAAIBRAA7\" media=\"(max-width: 1024px)\" \/>\n\n<source data-depicter-srcset=\"https:\/\/www.ull.es\/centros\/facultad-psicologia-logopedia\/wp-content\/uploads\/sites\/20\/2024\/10\/Psicologia-01.jpg, https:\/\/www.ull.es\/centros\/facultad-psicologia-logopedia\/wp-content\/uploads\/sites\/20\/2024\/10\/Psicologia-01-2000x1333.jpg 2x\" srcset=\"data:image\/gif;base64,R0lGODlhAQABAIAAAAAAAP\/\/\/yH5BAEAAAAALAAAAAABAAEAAAIBRAA7\" media=\"(min-width: 1025px)\" \/>\n<img decoding=\"async\" src=\"data:image\/gif;base64,R0lGODlhAQABAIAAAAAAAP\/\/\/yH5BAEAAAAALAAAAAABAAEAAAIBRAA7\" alt=\"\" data-depicter-src=\"https:\/\/www.ull.es\/centros\/facultad-psicologia-logopedia\/wp-content\/uploads\/sites\/20\/2024\/10\/Psicologia-01.jpg\" data-object-position=\"center center,,\" \/>\n<\/picture>\n\n\n<h2 id=\"depicter-1-element-3\" class=\"depicter-element depicter-layer depicter-1-element-3\" data-type=\"text\" data-wrap=\"true\" data-name=\"Text 1\" data-local-id=\"element-3\" data-offset=\"x:220px;y:125px;origin:tl\" data-tablet-offset=\"x:182px;y:273px;origin:tl\" data-mobile-offset=\"x:10px;y:262px;origin:tl\" data-width=\"677px,676px,400px\" data-height=\"auto,auto,auto\" data-responsive-scale=\"true,,\">Facultad de Psicolog\u00eda y Logopedia<\/h2>\n\n<div id=\"depicter-1-element-4\" class=\"depicter-element depicter-layer depicter-1-element-4\" data-type=\"shape\" data-wrap=\"true\" data-name=\"Shape 1\" data-local-id=\"element-4\" data-offset=\"x:220px;y:278px;origin:tl\" data-tablet-offset=\"x:182px;y:429px;origin:tl\" data-mobile-offset=\"x:10px;y:501px;origin:tl\" data-width=\"677px,676px,353px\" data-height=\"9px,9px,9px\" data-responsive-scale=\"true,,\"><\/div>\n\n<h3 id=\"depicter-1-element-5\" class=\"depicter-element depicter-layer depicter-1-element-5\" data-type=\"text\" data-wrap=\"true\" data-name=\"Text 2\" data-local-id=\"element-5\" data-offset=\"x:220px;y:305px;origin:tl\" data-tablet-offset=\"x:182px;y:462px;origin:tl\" data-mobile-offset=\"x:37px;y:527px;origin:tl\" data-width=\"auto,auto,auto\" data-height=\"auto,auto,auto\" data-responsive-scale=\"true,,\">Campus de Guajara<\/h3>\n<\/div>\n<\/div>\n<script>\n(window.depicterSetups = window.depicterSetups || []).push(function(){\n\tDepicter.basePath = 'https:\/\/www.ull.es\/centros\/facultad-psicologia-logopedia\/wp-content\/plugins\/depicter\/resources\/scripts\/player\/';\n\tconst dpPlayer = Depicter.setup('.depicter-1',\n\t\t{\"width\":[\"1600\",\"1024\",\"360\"],\"height\":[\"500\",\"700\",\"740\"],\"view\":\"basic\",\"keepAspectRatio\":true,\"preload\":0,\"layout\":\"fullwidth\",\"rtl\":false,\"initAfterAppear\":false,\"ajaxApiUrl\":\"https:\\\/\\\/www.ull.es\\\/centros\\\/facultad-psicologia-logopedia\\\/wp-admin\\\/admin-ajax.php\",\"mouseSwipe\":true,\"touchSwipe\":true,\"useWatermark\":false}\n\t);\n});\n<\/script><\/div><\/div><\/div>\n<\/div><\/div>\n\n\n<h1>Elecciones alumnado para Junta de Centro 2025<\/h1>\n<p><a href=\"https:\/\/drive.google.com\/file\/d\/1bKkfX-xuVFzPlTKtyGrCjlr-E6QLZRO4\/view?usp=sharing\" target=\"_blank\" rel=\"noopener\">Censo provisional de alumnado 2025<\/a><\/p>\n<p><a href=\"https:\/\/drive.google.com\/file\/d\/1cVIiyttgkBCJYDyal0XXMWwYHyEycCjE\/view?usp=sharing\" target=\"_blank\" rel=\"noopener\">Calendario electoral alumnado 2025<\/a><\/p>\n<p><a href=\"https:\/\/drive.google.com\/file\/d\/1ot2cTav6bNntlp7ihb7dEPBPuYDFwk8i\/view?usp=sharing\" target=\"_blank\" rel=\"noopener\" target=\"_blank\" rel=\"noopener\">Candidatura alumnado<\/a><\/p>\n<p><a href=\"https:\/\/drive.google.com\/file\/d\/1RgkuENrIqNYPRGqIJNokgklf-LhhrUki\/view?usp=sharing\" target=\"_blank\" rel=\"noopener\" target=\"_blank\" rel=\"noopener\">Censo definitivo de alumnado 2025<\/a><\/p>\n<p><a href=\"https:\/\/drive.google.com\/file\/d\/1l0jvOfkpvpQyYbusPlIl0w-Hu_9TnMir\/view?usp=sharing\" target=\"_blank\" rel=\"noopener\">Resoluci\u00f3n publicaci\u00f3n provisional de candidaturas<\/a><\/p>\n<p><a href=\"https:\/\/drive.google.com\/file\/d\/1TbCOPS5q-PG6F58RqDSZLFDuOrRz-c7W\/view?usp=sharing\" target=\"_blank\" rel=\"noopener\">Resoluci\u00f3n publicaci\u00f3n definitiva de ausencia de candidaturas<\/a><\/p>\n\n\n<p><\/p>\n","protected":false},"excerpt":{"rendered":"<p>\u00c9lections \u00e9tudiantes pour le conseil scolaire 2025 Recensement \u00e9tudiant provisoire 2025 Calendrier des \u00e9lections \u00e9tudiantes 2025 Candidatures \u00e9tudiantes Recensement \u00e9tudiant d\u00e9finitif 2025 R\u00e9solution relative \u00e0 la publication provisoire des candidatures R\u00e9solution relative \u00e0 la publication d\u00e9finitive de l&#039;absence de candidatures<\/p>","protected":false},"author":35,"featured_media":0,"parent":0,"menu_order":0,"comment_status":"closed","ping_status":"closed","template":"templates\/template-frontpage.php","meta":{"_acf_changed":false,"footnotes":""},"class_list":["post-211","page","type-page","status-publish","hentry"],"acf":[],"_links":{"self":[{"href":"https:\/\/www.ull.es\/centros\/facultad-psicologia-logopedia\/fr\/wp-json\/wp\/v2\/pages\/211","targetHints":{"allow":["GET"]}}],"collection":[{"href":"https:\/\/www.ull.es\/centros\/facultad-psicologia-logopedia\/fr\/wp-json\/wp\/v2\/pages"}],"about":[{"href":"https:\/\/www.ull.es\/centros\/facultad-psicologia-logopedia\/fr\/wp-json\/wp\/v2\/types\/page"}],"author":[{"embeddable":true,"href":"https:\/\/www.ull.es\/centros\/facultad-psicologia-logopedia\/fr\/wp-json\/wp\/v2\/users\/35"}],"replies":[{"embeddable":true,"href":"https:\/\/www.ull.es\/centros\/facultad-psicologia-logopedia\/fr\/wp-json\/wp\/v2\/comments?post=211"}],"version-history":[{"count":22,"href":"https:\/\/www.ull.es\/centros\/facultad-psicologia-logopedia\/fr\/wp-json\/wp\/v2\/pages\/211\/revisions"}],"predecessor-version":[{"id":501,"href":"https:\/\/www.ull.es\/centros\/facultad-psicologia-logopedia\/fr\/wp-json\/wp\/v2\/pages\/211\/revisions\/501"}],"wp:attachment":[{"href":"https:\/\/www.ull.es\/centros\/facultad-psicologia-logopedia\/fr\/wp-json\/wp\/v2\/media?parent=211"}],"curies":[{"name":"wp","href":"https:\/\/api.w.org\/{rel}","templated":true}]}}

Élections étudiantes pour le conseil scolaire

<div class="wp-block-stackable-columns alignfull stk-block-columns stk-block stk-8a3f04d" data-block-id="8a3f04d"><style>.stk-8a3f04d {padding-bottom:0px !important;margin-bottom:50px !important;}@media screen and (max-width: 767px){.stk-8a3f04d {margin-top:-10px !important;margin-bottom:-15px !important;}}</style><div class="stk-row stk-inner-blocks stk-block-content stk-content-align stk-8a3f04d-column alignfull">
<div class="wp-block-stackable-column stk-block-column stk-column stk-block stk-8f0b0a1" data-v="4" data-block-id="8f0b0a1"><div class="stk-column-wrapper stk-block-column__content stk-container stk-8f0b0a1-container stk--no-background stk--no-padding"><div class="stk-block-content stk-inner-blocks stk-8f0b0a1-inner-blocks"><style id="depicter-1-inline-pre-css">

.depicter-1:not(.depicter-ready){
	height:500px;
}

/***** Tablet *****/
@media screen and (max-width: 1024px){

.depicter-1:not(.depicter-ready){
	height:700px;
}

}
/***** Mobile *****/
@media screen and (max-width: 767px){

.depicter-1:not(.depicter-ready){
	height:740px;
}

}
</style>
<div id="depicter-1" class="depicter depicter-document depicter-revert depicter-1 depicter-layout-fullwidth">

<div class="depicter-loading-container depicter-loading dotFlashing-dark"><div class="depicter-loading-dark depicter-dot-flashing">
   <span></span>
   <span></span>
   <span></span>
</div>
</div>
<div id="depicter-1-section-1" class="depicter-section depicter-1-section-1" data-name="Section 1" data-type="section" data-local-id="section-1">
<picture class="depicter-bg">
<source data-depicter-srcset="https://www.ull.es/centros/facultad-psicologia-logopedia/wp-content/uploads/sites/20/2024/10/Psicologia-01-768x512.jpg, https://www.ull.es/centros/facultad-psicologia-logopedia/wp-content/uploads/sites/20/2024/10/Psicologia-01.jpg 2x" srcset="data:image/gif;base64,R0lGODlhAQABAIAAAAAAAP///yH5BAEAAAAALAAAAAABAAEAAAIBRAA7" media="(max-width: 1024px)" />

<source data-depicter-srcset="https://www.ull.es/centros/facultad-psicologia-logopedia/wp-content/uploads/sites/20/2024/10/Psicologia-01.jpg, https://www.ull.es/centros/facultad-psicologia-logopedia/wp-content/uploads/sites/20/2024/10/Psicologia-01-2000x1333.jpg 2x" srcset="data:image/gif;base64,R0lGODlhAQABAIAAAAAAAP///yH5BAEAAAAALAAAAAABAAEAAAIBRAA7" media="(min-width: 1025px)" />
<img decoding="async" src="data:image/gif;base64,R0lGODlhAQABAIAAAAAAAP///yH5BAEAAAAALAAAAAABAAEAAAIBRAA7" alt="" data-depicter-src="https://www.ull.es/centros/facultad-psicologia-logopedia/wp-content/uploads/sites/20/2024/10/Psicologia-01.jpg" data-object-position="center center,," />
</picture>


<h2 id="depicter-1-element-3" class="depicter-element depicter-layer depicter-1-element-3" data-type="text" data-wrap="true" data-name="Text 1" data-local-id="element-3" data-offset="x:220px;y:125px;origin:tl" data-tablet-offset="x:182px;y:273px;origin:tl" data-mobile-offset="x:10px;y:262px;origin:tl" data-width="677px,676px,400px" data-height="auto,auto,auto" data-responsive-scale="true,,">Facultad de Psicología y Logopedia</h2>

<div id="depicter-1-element-4" class="depicter-element depicter-layer depicter-1-element-4" data-type="shape" data-wrap="true" data-name="Shape 1" data-local-id="element-4" data-offset="x:220px;y:278px;origin:tl" data-tablet-offset="x:182px;y:429px;origin:tl" data-mobile-offset="x:10px;y:501px;origin:tl" data-width="677px,676px,353px" data-height="9px,9px,9px" data-responsive-scale="true,,"></div>

<h3 id="depicter-1-element-5" class="depicter-element depicter-layer depicter-1-element-5" data-type="text" data-wrap="true" data-name="Text 2" data-local-id="element-5" data-offset="x:220px;y:305px;origin:tl" data-tablet-offset="x:182px;y:462px;origin:tl" data-mobile-offset="x:37px;y:527px;origin:tl" data-width="auto,auto,auto" data-height="auto,auto,auto" data-responsive-scale="true,,">Campus de Guajara</h3>
</div>
</div>
<script>
(window.depicterSetups = window.depicterSetups || []).push(function(){
	Depicter.basePath = 'https://www.ull.es/centros/facultad-psicologia-logopedia/wp-content/plugins/depicter/resources/scripts/player/';
	const dpPlayer = Depicter.setup('.depicter-1',
		{"width":["1600","1024","360"],"height":["500","700","740"],"view":"basic","keepAspectRatio":true,"preload":0,"layout":"fullwidth","rtl":false,"initAfterAppear":false,"ajaxApiUrl":"https:\/\/www.ull.es\/centros\/facultad-psicologia-logopedia\/wp-admin\/admin-ajax.php","mouseSwipe":true,"touchSwipe":true,"useWatermark":false}
	);
});
</script></div></div></div>
</div></div>


<h1>Elecciones alumnado para Junta de Centro 2025</h1>
<p><a href="https://drive.google.com/file/d/1bKkfX-xuVFzPlTKtyGrCjlr-E6QLZRO4/view?usp=sharing" target="_blank" rel="noopener">Censo provisional de alumnado 2025</a></p>
<p><a href="https://drive.google.com/file/d/1cVIiyttgkBCJYDyal0XXMWwYHyEycCjE/view?usp=sharing" target="_blank" rel="noopener">Calendario electoral alumnado 2025</a></p>
<p><a href="https://drive.google.com/file/d/1ot2cTav6bNntlp7ihb7dEPBPuYDFwk8i/view?usp=sharing" target="_blank" rel="noopener" target="_blank" rel="noopener">Candidatura alumnado</a></p>
<p><a href="https://drive.google.com/file/d/1RgkuENrIqNYPRGqIJNokgklf-LhhrUki/view?usp=sharing" target="_blank" rel="noopener" target="_blank" rel="noopener">Censo definitivo de alumnado 2025</a></p>
<p><a href="https://drive.google.com/file/d/1l0jvOfkpvpQyYbusPlIl0w-Hu_9TnMir/view?usp=sharing" target="_blank" rel="noopener">Resolución publicación provisional de candidaturas</a></p>
<p><a href="https://drive.google.com/file/d/1TbCOPS5q-PG6F58RqDSZLFDuOrRz-c7W/view?usp=sharing" target="_blank" rel="noopener">Resolución publicación definitiva de ausencia de candidaturas</a></p>


<p></p>

<p>Élections étudiantes pour le conseil scolaire 2025 Recensement étudiant provisoire 2025 Calendrier des élections étudiantes 2025 Candidatures étudiantes Recensement étudiant définitif 2025 Résolution relative à la publication provisoire des candidatures Résolution relative à la publication définitive de l&#039;absence de candidatures</p>
