{"id":55,"date":"2018-10-30T10:46:47","date_gmt":"2018-10-30T10:46:47","guid":{"rendered":"http:\/\/www.ull.es\/centros\/facultad-psicologia-logopedia\/?page_id=55"},"modified":"2025-04-24T11:34:01","modified_gmt":"2025-04-24T11:34:01","slug":"informacion-general","status":"publish","type":"page","link":"https:\/\/www.ull.es\/centros\/facultad-psicologia-logopedia\/informacion-general\/","title":{"rendered":"Informaci\u00f3n general"},"content":{"rendered":"<p>[vc_row full_width=\u00bbstretch_row_content_no_spaces\u00bb el_class=\u00bbSliderPortada\u00bb css=\u00bb.vc_custom_1745237111535{margin-top: -100px !important;}\u00bb][vc_column][rev_slider_vc alias=\u00bbportada\u00bb][\/vc_column][\/vc_row][vc_row full_width=\u00bbstretch_row_content_no_spaces\u00bb][vc_column][vc_custom_heading text=\u00bb\u00bb font_container=\u00bbtag:h2|text_align:center\u00bb google_fonts=\u00bbfont_family:Montserrat%3Aregular%2C700|font_style:700%20bold%20regular%3A700%3Anormal\u00bb css=\u00bb.vc_custom_1721221176088{padding-top: 15px !important;padding-bottom: 15px !important;background-color: #360060 !important;}\u00bb][\/vc_column][\/vc_row][vc_row css=\u00bb.vc_custom_1745233821598{margin-top: 50px !important;}\u00bb][vc_column width=\u00bb2\/3&#8243; el_class=\u00bbpadding-50-right\u00bb css=\u00bb.vc_custom_1494506721665{padding-right: 50px !important;}\u00bb][vc_column_text]<\/p>\n<p>&nbsp;<\/p>\n<h1 style=\"text-align: left;\">Presentaci\u00f3n<\/h1>\n<p>[\/vc_column_text][vc_column_text]La Facultad de Psicolog\u00eda y Logopedia es el \u00f3rgano encargado de la organizaci\u00f3n de las ense\u00f1anzas y los procesos acad\u00e9micos, administrativos y de gesti\u00f3n conducentes a la obtenci\u00f3n de t\u00edtulos de car\u00e1cter oficial y validez en todo el territorio nacional que se impartan en ella y dem\u00e1s t\u00edtulos que establezca la legislaci\u00f3n vigente.[\/vc_column_text][vc_empty_space height=\u00bb20px\u00bb][vc_column_text el_id=\u00bborganigrama\u00bb]<\/p>\n<h1 style=\"text-align: left;\">Organigrama<\/h1>\n<p>[\/vc_column_text][vc_column_text]\n<style>\n    .shortcode-equipo h2 {\n        margin-bottom: 10px !important;\n    }\n<\/style>\n\n<div class=\"shortcode-equipo\">\n    <h2>Equipo de direcci\u00f3n<\/h2><dl><dt><strong>Decano<\/strong><\/dt><dd><a href='https:\/\/www.ull.es\/directorio\/search\/?busqueda=decano-psicologia-logopedia' target='_blank'>Juan Manuel Bethencourt P\u00e9rez<\/a><\/dd><dt><strong>Secretar\u00eda Acad\u00e9mica<\/strong><\/dt><dd><a href='https:\/\/www.ull.es\/directorio\/search\/?busqueda=secpsilog' target='_blank'>Rut I. Correia Delgado<\/a><\/dd><dt><strong>Tutora del NEAE<\/strong><\/dt><dd><a href='https:\/\/www.ull.es\/directorio\/search\/?busqueda=rcorreia' target='_blank'>Rut I. Correia Delgado<\/a><\/dd><dt><strong>Vicedecana de Calidad<\/strong><\/dt><dd><a href='https:\/\/www.ull.es\/directorio\/search\/?busqueda=calpsilog' target='_blank'>Rosario J. Marrero Quevedo<\/a><\/dd><dt><strong>Vicedecana de Ordenaci\u00f3n Acad\u00e9mica<\/strong><\/dt><dd><a href='https:\/\/www.ull.es\/directorio\/search\/?busqueda=oacpsilog' target='_blank'>Teresa Olivares P\u00e9rez<\/a><\/dd><dt><strong>Vicedecano de Relaciones Institucionales, Proyecci\u00f3n y Participaci\u00f3n Social<\/strong><\/dt><dd><a href='https:\/\/www.ull.es\/directorio\/search\/?busqueda=+rpppsilog' target='_blank'>Ernesto J. Su\u00e1rez Rodr\u00edguez<\/a><\/dd><dt><strong>Coordinador POAT<\/strong><\/dt><dd> <a href='https:\/\/www.ull.es\/directorio\/search\/?busqueda=Helena Bonache Recio' target='_blank'>Helena Bonache Recio<\/a><\/dd><dt><strong>Coordinadora de Movilidad Erasmus\/SICUE<\/strong><\/dt><dd> <a href='https:\/\/www.ull.es\/directorio\/search\/?busqueda=Mar\u00eda Alexandra Chas Villar' target='_blank'>Mar\u00eda Alexandra Chas Villar<\/a><\/dd><dt><strong>Coordinadora de Movilidad Extracomunitaria<\/strong><\/dt><dd> <a href='https:\/\/www.ull.es\/directorio\/search\/?busqueda=Mar\u00eda Elena Conde Miranda' target='_blank'>Mar\u00eda Elena Conde Miranda<\/a><\/dd><dt><strong>Coordinador de Pr\u00e1cticas Externas del Grado en Psicolog\u00eda<\/strong><\/dt><dd> <a href='https:\/\/www.ull.es\/directorio\/search\/?busqueda=Christian Robert Rosales S\u00e1nchez' target='_blank'>Christian Robert Rosales S\u00e1nchez<\/a><\/dd><dt><strong>Coordinadora de Pr\u00e1cticas Externas del Grado en Logopedia<\/strong><\/dt><dd> <a href='https:\/\/www.ull.es\/directorio\/search\/?busqueda=Mar\u00eda del Carmen Rodr\u00edguez Jim\u00e9nez' target='_blank'>Mar\u00eda del Carmen Rodr\u00edguez Jim\u00e9nez<\/a><\/dd><dt><strong>Coordinador de calidad institucional e innovaci\u00f3n docente del Grado en Logopedia<\/strong><\/dt><dd> <a href='https:\/\/www.ull.es\/directorio\/search\/?busqueda=V\u00edctor Manuel Acosta Rodr\u00edguez' target='_blank'>V\u00edctor Manuel Acosta Rodr\u00edguez<\/a><\/dd><dt><strong>Coordinadora de Calidad institucional e innovaci\u00f3n docente del Grado de Psicolog\u00eda<\/strong><\/dt><dd> <a href='https:\/\/www.ull.es\/directorio\/search\/?busqueda=M\u00f3nica Carballeira Abella' target='_blank'>M\u00f3nica Carballeira Abella<\/a><\/dd><\/dl><h2>Personal de administraci\u00f3n<\/h2><dl><dt><strong>Administradora<\/strong><\/dt><dd> <a href='https:\/\/www.ull.es\/directorio\/search\/?busqueda=Montserrat Teixid\u00f3 Garc\u00eda' target='_blank'>Montserrat Teixid\u00f3 Garc\u00eda<\/a><\/dd><dt><strong>Gestora<\/strong><\/dt><dd> <a href='https:\/\/www.ull.es\/directorio\/search\/?busqueda=Carmen Mar\u00eda Barroso Pi\u00f1ero' target='_blank'>Carmen Mar\u00eda Barroso Pi\u00f1ero<\/a><\/dd><dt><strong>Colaboradora<\/strong><\/dt><dd> <a href='https:\/\/www.ull.es\/directorio\/search\/?busqueda=Marina Isabel Paredes Rodr\u00edguez' target='_blank'>Marina Isabel Paredes Rodr\u00edguez<\/a><\/dd><dt><strong>Administrativa Base<\/strong><\/dt><dd> <a href='https:\/\/www.ull.es\/directorio\/search\/?busqueda=Mar\u00eda Cristina Montesinos Guti\u00e9rrez' target='_blank'>Mar\u00eda Cristina Montesinos Guti\u00e9rrez<\/a><\/dd><dd> <a href='https:\/\/www.ull.es\/directorio\/search\/?busqueda=' target='_blank'><\/a><\/dd><dt><strong>Administrativa Decanato<\/strong><\/dt><dd> <a href='https:\/\/www.ull.es\/directorio\/search\/?busqueda=Mar\u00eda Auxiliadora Galv\u00e1n Hern\u00e1ndez' target='_blank'>Mar\u00eda Auxiliadora Galv\u00e1n Hern\u00e1ndez<\/a><\/dd><dt><strong>Conserje<\/strong><\/dt><dd> <a href='https:\/\/www.ull.es\/directorio\/search\/?busqueda=Blanca Irene Chico P\u00e9rez' target='_blank'>Blanca Irene Chico P\u00e9rez<\/a><\/dd><dt><strong>Auxiliar de Conserjer\u00eda<\/strong><\/dt><dd> <a href='https:\/\/www.ull.es\/directorio\/search\/?busqueda=Jos\u00e9 M\u00aa. Gonz\u00e1lez Arruti' target='_blank'>Jos\u00e9 M\u00aa. Gonz\u00e1lez Arruti<\/a><\/dd><dd> <a href='https:\/\/www.ull.es\/directorio\/search\/?busqueda=Javier Carlos \u00c1lvarez Cerpa' target='_blank'>Javier Carlos \u00c1lvarez Cerpa<\/a><\/dd><dt><strong>Servicio de Apoyo a la Investigaci\u00f3n (SAI)<\/strong><\/dt><dt><strong>Director<\/strong><\/dt><dd> <a href='https:\/\/www.ull.es\/directorio\/search\/?busqueda=Manuel Gonz\u00e1lez Mauricio' target='_blank'>Manuel Gonz\u00e1lez Mauricio<\/a><\/dd><dt><strong>T\u00e9cnicos<\/strong><\/dt><dd> <a href='https:\/\/www.ull.es\/directorio\/search\/?busqueda=Juan Siverio Rojas' target='_blank'>Juan Siverio Rojas<\/a><\/dd><dd> <a href='https:\/\/www.ull.es\/directorio\/search\/?busqueda=Carlos Razada Cruz' target='_blank'>Carlos Razada Cruz<\/a><\/dd><\/dl>\n<\/div>\n[\/vc_column_text][vc_separator css=\u00bb.vc_custom_1513002225227{margin-top: 50px !important;margin-bottom: 50px !important;}\u00bb][\/vc_column][vc_column width=\u00bb1\/3&#8243;][vc_column_text]<a class=\"btn-destacado\" href=\"https:\/\/riull.ull.es\/xmlui\/handle\/915\/12929\" target=\"_blank\" rel=\"noopener noreferrer\" target=\"_blank\" rel=\"noopener\">Consultar normativa de la facultad<i class=\"fa fa-arrow-right\"><\/i><\/a>[\/vc_column_text][vc_column_text]<a class=\"btn-destacado\" href=\"https:\/\/www.ull.es\/centros\/facultad-psicologia-logopedia\/junta-de-facultad-y-comisiones\/\" target=\"_blank\" rel=\"noopener\" target=\"_blank\" rel=\"noopener\">Consultar junta de facultad y comisiones <i class=\"fa fa-arrow-right\"><\/i><\/a>[\/vc_column_text][vc_column_text el_class=\u00bbcontacto\u00bb]\n<ul class=\"widget-box\">\n<li class='contacto-header'>Informaci\u00f3n de contacto<\/li><li><i class=\"fa fa-map-marker\"><\/i> C\/ Profesor Jos\u00e9 Luis Moreno Becerra s\/n. Campus de Guajara. Apartado 456.  C\u00f3digo postarl 38200. San Crist\u00f3bal de La Laguna. S\/C de Tenerife<\/li><li><i class=\"fa fa-phone\"><\/i> (+34) 922 31 74 60<\/li><li><i class=\"fa fa-envelope\"><\/i>  <a href=mailto:psicologia@ull.es>psicologia@ull.es<\/a><\/li><li><i class=\"fa fa-archive\"><\/i><a href=\"https:\/\/sede.ull.es\/ecivilis-site\/catalog\/showProcedure\/484\"> Procedimiento para quejas, sugerencias y felicitaciones<\/a><\/li>\n<\/ul>\n\n[\/vc_column_text][vc_column_text]\n    \n<style>\n    .google-maps {\n        position: relative;\n        padding-bottom: 75%;\n        height: 0;\n        overflow: hidden;\n    }\n    .google-maps iframe {\n        position: absolute;\n        top: 0;\n        left: 0;\n        width: 100% !important;\n        height: 100% !important;\n    }\n<\/style>\n\n\n<div class=\"google-maps\">\n    <iframe src=\"https:\/\/www.openstreetmap.org\/export\/embed.html?bbox=-16.293866356224%2C28.451388337536%2C-16.287722546634%2C28.457200559816&amp;layer=mapnik&amp;marker=28.455571293275874%2C-16.291040182113647\" style=\"border: 1px solid black\"><\/iframe>\n<\/div>\n\n<div class=\"btn-widget\">\n    <a href=\"https:\/\/www.openstreetmap.org\/directions?engine=graphhopper_car&from=&to=28.455571293275874%2C-16.291040182113647#map=17\/28.455571293275874\/-16.291040182113647\">C\u00f3mo llegar<\/a>  \n<\/div>\n\n  <\/body>\n<\/html>\n\n[\/vc_column_text][\/vc_column][\/vc_row]<\/p>\n","protected":false},"excerpt":{"rendered":"<p>[vc_row full_width=\u00bbstretch_row_content_no_spaces\u00bb el_class=\u00bbSliderPortada\u00bb css=\u00bb.vc_custom_1745237111535{margin-top: -100px !important;}\u00bb][vc_column][rev_slider_vc alias=\u00bbportada\u00bb][\/vc_column][\/vc_row][vc_row full_width=\u00bbstretch_row_content_no_spaces\u00bb][vc_column][vc_custom_heading text=\u00bb\u00bb font_container=\u00bbtag:h2|text_align:center\u00bb google_fonts=\u00bbfont_family:Montserrat%3Aregular%2C700|font_style:700%20bold%20regular%3A700%3Anormal\u00bb css=\u00bb.vc_custom_1721221176088{padding-top: 15px !important;padding-bottom: 15px !important;background-color: #360060 !important;}\u00bb][\/vc_column][\/vc_row][vc_row css=\u00bb.vc_custom_1745233821598{margin-top: 50px !important;}\u00bb][vc_column width=\u00bb2\/3&#8243; el_class=\u00bbpadding-50-right\u00bb css=\u00bb.vc_custom_1494506721665{padding-right: 50px !important;}\u00bb][vc_column_text] &nbsp; Presentaci\u00f3n [\/vc_column_text][vc_column_text]La Facultad de Psicolog\u00eda y Logopedia es el \u00f3rgano encargado de la organizaci\u00f3n de las ense\u00f1anzas y los procesos acad\u00e9micos, administrativos y de gesti\u00f3n conducentes a la&#8230;<\/p>\n","protected":false},"author":37,"featured_media":0,"parent":0,"menu_order":0,"comment_status":"closed","ping_status":"closed","template":"templates\/template-frontpage.php","meta":[],"acf":[],"_links":{"self":[{"href":"https:\/\/www.ull.es\/centros\/facultad-psicologia-logopedia\/wp-json\/wp\/v2\/pages\/55"}],"collection":[{"href":"https:\/\/www.ull.es\/centros\/facultad-psicologia-logopedia\/wp-json\/wp\/v2\/pages"}],"about":[{"href":"https:\/\/www.ull.es\/centros\/facultad-psicologia-logopedia\/wp-json\/wp\/v2\/types\/page"}],"author":[{"embeddable":true,"href":"https:\/\/www.ull.es\/centros\/facultad-psicologia-logopedia\/wp-json\/wp\/v2\/users\/37"}],"replies":[{"embeddable":true,"href":"https:\/\/www.ull.es\/centros\/facultad-psicologia-logopedia\/wp-json\/wp\/v2\/comments?post=55"}],"version-history":[{"count":20,"href":"https:\/\/www.ull.es\/centros\/facultad-psicologia-logopedia\/wp-json\/wp\/v2\/pages\/55\/revisions"}],"predecessor-version":[{"id":395,"href":"https:\/\/www.ull.es\/centros\/facultad-psicologia-logopedia\/wp-json\/wp\/v2\/pages\/55\/revisions\/395"}],"wp:attachment":[{"href":"https:\/\/www.ull.es\/centros\/facultad-psicologia-logopedia\/wp-json\/wp\/v2\/media?parent=55"}],"curies":[{"name":"wp","href":"https:\/\/api.w.org\/{rel}","templated":true}]}}