{"id":251,"date":"2021-04-07T17:22:32","date_gmt":"2021-04-07T17:22:32","guid":{"rendered":"https:\/\/www.ull.es\/centros\/jardin-experimental\/?page_id=251"},"modified":"2021-05-20T12:33:54","modified_gmt":"2021-05-20T12:33:54","slug":"mantenimiento","status":"publish","type":"page","link":"https:\/\/www.ull.es\/centros\/jardin-experimental\/mantenimiento\/","title":{"rendered":"Mantenimiento"},"content":{"rendered":"<p>[vc_row full_width=\u00bbstretch_row_content_no_spaces\u00bb][vc_column][rev_slider_vc alias=\u00bbheader_m\u00bb][\/vc_column][\/vc_row][vc_row][vc_column][vc_empty_space][\/vc_column][\/vc_row][vc_row][vc_column][vc_column_text]<\/p>\n<h4 style=\"text-align: left\">El Jard\u00edn Experimental no est\u00e1 concebido como un espacio silvestre. Es un jard\u00edn ideado, con un dise\u00f1o definido. Hay que conservar la se\u00f1al\u00e9tica y los elementos de obra como los estanques, muros, escaleras y bancos. Al tratarse de un espacio vivo y en continua evoluci\u00f3n requiere de ciertos trabajos para mantener el trazado viario y sus borduras, el equilibrio de las composiciones de plantas y la gesti\u00f3n de los restos vegetales que se producen constantemente.<\/h4>\n<p>[\/vc_column_text][\/vc_column][\/vc_row][vc_row][vc_column][vc_empty_space][vc_separator color=\u00bbviolet\u00bb][vc_empty_space][\/vc_column][\/vc_row][vc_row content_placement=\u00bbmiddle\u00bb][vc_column width=\u00bb1\/2&#8243; css=\u00bb.vc_custom_1617836542654{padding: 50px !important;}\u00bb][vc_column_text]<\/p>\n<h3>Cuidado del suelo<\/h3>\n<h4>En el cultivo sostenible, la base de la fertilidad reside en el suelo mismo, no en el aporte de fertilizantes de s\u00edntesis.<\/h4>\n<p>Se considera al suelo como un ente vivo, complejo, con evoluci\u00f3n y equilibrio propios. No se realizan entrecavas, solo aportes peri\u00f3dicos en superficie de materia org\u00e1nica triturada procedente mayormente de la propia vegetaci\u00f3n del jard\u00edn: restos de poda, hojas, ramas muertas, hierba segada, etc. Imitando de esta forma los ciclos naturales. Es lo que se conoce como \u2018acolchado\u2019.[\/vc_column_text][\/vc_column][vc_column width=\u00bb1\/2&#8243;][vc_gallery type=\u00bbimage_grid\u00bb images=\u00bb543,544,545,546&#8243; img_size=\u00bb200&#215;200&#8243;][\/vc_column][\/vc_row][vc_row][vc_column][vc_empty_space][vc_separator color=\u00bbviolet\u00bb][vc_empty_space][\/vc_column][\/vc_row][vc_row content_placement=\u00bbmiddle\u00bb][vc_column width=\u00bb1\/2&#8243; offset=\u00bbvc_hidden-sm vc_hidden-xs\u00bb][vc_single_image image=\u00bb1121&#8243; img_size=\u00bbfull\u00bb][\/vc_column][vc_column width=\u00bb1\/2&#8243; css=\u00bb.vc_custom_1620207401537{padding-top: 50px !important;padding-right: 50px !important;padding-bottom: 50px !important;padding-left: 50px !important;}\u00bb offset=\u00bbvc_hidden-sm vc_hidden-xs\u00bb][vc_column_text]<\/p>\n<h3>Gesti\u00f3n del agua<\/h3>\n<h4>Aunque el acolchado vegetal reduce las p\u00e9rdidas de agua por evaporaci\u00f3n, es necesario realizar aportes de agua peri\u00f3dicos en ausencia de lluvias si queremos mantener un aspecto del jard\u00edn est\u00e9ticamente aceptable.<\/h4>\n<p>Se han establecido \u2018hidrozonas\u2019, es decir sectores en donde conviven plantas con requerimientos h\u00eddricos similares, para realizar un riego diferenciado. Las zonas de laurisilva se riegan con mayor frecuencia que las agrupaciones term\u00f3filas y estas a su vez necesitan m\u00e1s aportaciones de agua que las composiciones vegetales de zonas bajas y \u00e1ridas.[\/vc_column_text][\/vc_column][\/vc_row][vc_row content_placement=\u00bbmiddle\u00bb][vc_column width=\u00bb1\/2&#8243; offset=\u00bbvc_hidden-lg vc_hidden-md\u00bb][vc_column_text]<\/p>\n<h3>Gesti\u00f3n del agua<\/h3>\n<h4>Aunque el acolchado vegetal reduce las p\u00e9rdidas de agua por evaporaci\u00f3n, es necesario realizar aportes de agua peri\u00f3dicos en ausencia de lluvias si queremos mantener un aspecto del jard\u00edn est\u00e9ticamente aceptable.<\/h4>\n<p>Se han establecido \u2018hidrozonas\u2019, es decir sectores en donde conviven plantas con requerimientos h\u00eddricos similares, para realizar un riego diferenciado. Las zonas de laurisilva se riegan con mayor frecuencia que las agrupaciones term\u00f3filas y estas a su vez necesitan m\u00e1s aportaciones de agua que las composiciones vegetales de zonas bajas y \u00e1ridas.[\/vc_column_text][\/vc_column][vc_column width=\u00bb1\/2&#8243; css=\u00bb.vc_custom_1620207420441{padding-top: 50px !important;padding-right: 50px !important;padding-bottom: 50px !important;padding-left: 50px !important;}\u00bb offset=\u00bbvc_hidden-lg vc_hidden-md\u00bb][vc_gallery type=\u00bbimage_grid\u00bb images=\u00bb548&#8243; img_size=\u00bbfull\u00bb][\/vc_column][\/vc_row][vc_row][vc_column][vc_empty_space][vc_separator color=\u00bbviolet\u00bb][vc_empty_space][\/vc_column][\/vc_row][vc_row content_placement=\u00bbmiddle\u00bb][vc_column width=\u00bb1\/2&#8243; css=\u00bb.vc_custom_1621436408720{padding-top: 50px !important;padding-right: 50px !important;padding-bottom: 50px !important;padding-left: 50px !important;}\u00bb][vc_column_text]<\/p>\n<h3>Manejo de plantas<\/h3>\n<h4>En el Jard\u00edn Experimental todas las plantas ejercen su funci\u00f3n, incluso las consideradas \u2018malas hierbas\u2019.<\/h4>\n<p>Las adventicias de los caminos se siegan para formar praderas naturales y las que germinan entre las plantaciones j\u00f3venes son arrancadas y dejadas en superficie como parte del acolchado.<\/p>\n<p>Las plantas de las distintas composiciones a veces crecen m\u00e1s de lo estimado. Cuando esto ocurre se suelen hacer entresacas y podas de reducci\u00f3n, ajustando los marcos de plantaci\u00f3n en las reposiciones posteriores. Tambi\u00e9n se realizan podas ligeras para eliminar flores secas o equilibrar la vegetaci\u00f3n.<\/p>\n<p>Algunas especies, como el alhel\u00ed (<span class=\"s1\"><i>Erysimum virescens<\/i><\/span>) tienen un ciclo natural corto, teniendo que reponer los ejemplares cada dos o tres a\u00f1os.<\/p>\n<p>Tambi\u00e9n hay individuos que envejecen y pierden su atractivo o se deterioran por efecto de condiciones meteorol\u00f3gicas adversas y tienen que ser sustituidos por otros m\u00e1s j\u00f3venes. A veces la especie no se adapta bien al emplazamiento y las plantas crecen d\u00e9biles, siendo propensas al ataque de plagas y enfermedades. En este caso se opta por sustituirla por otra considerada m\u00e1s tolerante.[\/vc_column_text][\/vc_column][vc_column width=\u00bb1\/2&#8243;][vc_gallery type=\u00bbimage_grid\u00bb images=\u00bb560,553,558,557,555,551&#8243; img_size=\u00bb200&#215;200&#8243;][\/vc_column][\/vc_row][vc_row][vc_column][vc_separator color=\u00bbviolet\u00bb][vc_empty_space][\/vc_column][\/vc_row][vc_row content_placement=\u00bbmiddle\u00bb][vc_column width=\u00bb1\/2&#8243;][vc_column_text]<\/p>\n<h3>Gesti\u00f3n de restos vegetales<\/h3>\n<h4>Al igual que sucede en el medio natural, las hojas e inflorescencias secas, las ramas muertas y dem\u00e1s restos vegetales se deben reincorporar al suelo para cerrar el ciclo de la materia org\u00e1nica.<\/h4>\n<p>Los elementos de mayor tama\u00f1o se retiran y trituran previamente por medios mec\u00e1nicos antes de devolverlos al suelo para formar una cobertura homog\u00e9nea. De esta manera se asegura una cierta calidad est\u00e9tica en el conjunto y un fondo de contraste para la vegetaci\u00f3n.[\/vc_column_text][\/vc_column][vc_column width=\u00bb1\/2&#8243; css=\u00bb.vc_custom_1617836542654{padding: 50px !important;}\u00bb][vc_gallery type=\u00bbimage_grid\u00bb images=\u00bb562,563,564,565&#8243; img_size=\u00bb200&#215;200&#8243;][\/vc_column][\/vc_row]<\/p>\n","protected":false},"excerpt":{"rendered":"<p>[vc_row full_width=\u00bbstretch_row_content_no_spaces\u00bb][vc_column][rev_slider_vc alias=\u00bbheader_m\u00bb][\/vc_column][\/vc_row][vc_row][vc_column][vc_empty_space][\/vc_column][\/vc_row][vc_row][vc_column][vc_column_text] El Jard\u00edn Experimental no est\u00e1 concebido como un espacio silvestre. Es un jard\u00edn ideado, con un dise\u00f1o definido. Hay que conservar la se\u00f1al\u00e9tica y los elementos de obra como los estanques, muros, escaleras y bancos. Al tratarse de un espacio vivo y en continua evoluci\u00f3n requiere de ciertos trabajos para mantener el&#8230;<\/p>\n","protected":false},"author":37,"featured_media":0,"parent":0,"menu_order":0,"comment_status":"closed","ping_status":"closed","template":"templates\/template-frontpage.php","meta":[],"acf":[],"_links":{"self":[{"href":"https:\/\/www.ull.es\/centros\/jardin-experimental\/wp-json\/wp\/v2\/pages\/251"}],"collection":[{"href":"https:\/\/www.ull.es\/centros\/jardin-experimental\/wp-json\/wp\/v2\/pages"}],"about":[{"href":"https:\/\/www.ull.es\/centros\/jardin-experimental\/wp-json\/wp\/v2\/types\/page"}],"author":[{"embeddable":true,"href":"https:\/\/www.ull.es\/centros\/jardin-experimental\/wp-json\/wp\/v2\/users\/37"}],"replies":[{"embeddable":true,"href":"https:\/\/www.ull.es\/centros\/jardin-experimental\/wp-json\/wp\/v2\/comments?post=251"}],"version-history":[{"count":44,"href":"https:\/\/www.ull.es\/centros\/jardin-experimental\/wp-json\/wp\/v2\/pages\/251\/revisions"}],"predecessor-version":[{"id":1147,"href":"https:\/\/www.ull.es\/centros\/jardin-experimental\/wp-json\/wp\/v2\/pages\/251\/revisions\/1147"}],"wp:attachment":[{"href":"https:\/\/www.ull.es\/centros\/jardin-experimental\/wp-json\/wp\/v2\/media?parent=251"}],"curies":[{"name":"wp","href":"https:\/\/api.w.org\/{rel}","templated":true}]}}