{"id":1905,"date":"2022-10-25T10:35:35","date_gmt":"2022-10-25T10:35:35","guid":{"rendered":"https:\/\/www.ull.es\/centros\/jardin-flora-canaria\/?page_id=1905"},"modified":"2023-04-25T11:34:54","modified_gmt":"2023-04-25T11:34:54","slug":"la-materia-muerta-tambien-es-vida","status":"publish","type":"page","link":"https:\/\/www.ull.es\/centros\/jardin-flora-canaria\/la-materia-muerta-tambien-es-vida\/","title":{"rendered":"La materia muerta tambi\u00e9n es vida"},"content":{"rendered":"<p>[vc_row full_width=\u00bbstretch_row_content\u00bb el_class=\u00bbprincipio-marcha\u00bb][vc_column css=\u00bb.vc_custom_1588939369209{padding-top: 40px !important;}\u00bb][vc_custom_heading text=\u00bbLA MATERIA MUERTA TAMBI\u00c9N ES VIDA\u00bb font_container=\u00bbtag:h2|text_align:center|color:%23ffffff\u00bb use_theme_fonts=\u00bbyes\u00bb css_animation=\u00bbfadeInDownBig\u00bb][\/vc_column][\/vc_row][vc_row content_placement=\u00bbmiddle\u00bb][vc_column width=\u00bb1\/2&#8243;][vc_empty_space height=\u00bb60px\u00bb][\/vc_column][vc_column width=\u00bb1\/2&#8243;][\/vc_column][\/vc_row][vc_row equal_height=\u00bbyes\u00bb content_placement=\u00bbmiddle\u00bb][vc_column width=\u00bb1\/2&#8243;][vc_single_image image=\u00bb2926&#8243; img_size=\u00bbfull\u00bb][\/vc_column][vc_column width=\u00bb1\/2&#8243;][vc_empty_space height=\u00bb30px\u00bb][vc_column_text]<span style=\"font-weight: 400;\">Los seres vivos del jard\u00edn, nacen, se reproducen y mueren. Si sus cuerpos se descomponen, los siguientes seres vivos que se desarrollen utilizar\u00e1n los recursos que estos liberan para incorporarlos a sus propios cuerpos, desarrollarse y reproducirse, antes de morir.<\/span><\/p>\n<p><span style=\"font-weight: 400;\">En el caso de un ecosistema manejado por los humanos, un agroecosistema, <a href=\"https:\/\/drive.google.com\/file\/d\/1dUBFMC7C2QAq_LSFF-eRsk9hzFxUMe-V\/view?usp=share_link\" target=\"_blank\" rel=\"noopener\" target=\"_blank\" rel=\"noopener\"><strong>la materia org\u00e1nica muerta puede seguir un camino u otro<\/strong><\/a> seg\u00fan el m\u00e9todo de manejo que se realice:<\/span><\/p>\n<ul>\n<li style=\"font-weight: 400;\" aria-level=\"1\"><span style=\"font-weight: 400;\">Si no la reincorporamos al sistema jard\u00edn, esos nutrientes que componen no se aprovechar\u00e1n por los seres vivos de nuestro jard\u00edn y posiblemente por ning\u00fan otro organismo.<\/span><\/li>\n<li style=\"font-weight: 400;\" aria-level=\"1\"><span style=\"font-weight: 400;\">Si la <\/span><b>reincorporamos<\/b><span style=\"font-weight: 400;\">, entonces la materia org\u00e1nica que un d\u00eda form\u00f3 parte de un ser vivo y ahora es un tronco muerto o una hierba arrancada o una seta en descomposici\u00f3n, juega un papel muy importante como <\/span><b>fuente de nutrientes y sustrato <\/b><span style=\"font-weight: 400;\">para otras formas de vida dentro del jard\u00edn.<\/span><\/li>\n<\/ul>\n<p>[\/vc_column_text][vc_empty_space height=\u00bb30px\u00bb][\/vc_column][\/vc_row][vc_row equal_height=\u00bbyes\u00bb content_placement=\u00bbmiddle\u00bb][vc_column width=\u00bb1\/2&#8243;][vc_column_text]<\/p>\n<p><span style=\"font-weight: 400;\">As\u00ed, los <\/span><b>diferentes organismos descomponedores de la madera<\/b><span style=\"font-weight: 400;\"> se activan inmediatamente desde que dejamos un tronco cortado apoyado en el suelo. Entran en juego los insectos que atacan la corteza y la madera, los hongos y las bacterias lo pudrir\u00e1n poco a poco, en funci\u00f3n de la humedad y la temperatura.<\/span><\/p>\n<p><span style=\"font-weight: 400;\">Cuando <\/span><b>vemos setas en la superficie de los troncos<\/b><span style=\"font-weight: 400;\"> colocados en el parque, estamos siendo testigos de las estrategias de reproducci\u00f3n y dispersi\u00f3n de esporas de estos microorganismos sapr\u00f3fitos presentes en el medio.<\/span>[\/vc_column_text][\/vc_column][vc_column width=\u00bb1\/2&#8243;][vc_single_image image=\u00bb2925&#8243; img_size=\u00bbfull\u00bb alignment=\u00bbcenter\u00bb][vc_empty_space height=\u00bb30px\u00bb][\/vc_column][\/vc_row][vc_row][vc_column][vc_empty_space height=\u00bb52px\u00bb][vc_btn title=\u00bbJard\u00edn Canario: Campus Central\u00bb color=\u00bbinfo\u00bb size=\u00bblg\u00bb align=\u00bbcenter\u00bb button_block=\u00bbtrue\u00bb link=\u00bburl:https%3A%2F%2Fwww.ull.es%2Fcentros%2Fjardin-flora-canaria%2Fjardin-canario-campus-central%2F|title:Jard%C3%ADn%20Canario%3A%20Campus%20Central\u00bb][vc_empty_space height=\u00bb52px\u00bb][\/vc_column][\/vc_row]<\/p>\n","protected":false},"excerpt":{"rendered":"<p>[vc_row full_width=\u00bbstretch_row_content\u00bb el_class=\u00bbprincipio-marcha\u00bb][vc_column css=\u00bb.vc_custom_1588939369209{padding-top: 40px !important;}\u00bb][vc_custom_heading text=\u00bbLA MATERIA MUERTA TAMBI\u00c9N ES VIDA\u00bb font_container=\u00bbtag:h2|text_align:center|color:%23ffffff\u00bb use_theme_fonts=\u00bbyes\u00bb css_animation=\u00bbfadeInDownBig\u00bb][\/vc_column][\/vc_row][vc_row content_placement=\u00bbmiddle\u00bb][vc_column width=\u00bb1\/2&#8243;][vc_empty_space height=\u00bb60px\u00bb][\/vc_column][vc_column width=\u00bb1\/2&#8243;][\/vc_column][\/vc_row][vc_row equal_height=\u00bbyes\u00bb content_placement=\u00bbmiddle\u00bb][vc_column width=\u00bb1\/2&#8243;][vc_single_image image=\u00bb2926&#8243; img_size=\u00bbfull\u00bb][\/vc_column][vc_column width=\u00bb1\/2&#8243;][vc_empty_space height=\u00bb30px\u00bb][vc_column_text]Los seres vivos del jard\u00edn, nacen, se reproducen y mueren. Si sus cuerpos se descomponen, los siguientes seres vivos que se desarrollen utilizar\u00e1n los recursos que estos liberan para incorporarlos&#8230;<\/p>\n","protected":false},"author":35,"featured_media":1642,"parent":0,"menu_order":0,"comment_status":"closed","ping_status":"closed","template":"templates\/template-frontpage.php","meta":[],"acf":[],"_links":{"self":[{"href":"https:\/\/www.ull.es\/centros\/jardin-flora-canaria\/wp-json\/wp\/v2\/pages\/1905"}],"collection":[{"href":"https:\/\/www.ull.es\/centros\/jardin-flora-canaria\/wp-json\/wp\/v2\/pages"}],"about":[{"href":"https:\/\/www.ull.es\/centros\/jardin-flora-canaria\/wp-json\/wp\/v2\/types\/page"}],"author":[{"embeddable":true,"href":"https:\/\/www.ull.es\/centros\/jardin-flora-canaria\/wp-json\/wp\/v2\/users\/35"}],"replies":[{"embeddable":true,"href":"https:\/\/www.ull.es\/centros\/jardin-flora-canaria\/wp-json\/wp\/v2\/comments?post=1905"}],"version-history":[{"count":6,"href":"https:\/\/www.ull.es\/centros\/jardin-flora-canaria\/wp-json\/wp\/v2\/pages\/1905\/revisions"}],"predecessor-version":[{"id":2970,"href":"https:\/\/www.ull.es\/centros\/jardin-flora-canaria\/wp-json\/wp\/v2\/pages\/1905\/revisions\/2970"}],"wp:featuredmedia":[{"embeddable":true,"href":"https:\/\/www.ull.es\/centros\/jardin-flora-canaria\/wp-json\/wp\/v2\/media\/1642"}],"wp:attachment":[{"href":"https:\/\/www.ull.es\/centros\/jardin-flora-canaria\/wp-json\/wp\/v2\/media?parent=1905"}],"curies":[{"name":"wp","href":"https:\/\/api.w.org\/{rel}","templated":true}]}}