{"id":1907,"date":"2022-10-25T10:38:22","date_gmt":"2022-10-25T10:38:22","guid":{"rendered":"https:\/\/www.ull.es\/centros\/jardin-flora-canaria\/?page_id=1907"},"modified":"2023-04-14T11:42:49","modified_gmt":"2023-04-14T11:42:49","slug":"zonas-nidificacion-abejas-solitarias","status":"publish","type":"page","link":"https:\/\/www.ull.es\/centros\/jardin-flora-canaria\/zonas-nidificacion-abejas-solitarias\/","title":{"rendered":"Zonas de nidificaci\u00f3n de abejas solitarias"},"content":{"rendered":"<p>[vc_row full_width=\u00bbstretch_row_content\u00bb el_class=\u00bbprincipio-marcha\u00bb][vc_column css=\u00bb.vc_custom_1588939369209{padding-top: 40px !important;}\u00bb][vc_custom_heading text=\u00bbZONA DE NIDIFICACI\u00d3N DE ABEJAS\u00bb font_container=\u00bbtag:h2|text_align:center|color:%23ffffff\u00bb use_theme_fonts=\u00bbyes\u00bb css_animation=\u00bbfadeInDownBig\u00bb][\/vc_column][\/vc_row][vc_row content_placement=\u00bbmiddle\u00bb][vc_column width=\u00bb1\/2&#8243;][vc_empty_space height=\u00bb60px\u00bb][\/vc_column][vc_column width=\u00bb1\/2&#8243;][vc_empty_space height=\u00bb60px\u00bb][\/vc_column][\/vc_row][vc_row equal_height=\u00bbyes\u00bb content_placement=\u00bbmiddle\u00bb][vc_column][vc_empty_space height=\u00bb30px\u00bb][vc_column_text]<span style=\"font-weight: 400;\">A diferencia de la abeja de la miel, que forma complejas colonias de cr\u00eda, la mayor\u00eda de abejas silvestres nidifica de forma solitaria. Esto significa que cada hembra construye individualmente su nido, consistente en un peque\u00f1o n\u00famero de celdas o c\u00e1maras de cr\u00eda. En cada una de \u00e9stas deposita un huevo, junto a una bola de polen y n\u00e9ctar que servir\u00e1 de alimento para la larva. Una gran parte de las especies de abejas de Canarias <\/span><a href=\"https:\/\/abejasdecanarias.wordpress.com\/2021\/04\/14\/la-vida-de-las-abejas-bajo-tus-pies\/\" target=\"_blank\" rel=\"noopener\"><span style=\"font-weight: 400;\">excava sus nidos en la tierra<\/span><\/a><span style=\"font-weight: 400;\">, normalmente en \u00e1reas de suelo llano, compactado y desprovisto de vegetaci\u00f3n, o bien en taludes verticales. Otras especies ubican sus nidos en cavidades preexistentes, como galer\u00edas taladradas por insectos xil\u00f3fagos en troncos o piezas de madera, ramas y tallos huecos o incluso grietas en paredes de roca. Hay, incluso, algunas <\/span><a href=\"https:\/\/abejasdecanarias.wordpress.com\/2020\/07\/26\/las-abejas-cuco-de-canarias\/\" target=\"_blank\" rel=\"noopener\"><span style=\"font-weight: 400;\">abejas cuco<\/span><\/a><span style=\"font-weight: 400;\"> que no construyen nidos, sino que se aprovechan del trabajo de otras abejas y ponen sus huevos en los nidos ajenos.<\/span>[\/vc_column_text][vc_empty_space height=\u00bb30px\u00bb][\/vc_column][\/vc_row][vc_row equal_height=\u00bbyes\u00bb content_placement=\u00bbmiddle\u00bb][vc_column width=\u00bb1\/2&#8243;][vc_empty_space height=\u00bb30px\u00bb][vc_single_image image=\u00bb2844&#8243; img_size=\u00bbfull\u00bb alignment=\u00bbcenter\u00bb][vc_empty_space height=\u00bb30px\u00bb][\/vc_column][vc_column width=\u00bb1\/2&#8243;][vc_single_image image=\u00bb2836&#8243; img_size=\u00bbfull\u00bb alignment=\u00bbcenter\u00bb][\/vc_column][\/vc_row][vc_row][vc_column][vc_column_text]<span style=\"font-weight: 400;\">Por lo tanto, para crear h\u00e1bitats apropiados para las abejas solitarias en el jard\u00edn, no solo es necesario disponer de <\/span><a href=\"https:\/\/abejasdecanarias.wordpress.com\/2022\/01\/21\/plantate-para-ayudar-a-las-abejas-canarias\/\" target=\"_blank\" rel=\"noopener\"><span style=\"font-weight: 400;\">plantas con flores<\/span><\/a><span style=\"font-weight: 400;\"> para su alimentaci\u00f3n y la de su descendencia, sino que tambi\u00e9n es imprescindible facilitarles espacios adecuados en los que puedan construir sus nidos. En el caso de las abejas que nidifican en el suelo, les proporcionamos \u00e1reas despejadas de vegetaci\u00f3n y bien soleadas, mientras que para las especies que anidan en cavidades, instalamos cajas artificiales de nidificaci\u00f3n, y las colocaremos en zonas tambi\u00e9n bien soleadas, mirando hacia el sur. Dentro podemos poner grupos de peque\u00f1as ca\u00f1as huecas y bloques de madera taladrados con huecos de diferentes di\u00e1metros (desde los 3 a los 7 mm de di\u00e1metro).\u00a0<\/span>[\/vc_column_text][vc_empty_space height=\u00bb30px\u00bb][vc_column_text]<span style=\"font-weight: 400;\">En esta zona de nidificaci\u00f3n podremos observar los viajes de ida y de vuelta de un diverso grupo de atareadas abejas, cargadas con las provisiones recolectadas en las flores, as\u00ed como el propio proceso de construcci\u00f3n de los nidos. Sin embargo, es importante recordar que \u00e9sta es una etapa cr\u00edtica en su ciclo vital y no debemos ocasionarles molestias innecesarias, para as\u00ed poder seguir disfrutando por mucho tiempo de la observaci\u00f3n de estos incre\u00edbles insectos.<\/span>[\/vc_column_text][vc_empty_space height=\u00bb30px\u00bb][vc_single_image image=\u00bb2726&#8243; img_size=\u00bbfull\u00bb alignment=\u00bbcenter\u00bb][vc_empty_space height=\u00bb30px\u00bb][\/vc_column][\/vc_row][vc_row][vc_column][vc_btn title=\u00bbJard\u00edn Canario: Campus Central\u00bb color=\u00bbpeacoc\u00bb size=\u00bblg\u00bb align=\u00bbcenter\u00bb button_block=\u00bbtrue\u00bb link=\u00bburl:https%3A%2F%2Fwww.ull.es%2Fcentros%2Fjardin-flora-canaria%2Fjardin-canario-campus-central%2F\u00bb][vc_empty_space height=\u00bb80px\u00bb][\/vc_column][\/vc_row]<\/p>\n","protected":false},"excerpt":{"rendered":"<p>[vc_row full_width=\u00bbstretch_row_content\u00bb el_class=\u00bbprincipio-marcha\u00bb][vc_column css=\u00bb.vc_custom_1588939369209{padding-top: 40px !important;}\u00bb][vc_custom_heading text=\u00bbZONA DE NIDIFICACI\u00d3N DE ABEJAS\u00bb font_container=\u00bbtag:h2|text_align:center|color:%23ffffff\u00bb use_theme_fonts=\u00bbyes\u00bb css_animation=\u00bbfadeInDownBig\u00bb][\/vc_column][\/vc_row][vc_row content_placement=\u00bbmiddle\u00bb][vc_column width=\u00bb1\/2&#8243;][vc_empty_space height=\u00bb60px\u00bb][\/vc_column][vc_column width=\u00bb1\/2&#8243;][vc_empty_space height=\u00bb60px\u00bb][\/vc_column][\/vc_row][vc_row equal_height=\u00bbyes\u00bb content_placement=\u00bbmiddle\u00bb][vc_column][vc_empty_space height=\u00bb30px\u00bb][vc_column_text]A diferencia de la abeja de la miel, que forma complejas colonias de cr\u00eda, la mayor\u00eda de abejas silvestres nidifica de forma solitaria. Esto significa que cada hembra construye individualmente su nido, consistente en&#8230;<\/p>\n","protected":false},"author":35,"featured_media":2833,"parent":0,"menu_order":0,"comment_status":"closed","ping_status":"closed","template":"templates\/template-frontpage.php","meta":[],"acf":[],"_links":{"self":[{"href":"https:\/\/www.ull.es\/centros\/jardin-flora-canaria\/wp-json\/wp\/v2\/pages\/1907"}],"collection":[{"href":"https:\/\/www.ull.es\/centros\/jardin-flora-canaria\/wp-json\/wp\/v2\/pages"}],"about":[{"href":"https:\/\/www.ull.es\/centros\/jardin-flora-canaria\/wp-json\/wp\/v2\/types\/page"}],"author":[{"embeddable":true,"href":"https:\/\/www.ull.es\/centros\/jardin-flora-canaria\/wp-json\/wp\/v2\/users\/35"}],"replies":[{"embeddable":true,"href":"https:\/\/www.ull.es\/centros\/jardin-flora-canaria\/wp-json\/wp\/v2\/comments?post=1907"}],"version-history":[{"count":18,"href":"https:\/\/www.ull.es\/centros\/jardin-flora-canaria\/wp-json\/wp\/v2\/pages\/1907\/revisions"}],"predecessor-version":[{"id":2845,"href":"https:\/\/www.ull.es\/centros\/jardin-flora-canaria\/wp-json\/wp\/v2\/pages\/1907\/revisions\/2845"}],"wp:featuredmedia":[{"embeddable":true,"href":"https:\/\/www.ull.es\/centros\/jardin-flora-canaria\/wp-json\/wp\/v2\/media\/2833"}],"wp:attachment":[{"href":"https:\/\/www.ull.es\/centros\/jardin-flora-canaria\/wp-json\/wp\/v2\/media?parent=1907"}],"curies":[{"name":"wp","href":"https:\/\/api.w.org\/{rel}","templated":true}]}}