{"id":350,"date":"2025-06-19T11:06:41","date_gmt":"2025-06-19T11:06:41","guid":{"rendered":"https:\/\/www.ull.es\/cultura\/aula-cultural-carpinteria\/?page_id=350"},"modified":"2025-09-09T08:02:43","modified_gmt":"2025-09-09T08:02:43","slug":"actividades-divulgativas","status":"publish","type":"page","link":"https:\/\/www.ull.es\/cultura\/aula-cultural-carpinteria\/actividades-divulgativas\/","title":{"rendered":"Actividades divulgativas"},"content":{"rendered":"<style id=\"depicter-47-inline-pre-css\">\n\n.depicter-47:not(.depicter-ready){\n\theight:450px;\n}\n\n\/***** Tablet *****\/\n@media screen and (max-width: 1024px){\n\n.depicter-47:not(.depicter-ready){\n\theight:700px;\n}\n\n}\n\/***** Mobile *****\/\n@media screen and (max-width: 767px){\n\n.depicter-47:not(.depicter-ready){\n\theight:740px;\n}\n\n}\n<\/style>\n<div id=\"depicter-47\" class=\"depicter depicter-document depicter-revert depicter-47 depicter-layout-fullwidth\">\n\n<div class=\"depicter-loading-container depicter-loading dotFlashing-dark\"><div class=\"depicter-loading-dark depicter-dot-flashing\">\n   <span><\/span>\n   <span><\/span>\n   <span><\/span>\n<\/div>\n<\/div>\n<div id=\"depicter-47-section-1\" class=\"depicter-section depicter-47-section-1\" data-name=\"Section 1\" data-type=\"section\" data-local-id=\"section-1\" data-slideshow-duration=\"6\">\n<picture class=\"depicter-bg\">\n<source data-depicter-srcset=\"https:\/\/www.ull.es\/cultura\/aula-cultural-carpinteria\/wp-content\/uploads\/sites\/9\/2025\/06\/012_-EXPO-AUTULL-20250401_142024_BR-768x346.jpg, https:\/\/www.ull.es\/cultura\/aula-cultural-carpinteria\/wp-content\/uploads\/sites\/9\/2025\/06\/012_-EXPO-AUTULL-20250401_142024_BR.jpg 2x\" srcset=\"data:image\/gif;base64,R0lGODlhAQABAIAAAAAAAP\/\/\/yH5BAEAAAAALAAAAAABAAEAAAIBRAA7\" media=\"(max-width: 1024px)\" \/>\n\n<source data-depicter-srcset=\"https:\/\/www.ull.es\/cultura\/aula-cultural-carpinteria\/wp-content\/uploads\/sites\/9\/2025\/06\/012_-EXPO-AUTULL-20250401_142024_BR.jpg, https:\/\/www.ull.es\/cultura\/aula-cultural-carpinteria\/wp-content\/uploads\/sites\/9\/2025\/06\/012_-EXPO-AUTULL-20250401_142024_BR-1678x756.jpg 2x\" srcset=\"data:image\/gif;base64,R0lGODlhAQABAIAAAAAAAP\/\/\/yH5BAEAAAAALAAAAAABAAEAAAIBRAA7\" media=\"(min-width: 1025px)\" \/>\n<img decoding=\"async\" src=\"data:image\/gif;base64,R0lGODlhAQABAIAAAAAAAP\/\/\/yH5BAEAAAAALAAAAAABAAEAAAIBRAA7\" data-ken-burns=\"false\" data-tablet-ken-burns=\"false\" data-mobile-ken-burns=\"{'scale':1,'duration':'5000','focalPoint':{'x':0.5,'y':0.40000000000000002220446049250313080847263336181640625},'easing':'linear'}\" alt=\"\" data-depicter-src=\"https:\/\/www.ull.es\/cultura\/aula-cultural-carpinteria\/wp-content\/uploads\/sites\/9\/2025\/06\/012_-EXPO-AUTULL-20250401_142024_BR.jpg\" data-object-fit=\"custom,,\" data-crop=\"{'focalPoint':{'x':0.5,'y':0.5},'mediaSize':{'width':1200,'height':540.6436233611442503388389013707637786865234375}}\" data-tablet-crop=\"{'focalPoint':{'x':0.5,'y':0.5},'mediaSize':{'width':1553.703703703703695282456465065479278564453125,'height':700}}\" data-mobile-crop=\"{'focalPoint':{'x':0.5,'y':0.5},'mediaSize':{'width':1642.486772486772451884462498128414154052734375,'height':740}}\" \/>\n<\/picture>\n\n\n<h2 id=\"depicter-47-element-3\" class=\"depicter-element depicter-layer depicter-47-element-3\" data-type=\"text\" data-wrap=\"true\" data-name=\"Text 1\" data-local-id=\"element-3\" data-offset=\"x:0px;y:115px;origin:tl\" data-tablet-offset=\"x:210px;y:300px;origin:tl\" data-mobile-offset=\"x:0px;y:215px;origin:tl\" data-width=\"730px,730px,360px\" data-height=\"auto,auto,auto\" data-responsive-scale=\"true,,\">Actividades<br><\/h2>\n<\/div>\n<\/div>\n<script>\n(window.depicterSetups = window.depicterSetups || []).push(function(){\n\tDepicter.basePath = 'https:\/\/www.ull.es\/cultura\/aula-cultural-carpinteria\/wp-content\/plugins\/depicter\/resources\/scripts\/player\/';\n\tconst dpPlayer = Depicter.setup('.depicter-47',\n\t\t{\"width\":[\"1200\",\"1024\",\"360\"],\"height\":[\"450\",\"700\",\"740\"],\"view\":\"basic\",\"keepAspectRatio\":true,\"preload\":0,\"layout\":\"fullwidth\",\"rtl\":false,\"initAfterAppear\":false,\"ajaxApiUrl\":\"https:\\\/\\\/www.ull.es\\\/cultura\\\/aula-cultural-carpinteria\\\/wp-admin\\\/admin-ajax.php\",\"viewOptions\":{\"loop\":true},\"slideshow\":{\"duration\":8,\"autostart\":true},\"mouseSwipe\":true,\"touchSwipe\":true,\"useWatermark\":false}\n\t);\n});\n<\/script>\n\n\n<div class=\"wp-block-stackable-columns stk-block-columns stk-block stk-8b29547\" data-block-id=\"8b29547\"><style>.stk-8b29547 {margin-top:3% !important;}<\/style><div class=\"stk-row stk-inner-blocks stk-block-content stk-content-align stk-8b29547-column\">\n<div class=\"wp-block-stackable-column stk-block-column stk-column stk-block stk-979442e\" data-v=\"4\" data-block-id=\"979442e\"><div class=\"stk-column-wrapper stk-block-column__content stk-container stk-979442e-container stk--no-background stk--no-padding\"><div class=\"stk-block-content stk-inner-blocks stk-979442e-inner-blocks\">\n<div class=\"wp-block-stackable-heading stk-block-heading stk-block-heading--v2 stk-block stk-1a5a630\" data-block-id=\"1a5a630\"><style>.stk-1a5a630 .stk-block-heading__text{font-weight:400 !important;}<\/style><h1 class=\"stk-block-heading__text\"><\/h1><\/div>\n\n\n\n<div class=\"wp-block-stackable-text stk-block-text stk-block stk-6867892\" data-block-id=\"6867892\"><p class=\"stk-block-text__text\">Complementariamente el Aula Cultural de Carpinter\u00eda Tradicional y Patrimonial de la Universidad de la Laguna, ha adquirido como compromiso la difusi\u00f3n integral de este patrimonio, para ello se desarrollan cada curso escolar actividades como visitas guiadas educativas para el alumnado de primaria, secundaria y de formaci\u00f3n profesional. Se tratan de actividades did\u00e1cticas transversales que consisten en llevar a cabo un proceso de formaci\u00f3n e informaci\u00f3n. Estas visitan procuran enriquecer la experiencia de aprendizaje de los estudiantes mostr\u00e1ndoles las instalaciones del Aula y EXPOACTULL, exposici\u00f3n permanente de espacio de inter\u00e9s educativo y cultural.<\/p><\/div>\n<\/div><\/div><\/div>\n<\/div><\/div>\n\n\n\n<div class=\"wp-block-stackable-image stk-block-image stk-block stk-76c7b5c\" data-block-id=\"76c7b5c\"><figure><span class=\"stk-img-wrapper stk-image--shape-stretch\"><img loading=\"lazy\" decoding=\"async\" class=\"stk-img wp-image-305\" src=\"https:\/\/www.ull.es\/cultura\/aula-cultural-carpinteria\/wp-content\/uploads\/sites\/9\/2025\/06\/010_20250428_121500_BR.jpg\" width=\"1678\" height=\"756\" srcset=\"https:\/\/www.ull.es\/cultura\/aula-cultural-carpinteria\/wp-content\/uploads\/sites\/9\/2025\/06\/010_20250428_121500_BR.jpg 1678w, https:\/\/www.ull.es\/cultura\/aula-cultural-carpinteria\/wp-content\/uploads\/sites\/9\/2025\/06\/010_20250428_121500_BR-300x135.jpg 300w, https:\/\/www.ull.es\/cultura\/aula-cultural-carpinteria\/wp-content\/uploads\/sites\/9\/2025\/06\/010_20250428_121500_BR-1024x461.jpg 1024w, https:\/\/www.ull.es\/cultura\/aula-cultural-carpinteria\/wp-content\/uploads\/sites\/9\/2025\/06\/010_20250428_121500_BR-768x346.jpg 768w, https:\/\/www.ull.es\/cultura\/aula-cultural-carpinteria\/wp-content\/uploads\/sites\/9\/2025\/06\/010_20250428_121500_BR-1536x692.jpg 1536w, https:\/\/www.ull.es\/cultura\/aula-cultural-carpinteria\/wp-content\/uploads\/sites\/9\/2025\/06\/010_20250428_121500_BR-18x8.jpg 18w, https:\/\/www.ull.es\/cultura\/aula-cultural-carpinteria\/wp-content\/uploads\/sites\/9\/2025\/06\/010_20250428_121500_BR-200x90.jpg 200w, https:\/\/www.ull.es\/cultura\/aula-cultural-carpinteria\/wp-content\/uploads\/sites\/9\/2025\/06\/010_20250428_121500_BR-375x169.jpg 375w, https:\/\/www.ull.es\/cultura\/aula-cultural-carpinteria\/wp-content\/uploads\/sites\/9\/2025\/06\/010_20250428_121500_BR-750x338.jpg 750w, https:\/\/www.ull.es\/cultura\/aula-cultural-carpinteria\/wp-content\/uploads\/sites\/9\/2025\/06\/010_20250428_121500_BR-1140x514.jpg 1140w\" sizes=\"auto, (max-width: 1678px) 100vw, 1678px\" \/><\/span><\/figure><\/div>\n\n\n\n<div class=\"wp-block-stackable-text stk-block-text stk-block stk-adbbdef\" data-block-id=\"adbbdef\"><p class=\"stk-block-text__text\"><\/p><\/div>\n\n\n\n<div class=\"wp-block-stackable-columns stk-block-columns stk-block stk-498f627\" data-block-id=\"498f627\"><div class=\"stk-row stk-inner-blocks stk-block-content stk-content-align stk-498f627-column\">\n<div class=\"wp-block-stackable-column stk-block-column stk-column stk-block stk-cb5d2fb\" data-v=\"4\" data-block-id=\"cb5d2fb\"><style>@media screen and (min-width: 768px){.stk-cb5d2fb {flex:var(--stk-flex-grow, 1) 1 calc(60.19999999999999% - var(--stk-column-gap, 0px) * 1 \/ 2 ) !important;}}<\/style><div class=\"stk-column-wrapper stk-block-column__content stk-container stk-cb5d2fb-container stk--no-background stk--no-padding\"><div class=\"stk-block-content stk-inner-blocks stk-cb5d2fb-inner-blocks\">\n<div class=\"wp-block-stackable-heading stk-block-heading stk-block-heading--v2 stk-block stk-0eedc15\" id=\"actividades-de-investigacion-y-proyectos\" data-block-id=\"0eedc15\"><style>.stk-0eedc15 .stk-block-heading__text{font-weight:400 !important;}<\/style><h1 class=\"stk-block-heading__text\">Actividades de investigaci\u00f3n y proyectos<\/h1><\/div>\n\n\n\n<div class=\"wp-block-stackable-text stk-block-text stk-block stk-e88ffe8\" data-block-id=\"e88ffe8\"><p class=\"stk-block-text__text\">Simult\u00e1neamente algunos miembros colaboradores del Aula Cultural de Carpinter\u00eda Tradicional y Patrimonial de la Universidad de la Laguna, forman parte de destacados equipos de investigaci\u00f3n cient\u00edfica que tienen como eje vertebrador el estudio de la carpinter\u00eda tradicional como elemento patrimonial. Estos trabajos han permitido el desarrollo de una producci\u00f3n cient\u00edfica propia, y consecuentemente de un conocimiento m\u00e1s profundo de la carpinter\u00eda y los materiales utilizados, en el \u00e1mbito de las Islas Canarias. Recordemos que la materia prima de la carpinter\u00eda desarrollada en las islas son maderas end\u00e9micas que presentan ciertas caracter\u00edsticas madereras, que en muchos casos son diferenciadoras y\/o genuinas, imprimiendo a las piezas y elementos elaborados, peculiaridades, patinas y acabados diferenciativos con respecto a otras carpinter\u00edas.<br>Las divulgaciones cient\u00edficas mediante conferencias, talleres o exposiciones aunadas con visitas guiadas tambi\u00e9n son un complemento crucial en la investigaci\u00f3n cient\u00edfica.<\/p><\/div>\n<\/div><\/div><\/div>\n\n\n\n<div class=\"wp-block-stackable-column stk-block-column stk-column stk-block stk-efbff73\" data-v=\"4\" data-block-id=\"efbff73\"><style>@media screen and (min-width: 768px){.stk-efbff73 {flex:var(--stk-flex-grow, 1) 1 calc(39.80000000000001% - var(--stk-column-gap, 0px) * 1 \/ 2 ) !important;}}<\/style><div class=\"stk-column-wrapper stk-block-column__content stk-container stk-efbff73-container stk--no-background stk--no-padding\"><div class=\"stk-block-content stk-inner-blocks stk-efbff73-inner-blocks\">\n<div class=\"wp-block-stackable-image stk-block-image stk-block stk-df187b7\" data-block-id=\"df187b7\"><figure><span class=\"stk-img-wrapper stk-image--shape-stretch\"><img loading=\"lazy\" decoding=\"async\" class=\"stk-img wp-image-287\" src=\"https:\/\/www.ull.es\/cultura\/aula-cultural-carpinteria\/wp-content\/uploads\/sites\/9\/2025\/06\/001_Puerta_Maqueta_BR.jpg\" width=\"533\" height=\"709\" srcset=\"https:\/\/www.ull.es\/cultura\/aula-cultural-carpinteria\/wp-content\/uploads\/sites\/9\/2025\/06\/001_Puerta_Maqueta_BR.jpg 533w, https:\/\/www.ull.es\/cultura\/aula-cultural-carpinteria\/wp-content\/uploads\/sites\/9\/2025\/06\/001_Puerta_Maqueta_BR-226x300.jpg 226w, https:\/\/www.ull.es\/cultura\/aula-cultural-carpinteria\/wp-content\/uploads\/sites\/9\/2025\/06\/001_Puerta_Maqueta_BR-9x12.jpg 9w, https:\/\/www.ull.es\/cultura\/aula-cultural-carpinteria\/wp-content\/uploads\/sites\/9\/2025\/06\/001_Puerta_Maqueta_BR-200x266.jpg 200w, https:\/\/www.ull.es\/cultura\/aula-cultural-carpinteria\/wp-content\/uploads\/sites\/9\/2025\/06\/001_Puerta_Maqueta_BR-375x499.jpg 375w\" sizes=\"auto, (max-width: 533px) 100vw, 533px\" \/><\/span><\/figure><\/div>\n<\/div><\/div><\/div>\n<\/div><\/div>\n\n\n\n<div class=\"wp-block-stackable-columns aligncenter stk-block-columns stk-block stk-b3639c5\" data-block-id=\"b3639c5\"><div class=\"stk-row stk-inner-blocks stk-block-content stk-content-align stk-b3639c5-column\">\n<div class=\"wp-block-stackable-column stk-block-column stk-column stk-block stk-6f54e90\" data-v=\"4\" data-block-id=\"6f54e90\"><div class=\"stk-column-wrapper stk-block-column__content stk-container stk-6f54e90-container stk--no-background stk--no-padding\"><div class=\"stk-block-content stk-inner-blocks stk-6f54e90-inner-blocks\">\n<iframe loading=\"lazy\" width=\"900\" height=\"422\" src=\"https:\/\/www.youtube.com\/embed\/7Yfx9ENSp6Q\" title=\"An\u00e1lisis morfol\u00f3gico y expresi\u00f3n de la edificaci\u00f3n tradicional en Canarias\" frameborder=\"0\" allow=\"accelerometer; autoplay; clipboard-write; encrypted-media; gyroscope; picture-in-picture; web-share\" referrerpolicy=\"strict-origin-when-cross-origin\" allowfullscreen><\/iframe>\n<\/div><\/div><\/div>\n<\/div><\/div>\n","protected":false},"excerpt":{"rendered":"<p>Complementariamente el Aula Cultural de Carpinter\u00eda Tradicional y Patrimonial de la Universidad de la Laguna, ha adquirido como compromiso la difusi\u00f3n integral de este patrimonio, para ello se desarrollan cada curso escolar actividades como visitas guiadas educativas para el alumnado de primaria, secundaria y de formaci\u00f3n profesional. Se tratan de actividades did\u00e1cticas transversales que consisten&#8230;<\/p>\n","protected":false},"author":14,"featured_media":0,"parent":0,"menu_order":0,"comment_status":"closed","ping_status":"closed","template":"templates\/template-frontpage.php","meta":{"footnotes":""},"class_list":["post-350","page","type-page","status-publish","hentry"],"_links":{"self":[{"href":"https:\/\/www.ull.es\/cultura\/aula-cultural-carpinteria\/wp-json\/wp\/v2\/pages\/350","targetHints":{"allow":["GET"]}}],"collection":[{"href":"https:\/\/www.ull.es\/cultura\/aula-cultural-carpinteria\/wp-json\/wp\/v2\/pages"}],"about":[{"href":"https:\/\/www.ull.es\/cultura\/aula-cultural-carpinteria\/wp-json\/wp\/v2\/types\/page"}],"author":[{"embeddable":true,"href":"https:\/\/www.ull.es\/cultura\/aula-cultural-carpinteria\/wp-json\/wp\/v2\/users\/14"}],"replies":[{"embeddable":true,"href":"https:\/\/www.ull.es\/cultura\/aula-cultural-carpinteria\/wp-json\/wp\/v2\/comments?post=350"}],"version-history":[{"count":17,"href":"https:\/\/www.ull.es\/cultura\/aula-cultural-carpinteria\/wp-json\/wp\/v2\/pages\/350\/revisions"}],"predecessor-version":[{"id":731,"href":"https:\/\/www.ull.es\/cultura\/aula-cultural-carpinteria\/wp-json\/wp\/v2\/pages\/350\/revisions\/731"}],"wp:attachment":[{"href":"https:\/\/www.ull.es\/cultura\/aula-cultural-carpinteria\/wp-json\/wp\/v2\/media?parent=350"}],"curies":[{"name":"wp","href":"https:\/\/api.w.org\/{rel}","templated":true}]}}