{"id":353,"date":"2025-06-19T11:18:10","date_gmt":"2025-06-19T11:18:10","guid":{"rendered":"https:\/\/www.ull.es\/cultura\/aula-cultural-carpinteria\/?page_id=353"},"modified":"2025-07-14T10:49:23","modified_gmt":"2025-07-14T10:49:23","slug":"expoactull","status":"publish","type":"page","link":"https:\/\/www.ull.es\/cultura\/aula-cultural-carpinteria\/expoactull\/","title":{"rendered":"ExpoACTULL"},"content":{"rendered":"<style id=\"depicter-50-inline-pre-css\">\n\n.depicter-50:not(.depicter-ready){\n\theight:450px;\n}\n\n\/***** Tablet *****\/\n@media screen and (max-width: 1024px){\n\n.depicter-50:not(.depicter-ready){\n\theight:700px;\n}\n\n}\n\/***** Mobile *****\/\n@media screen and (max-width: 767px){\n\n.depicter-50:not(.depicter-ready){\n\theight:740px;\n}\n\n}\n<\/style>\n<div id=\"depicter-50\" class=\"depicter depicter-document depicter-revert depicter-50 depicter-layout-fullwidth\">\n\n<div class=\"depicter-loading-container depicter-loading dotFlashing-dark\"><div class=\"depicter-loading-dark depicter-dot-flashing\">\n   <span><\/span>\n   <span><\/span>\n   <span><\/span>\n<\/div>\n<\/div>\n<div id=\"depicter-50-section-1\" class=\"depicter-section depicter-50-section-1\" data-name=\"Section 1\" data-type=\"section\" data-local-id=\"section-1\" data-slideshow-duration=\"6\">\n<picture class=\"depicter-bg\">\n<source data-depicter-srcset=\"https:\/\/www.ull.es\/cultura\/aula-cultural-carpinteria\/wp-content\/uploads\/sites\/9\/2025\/06\/af57fdd38e171eb01ebfe17da114f723849d3b4d-768x346.jpg, https:\/\/www.ull.es\/cultura\/aula-cultural-carpinteria\/wp-content\/uploads\/sites\/9\/2025\/06\/af57fdd38e171eb01ebfe17da114f723849d3b4d.jpg 2x\" srcset=\"data:image\/gif;base64,R0lGODlhAQABAIAAAAAAAP\/\/\/yH5BAEAAAAALAAAAAABAAEAAAIBRAA7\" media=\"(max-width: 1024px)\" \/>\n\n<source data-depicter-srcset=\"https:\/\/www.ull.es\/cultura\/aula-cultural-carpinteria\/wp-content\/uploads\/sites\/9\/2025\/06\/af57fdd38e171eb01ebfe17da114f723849d3b4d.jpg, https:\/\/www.ull.es\/cultura\/aula-cultural-carpinteria\/wp-content\/uploads\/sites\/9\/2025\/06\/af57fdd38e171eb01ebfe17da114f723849d3b4d-1678x756.jpg 2x\" srcset=\"data:image\/gif;base64,R0lGODlhAQABAIAAAAAAAP\/\/\/yH5BAEAAAAALAAAAAABAAEAAAIBRAA7\" media=\"(min-width: 1025px)\" \/>\n<img decoding=\"async\" src=\"data:image\/gif;base64,R0lGODlhAQABAIAAAAAAAP\/\/\/yH5BAEAAAAALAAAAAABAAEAAAIBRAA7\" data-ken-burns=\"false\" data-tablet-ken-burns=\"false\" data-mobile-ken-burns=\"{'scale':1,'duration':'5000','focalPoint':{'x':0.5,'y':0.40000000000000002220446049250313080847263336181640625},'easing':'linear'}\" alt=\"\" data-depicter-src=\"https:\/\/www.ull.es\/cultura\/aula-cultural-carpinteria\/wp-content\/uploads\/sites\/9\/2025\/06\/af57fdd38e171eb01ebfe17da114f723849d3b4d.jpg\" data-object-fit=\"custom,,\" data-crop=\"{'focalPoint':{'x':0.5,'y':0.36999999999999999555910790149937383830547332763671875},'mediaSize':{'width':1792,'height':807}}\" data-tablet-crop=\"{'focalPoint':{'x':0.5,'y':0.5},'mediaSize':{'width':1553.703703703703695282456465065479278564453125,'height':700}}\" data-mobile-crop=\"{'focalPoint':{'x':0.5,'y':0.5},'mediaSize':{'width':1642.486772486772451884462498128414154052734375,'height':740}}\" \/>\n<\/picture>\n\n\n<h2 id=\"depicter-50-element-3\" class=\"depicter-element depicter-layer depicter-50-element-3\" data-type=\"text\" data-wrap=\"true\" data-name=\"Text 1\" data-local-id=\"element-3\" data-offset=\"x:0px;y:115px;origin:tl\" data-tablet-offset=\"x:210px;y:300px;origin:tl\" data-mobile-offset=\"x:0px;y:215px;origin:tl\" data-width=\"730px,730px,360px\" data-height=\"auto,auto,auto\" data-responsive-scale=\"true,,\">EXPOACTULL<br><\/h2>\n<\/div>\n<\/div>\n<script>\n(window.depicterSetups = window.depicterSetups || []).push(function(){\n\tDepicter.basePath = 'https:\/\/www.ull.es\/cultura\/aula-cultural-carpinteria\/wp-content\/plugins\/depicter\/resources\/scripts\/player\/';\n\tconst dpPlayer = Depicter.setup('.depicter-50',\n\t\t{\"width\":[\"1200\",\"1024\",\"360\"],\"height\":[\"450\",\"700\",\"740\"],\"view\":\"basic\",\"keepAspectRatio\":true,\"preload\":0,\"layout\":\"fullwidth\",\"rtl\":false,\"initAfterAppear\":false,\"ajaxApiUrl\":\"https:\\\/\\\/www.ull.es\\\/cultura\\\/aula-cultural-carpinteria\\\/wp-admin\\\/admin-ajax.php\",\"viewOptions\":{\"loop\":true},\"slideshow\":{\"duration\":8,\"autostart\":true},\"mouseSwipe\":true,\"touchSwipe\":true,\"useWatermark\":false}\n\t);\n});\n<\/script>\n\n\n<div class=\"wp-block-stackable-columns stk-block-columns stk-block stk-8b29547\" data-block-id=\"8b29547\"><style>.stk-8b29547 {margin-top:3% !important;}<\/style><div class=\"stk-row stk-inner-blocks stk-block-content stk-content-align stk-8b29547-column\">\n<div class=\"wp-block-stackable-column stk-block-column stk-column stk-block stk-979442e\" data-v=\"4\" data-block-id=\"979442e\"><div class=\"stk-column-wrapper stk-block-column__content stk-container stk-979442e-container stk--no-background stk--no-padding\"><div class=\"stk-block-content stk-inner-blocks stk-979442e-inner-blocks\">\n<div class=\"wp-block-stackable-text stk-block-text stk-block stk-6867892\" data-block-id=\"6867892\"><p class=\"stk-block-text__text\">EXPOACTULL situada en la planta baja de la Escuela Polit\u00e9cnica Superior de Ingenier\u00eda, (EPSI), Secci\u00f3n de Arquitectura T\u00e9cnica de la Universidad de la Laguna, se convierta en la sede f\u00edsica del Aula Cultural. Este espacio alberga una exposici\u00f3n permanente de herramientas antiguas, cat\u00e1logos con muestras de materiales, as\u00ed como la reproducci\u00f3n a escala de elementos de carpinter\u00eda de armar y de Taller caracter\u00edsticos de la carpinter\u00eda tradicional y patrimonial de Canarias. En este espacio se desarrollar\u00e1n las vistitas, exposiciones, talleres o incluso proyectos, ya que contamos como soporte con el taller-laboratorio de Carpinter\u00eda del Departamento de T\u00e9cnicas y Proyectos en Ingenier\u00eda y Arquitectura de esta universidad.<\/p><\/div>\n<\/div><\/div><\/div>\n<\/div><\/div>\n\n\n\n<div class=\"wp-block-stackable-image stk-block-image stk-block stk-76c7b5c\" data-block-id=\"76c7b5c\"><figure><span class=\"stk-img-wrapper stk-image--shape-stretch\"><img loading=\"lazy\" decoding=\"async\" class=\"stk-img wp-image-303\" src=\"https:\/\/www.ull.es\/cultura\/aula-cultural-carpinteria\/wp-content\/uploads\/sites\/9\/2025\/06\/012_-EXPO-AUTULL-20250401_142024_BR.jpg\" width=\"1678\" height=\"756\" srcset=\"https:\/\/www.ull.es\/cultura\/aula-cultural-carpinteria\/wp-content\/uploads\/sites\/9\/2025\/06\/012_-EXPO-AUTULL-20250401_142024_BR.jpg 1678w, https:\/\/www.ull.es\/cultura\/aula-cultural-carpinteria\/wp-content\/uploads\/sites\/9\/2025\/06\/012_-EXPO-AUTULL-20250401_142024_BR-300x135.jpg 300w, https:\/\/www.ull.es\/cultura\/aula-cultural-carpinteria\/wp-content\/uploads\/sites\/9\/2025\/06\/012_-EXPO-AUTULL-20250401_142024_BR-1024x461.jpg 1024w, https:\/\/www.ull.es\/cultura\/aula-cultural-carpinteria\/wp-content\/uploads\/sites\/9\/2025\/06\/012_-EXPO-AUTULL-20250401_142024_BR-768x346.jpg 768w, https:\/\/www.ull.es\/cultura\/aula-cultural-carpinteria\/wp-content\/uploads\/sites\/9\/2025\/06\/012_-EXPO-AUTULL-20250401_142024_BR-1536x692.jpg 1536w, https:\/\/www.ull.es\/cultura\/aula-cultural-carpinteria\/wp-content\/uploads\/sites\/9\/2025\/06\/012_-EXPO-AUTULL-20250401_142024_BR-18x8.jpg 18w, https:\/\/www.ull.es\/cultura\/aula-cultural-carpinteria\/wp-content\/uploads\/sites\/9\/2025\/06\/012_-EXPO-AUTULL-20250401_142024_BR-200x90.jpg 200w, https:\/\/www.ull.es\/cultura\/aula-cultural-carpinteria\/wp-content\/uploads\/sites\/9\/2025\/06\/012_-EXPO-AUTULL-20250401_142024_BR-375x169.jpg 375w, https:\/\/www.ull.es\/cultura\/aula-cultural-carpinteria\/wp-content\/uploads\/sites\/9\/2025\/06\/012_-EXPO-AUTULL-20250401_142024_BR-750x338.jpg 750w, https:\/\/www.ull.es\/cultura\/aula-cultural-carpinteria\/wp-content\/uploads\/sites\/9\/2025\/06\/012_-EXPO-AUTULL-20250401_142024_BR-1140x514.jpg 1140w\" sizes=\"auto, (max-width: 1678px) 100vw, 1678px\" \/><\/span><\/figure><\/div>\n\n\n\n<div class=\"wp-block-stackable-text stk-block-text stk-block stk-adbbdef\" data-block-id=\"adbbdef\"><p class=\"stk-block-text__text\"><\/p><\/div>\n","protected":false},"excerpt":{"rendered":"<p>EXPOACTULL situada en la planta baja de la Escuela Polit\u00e9cnica Superior de Ingenier\u00eda, (EPSI), Secci\u00f3n de Arquitectura T\u00e9cnica de la Universidad de la Laguna, se convierta en la sede f\u00edsica del Aula Cultural. Este espacio alberga una exposici\u00f3n permanente de herramientas antiguas, cat\u00e1logos con muestras de materiales, as\u00ed como la reproducci\u00f3n a escala de elementos&#8230;<\/p>\n","protected":false},"author":14,"featured_media":0,"parent":0,"menu_order":0,"comment_status":"closed","ping_status":"closed","template":"templates\/template-frontpage.php","meta":{"footnotes":""},"class_list":["post-353","page","type-page","status-publish","hentry"],"_links":{"self":[{"href":"https:\/\/www.ull.es\/cultura\/aula-cultural-carpinteria\/wp-json\/wp\/v2\/pages\/353","targetHints":{"allow":["GET"]}}],"collection":[{"href":"https:\/\/www.ull.es\/cultura\/aula-cultural-carpinteria\/wp-json\/wp\/v2\/pages"}],"about":[{"href":"https:\/\/www.ull.es\/cultura\/aula-cultural-carpinteria\/wp-json\/wp\/v2\/types\/page"}],"author":[{"embeddable":true,"href":"https:\/\/www.ull.es\/cultura\/aula-cultural-carpinteria\/wp-json\/wp\/v2\/users\/14"}],"replies":[{"embeddable":true,"href":"https:\/\/www.ull.es\/cultura\/aula-cultural-carpinteria\/wp-json\/wp\/v2\/comments?post=353"}],"version-history":[{"count":5,"href":"https:\/\/www.ull.es\/cultura\/aula-cultural-carpinteria\/wp-json\/wp\/v2\/pages\/353\/revisions"}],"predecessor-version":[{"id":643,"href":"https:\/\/www.ull.es\/cultura\/aula-cultural-carpinteria\/wp-json\/wp\/v2\/pages\/353\/revisions\/643"}],"wp:attachment":[{"href":"https:\/\/www.ull.es\/cultura\/aula-cultural-carpinteria\/wp-json\/wp\/v2\/media?parent=353"}],"curies":[{"name":"wp","href":"https:\/\/api.w.org\/{rel}","templated":true}]}}