{"id":92,"date":"2024-10-14T11:26:02","date_gmt":"2024-10-14T11:26:02","guid":{"rendered":"https:\/\/www.ull.es\/cultura\/paraninfo\/?page_id=92"},"modified":"2024-10-14T11:27:32","modified_gmt":"2024-10-14T11:27:32","slug":"conoce-nuestra-historia","status":"publish","type":"page","link":"https:\/\/www.ull.es\/cultura\/paraninfo\/conoce-nuestra-historia\/","title":{"rendered":"Conoce nuestra historia"},"content":{"rendered":"<style id=\"depicter-1-inline-pre-css\">\n\n.depicter-1:not(.depicter-ready){\n\theight:400px;\n}\n\n\/***** Tablet *****\/\n@media screen and (max-width: 1024px){\n\n.depicter-1:not(.depicter-ready){\n\theight:700px;\n}\n\n}\n\/***** Mobile *****\/\n@media screen and (max-width: 767px){\n\n.depicter-1:not(.depicter-ready){\n\theight:360px;\n}\n\n}\n<\/style>\n<div id=\"depicter-1\" class=\"depicter depicter-document depicter-revert depicter-1 depicter-layout-fullwidth\">\n\n<div class=\"depicter-loading-container depicter-loading dotFlashing-dark\"><div class=\"depicter-loading-dark depicter-dot-flashing\">\n   <span><\/span>\n   <span><\/span>\n   <span><\/span>\n<\/div>\n<\/div>\n<div id=\"depicter-1-section-1\" class=\"depicter-section depicter-1-section-1\" data-name=\"Section 1\" data-type=\"section\" data-local-id=\"section-1\">\n<picture class=\"depicter-bg\">\n<source data-depicter-srcset=\"https:\/\/www.ull.es\/cultura\/paraninfo\/wp-content\/uploads\/sites\/2\/2021\/06\/paraninfo-2-768x512.jpg, https:\/\/www.ull.es\/cultura\/paraninfo\/wp-content\/uploads\/sites\/2\/2021\/06\/paraninfo-2.jpg 2x\" srcset=\"data:image\/gif;base64,R0lGODlhAQABAIAAAAAAAP\/\/\/yH5BAEAAAAALAAAAAABAAEAAAIBRAA7\" media=\"(max-width: 1024px)\" \/>\n\n<source data-depicter-srcset=\"https:\/\/www.ull.es\/cultura\/paraninfo\/wp-content\/uploads\/sites\/2\/2021\/06\/paraninfo-2.jpg, https:\/\/www.ull.es\/cultura\/paraninfo\/wp-content\/uploads\/sites\/2\/2021\/06\/paraninfo-2-2000x1333.jpg 2x\" srcset=\"data:image\/gif;base64,R0lGODlhAQABAIAAAAAAAP\/\/\/yH5BAEAAAAALAAAAAABAAEAAAIBRAA7\" media=\"(min-width: 1025px)\" \/>\n<img decoding=\"async\" src=\"data:image\/gif;base64,R0lGODlhAQABAIAAAAAAAP\/\/\/yH5BAEAAAAALAAAAAABAAEAAAIBRAA7\" alt=\"\" data-depicter-src=\"https:\/\/www.ull.es\/cultura\/paraninfo\/wp-content\/uploads\/sites\/2\/2021\/06\/paraninfo-2.jpg\" \/>\n<\/picture>\n\n\n<h3 id=\"depicter-1-element-3\" class=\"depicter-element depicter-layer depicter-1-element-3\" data-type=\"text\" data-wrap=\"true\" data-name=\"Text 1\" data-local-id=\"element-3\" data-offset=\"x:186px;y:137px;origin:tl\" data-tablet-offset=\"x:379px;y:240px;origin:tl\" data-mobile-offset=\"x:47px;y:54px;origin:tl\" data-width=\"auto,auto,auto\" data-height=\"auto,auto,auto\" data-responsive-scale=\"true,,\">Universidad de  La Laguna<\/h3>\n\n<div id=\"depicter-1-element-4\" class=\"depicter-element depicter-layer depicter-1-element-4\" data-type=\"shape\" data-wrap=\"true\" data-name=\"Shape 1\" data-local-id=\"element-4\" data-offset=\"x:194px;y:185px;origin:tl\" data-tablet-offset=\"x:447px;y:288px;origin:tl\" data-mobile-offset=\"x:48px;y:97px;origin:tl\" data-width=\"130px,130px,265px\" data-height=\"2px,2px,2px\" data-responsive-scale=\"true,,\" data-frame-class=\"depicter-1-element-4-frame\"><\/div>\n\n<h1 id=\"depicter-1-element-5\" class=\"depicter-element depicter-layer depicter-1-element-5\" data-type=\"text\" data-wrap=\"true\" data-name=\"Text 2\" data-local-id=\"element-5\" data-offset=\"x:186px;y:187px;origin:tl\" data-tablet-offset=\"x:259px;y:290px;origin:tl\" data-mobile-offset=\"x:48px;y:148px;origin:tl\" data-width=\"auto,auto,auto\" data-height=\"auto,auto,auto\" data-responsive-scale=\"true,,\">Paraninfo<\/h1>\n<\/div>\n<\/div>\n<script>\n(window.depicterSetups = window.depicterSetups || []).push(function(){\n\tDepicter.basePath = 'https:\/\/www.ull.es\/cultura\/paraninfo\/wp-content\/plugins\/depicter\/resources\/scripts\/player\/';\n\tconst dpPlayer = Depicter.setup('.depicter-1',\n\t\t{\"width\":[\"1200\",\"1024\",\"360\"],\"height\":[\"400\",\"700\",\"360\"],\"view\":\"basic\",\"keepAspectRatio\":true,\"preload\":0,\"layout\":\"fullwidth\",\"rtl\":false,\"initAfterAppear\":false,\"ajaxApiUrl\":\"https:\\\/\\\/www.ull.es\\\/cultura\\\/paraninfo\\\/wp-admin\\\/admin-ajax.php\",\"mouseSwipe\":true,\"touchSwipe\":true,\"useWatermark\":false}\n\t);\n});\n<\/script>\n\n\n<div class=\"wp-block-stackable-columns stk-block-columns stk-block stk-c87afaa\" data-block-id=\"c87afaa\"><style>.stk-c87afaa{margin-top:50px !important}<\/style><div class=\"stk-row stk-inner-blocks stk-block-content stk-content-align stk-c87afaa-column\">\n<div class=\"wp-block-stackable-column stk-block-column stk-column stk-block stk-1bc7456\" data-v=\"4\" data-block-id=\"1bc7456\"><style>@media screen and (min-width:768px){.stk-1bc7456{flex:var(--stk-flex-grow,1) 1 calc(66.666% - var(--stk-column-gap,0px) * 1 \/ 2 ) !important}}<\/style><div class=\"stk-column-wrapper stk-block-column__content stk-container stk-1bc7456-container stk--no-background stk--no-padding\"><div class=\"stk-block-content stk-inner-blocks stk-1bc7456-inner-blocks\">\n<div class=\"wp-block-stackable-heading stk-block-heading stk-block-heading--v2 stk-block stk-f632c2d\" id=\"conoce-nuestra-historia\" data-block-id=\"f632c2d\"><h2 class=\"stk-block-heading__text\">CONOCE NUESTRA HISTORIA<\/h2><\/div>\n\n\n\n<div class=\"wp-block-stackable-text stk-block-text stk-block stk-5e2f366\" data-block-id=\"5e2f366\"><p class=\"stk-block-text__text\">El Paraninfo de la Universidad de La Laguna es un espacio polivalente, dise\u00f1ado para acoger tanto actos acad\u00e9micos como conferencias y espect\u00e1culos esc\u00e9nicos.<\/p><\/div>\n\n\n\n<p>Es uno de los elementos principales del Edificio Central de la ULL, que comenz\u00f3 a construirse a mediados de los a\u00f1os 30 del siglo XX y no ser\u00eda finalizado hasta 1962. Su dise\u00f1o fue responsabilidad de los arquitectos Jos\u00e9 Enrique Marrero Regalado y Domingo Pisaca, si bien fue la actuac\u00ed\u00f3n de este \u00faltimo la que resultar\u00eda fundamental en la configuraci\u00f3n del aspecto final del Paraninfo.<\/p>\n\n\n\n<p>Dotado de una privilegiada ac\u00fastica para la voz en vivo, otro de sus elementos destacados es la decoraci\u00f3n pict\u00f3rica de su cubierta, obra de Mariano de Cossio, en la que se representa alegor\u00edas de las diferentes ramas del conocimiento universitario.<\/p>\n\n\n\n<p>Durante sus a\u00f1os de actividad, pasaron por su escenario los m\u00e1s importantes m\u00fasicos y actores del panorama regional y nacional, lo cual convirti\u00f3 al Paraninfo de la Universidad de La Laguna en una de las salas de referencia en Tenerife.<\/p>\n\n\n\n<p>En 2001 el inmueble mostraba altos signos de deterioro debido a la humedad, que aconsejaron su cierre y restauraci\u00f3n. Tras varias demoras, el proyecto de rehabilitaci\u00f3n firmado por el arquitecto Pedro Dom\u00ednguez-Anad\u00f3n comenzar\u00eda a ejecutarse en 2007, para culminar a finales de 2009, momento en el que se reabre nuevamente al p\u00fablico.<\/p>\n\n\n\n<p><a href=\"https:\/\/drive.google.com\/drive\/folders\/0Bxi8Rp1_THQzSUdsTmhWb0pJbXc?usp=sharing\" target=\"_blank\" rel=\"noreferrer noopener\" target=\"_blank\" rel=\"noopener\">Galer\u00eda de fotos<\/a><\/p>\n<\/div><\/div><\/div>\n\n\n\n<div class=\"wp-block-stackable-column stk-block-column stk-column stk-block stk-72e98f4\" data-v=\"4\" data-block-id=\"72e98f4\"><style>@media screen and (min-width:768px){.stk-72e98f4{flex:var(--stk-flex-grow,1) 1 calc(33.33400000000002% - var(--stk-column-gap,0px) * 1 \/ 2 ) !important}}<\/style><div class=\"stk-column-wrapper stk-block-column__content stk-container stk-72e98f4-container stk--no-background stk--no-padding\"><div class=\"stk-block-content stk-inner-blocks stk-72e98f4-inner-blocks\">\n<figure class=\"wp-block-embed is-type-video is-provider-youtube wp-block-embed-youtube wp-embed-aspect-3-2 wp-embed-aspect-16-9 wp-has-aspect-ratio\"><div class=\"wp-block-embed__wrapper\">\n<iframe loading=\"lazy\" title=\"\u202aDocumental sobre el Paraninfo de la Universidad de La Laguna\u202c\" width=\"750\" height=\"422\" src=\"https:\/\/www.youtube.com\/embed\/TG3oHQsa3CA?feature=oembed\" frameborder=\"0\" allow=\"accelerometer; autoplay; clipboard-write; encrypted-media; gyroscope; picture-in-picture; web-share\" referrerpolicy=\"strict-origin-when-cross-origin\" allowfullscreen><\/iframe>\n<\/div><\/figure>\n\n\n\n<figure class=\"wp-block-embed is-type-video is-provider-youtube wp-block-embed-youtube wp-embed-aspect-16-9 wp-has-aspect-ratio\"><div class=\"wp-block-embed__wrapper\">\n<iframe loading=\"lazy\" title=\"Mural de Mariano de Coss\u00edo en el Paraninfo de la Universidad de La Laguna\" width=\"750\" height=\"422\" src=\"https:\/\/www.youtube.com\/embed\/2cDwETB5_IQ?feature=oembed\" frameborder=\"0\" allow=\"accelerometer; autoplay; clipboard-write; encrypted-media; gyroscope; picture-in-picture; web-share\" referrerpolicy=\"strict-origin-when-cross-origin\" allowfullscreen><\/iframe>\n<\/div><\/figure>\n\n\n\n<figure class=\"wp-block-embed is-type-video is-provider-youtube wp-block-embed-youtube wp-embed-aspect-16-9 wp-has-aspect-ratio\"><div class=\"wp-block-embed__wrapper\">\n<iframe loading=\"lazy\" title=\"Restauracion Boceto Cossio\" width=\"750\" height=\"422\" src=\"https:\/\/www.youtube.com\/embed\/q0c2HNeIR0g?start=2&#038;feature=oembed\" frameborder=\"0\" allow=\"accelerometer; autoplay; clipboard-write; encrypted-media; gyroscope; picture-in-picture; web-share\" referrerpolicy=\"strict-origin-when-cross-origin\" allowfullscreen><\/iframe>\n<\/div><\/figure>\n<\/div><\/div><\/div>\n<\/div><\/div>\n","protected":false},"excerpt":{"rendered":"<p>CONOCE NUESTRA HISTORIA El Paraninfo de la Universidad de La Laguna es un espacio polivalente, dise\u00f1ado para acoger tanto actos acad\u00e9micos como conferencias y espect\u00e1culos esc\u00e9nicos. Es uno de los elementos principales del Edificio Central de la ULL, que comenz\u00f3 a construirse a mediados de los a\u00f1os 30 del siglo XX y no ser\u00eda finalizado&#8230;<\/p>\n","protected":false},"author":14,"featured_media":0,"parent":0,"menu_order":0,"comment_status":"closed","ping_status":"closed","template":"templates\/template-frontpage.php","meta":{"footnotes":""},"class_list":["post-92","page","type-page","status-publish","hentry"],"_links":{"self":[{"href":"https:\/\/www.ull.es\/cultura\/paraninfo\/wp-json\/wp\/v2\/pages\/92","targetHints":{"allow":["GET"]}}],"collection":[{"href":"https:\/\/www.ull.es\/cultura\/paraninfo\/wp-json\/wp\/v2\/pages"}],"about":[{"href":"https:\/\/www.ull.es\/cultura\/paraninfo\/wp-json\/wp\/v2\/types\/page"}],"author":[{"embeddable":true,"href":"https:\/\/www.ull.es\/cultura\/paraninfo\/wp-json\/wp\/v2\/users\/14"}],"replies":[{"embeddable":true,"href":"https:\/\/www.ull.es\/cultura\/paraninfo\/wp-json\/wp\/v2\/comments?post=92"}],"version-history":[{"count":3,"href":"https:\/\/www.ull.es\/cultura\/paraninfo\/wp-json\/wp\/v2\/pages\/92\/revisions"}],"predecessor-version":[{"id":95,"href":"https:\/\/www.ull.es\/cultura\/paraninfo\/wp-json\/wp\/v2\/pages\/92\/revisions\/95"}],"wp:attachment":[{"href":"https:\/\/www.ull.es\/cultura\/paraninfo\/wp-json\/wp\/v2\/media?parent=92"}],"curies":[{"name":"wp","href":"https:\/\/api.w.org\/{rel}","templated":true}]}}

<style id="depicter-1-inline-pre-css">

.depicter-1:not(.depicter-ready){
	height:400px;
}

/***** Tablet *****/
@media screen and (max-width: 1024px){

.depicter-1:not(.depicter-ready){
	height:700px;
}

}
/***** Mobile *****/
@media screen and (max-width: 767px){

.depicter-1:not(.depicter-ready){
	height:360px;
}

}
</style>
<div id="depicter-1" class="depicter depicter-document depicter-revert depicter-1 depicter-layout-fullwidth">

<div class="depicter-loading-container depicter-loading dotFlashing-dark"><div class="depicter-loading-dark depicter-dot-flashing">
   <span></span>
   <span></span>
   <span></span>
</div>
</div>
<div id="depicter-1-section-1" class="depicter-section depicter-1-section-1" data-name="Section 1" data-type="section" data-local-id="section-1">
<picture class="depicter-bg">
<source data-depicter-srcset="https://www.ull.es/cultura/paraninfo/wp-content/uploads/sites/2/2021/06/paraninfo-2-768x512.jpg, https://www.ull.es/cultura/paraninfo/wp-content/uploads/sites/2/2021/06/paraninfo-2.jpg 2x" srcset="data:image/gif;base64,R0lGODlhAQABAIAAAAAAAP///yH5BAEAAAAALAAAAAABAAEAAAIBRAA7" media="(max-width: 1024px)" />

<source data-depicter-srcset="https://www.ull.es/cultura/paraninfo/wp-content/uploads/sites/2/2021/06/paraninfo-2.jpg, https://www.ull.es/cultura/paraninfo/wp-content/uploads/sites/2/2021/06/paraninfo-2-2000x1333.jpg 2x" srcset="data:image/gif;base64,R0lGODlhAQABAIAAAAAAAP///yH5BAEAAAAALAAAAAABAAEAAAIBRAA7" media="(min-width: 1025px)" />
<img decoding="async" src="data:image/gif;base64,R0lGODlhAQABAIAAAAAAAP///yH5BAEAAAAALAAAAAABAAEAAAIBRAA7" alt="" data-depicter-src="https://www.ull.es/cultura/paraninfo/wp-content/uploads/sites/2/2021/06/paraninfo-2.jpg" />
</picture>


<h3 id="depicter-1-element-3" class="depicter-element depicter-layer depicter-1-element-3" data-type="text" data-wrap="true" data-name="Text 1" data-local-id="element-3" data-offset="x:186px;y:137px;origin:tl" data-tablet-offset="x:379px;y:240px;origin:tl" data-mobile-offset="x:47px;y:54px;origin:tl" data-width="auto,auto,auto" data-height="auto,auto,auto" data-responsive-scale="true,,">Universidad de  La Laguna</h3>

<div id="depicter-1-element-4" class="depicter-element depicter-layer depicter-1-element-4" data-type="shape" data-wrap="true" data-name="Shape 1" data-local-id="element-4" data-offset="x:194px;y:185px;origin:tl" data-tablet-offset="x:447px;y:288px;origin:tl" data-mobile-offset="x:48px;y:97px;origin:tl" data-width="130px,130px,265px" data-height="2px,2px,2px" data-responsive-scale="true,," data-frame-class="depicter-1-element-4-frame"></div>

<h1 id="depicter-1-element-5" class="depicter-element depicter-layer depicter-1-element-5" data-type="text" data-wrap="true" data-name="Text 2" data-local-id="element-5" data-offset="x:186px;y:187px;origin:tl" data-tablet-offset="x:259px;y:290px;origin:tl" data-mobile-offset="x:48px;y:148px;origin:tl" data-width="auto,auto,auto" data-height="auto,auto,auto" data-responsive-scale="true,,">Paraninfo</h1>
</div>
</div>
<script>
(window.depicterSetups = window.depicterSetups || []).push(function(){
	Depicter.basePath = 'https://www.ull.es/cultura/paraninfo/wp-content/plugins/depicter/resources/scripts/player/';
	const dpPlayer = Depicter.setup('.depicter-1',
		{"width":["1200","1024","360"],"height":["400","700","360"],"view":"basic","keepAspectRatio":true,"preload":0,"layout":"fullwidth","rtl":false,"initAfterAppear":false,"ajaxApiUrl":"https:\/\/www.ull.es\/cultura\/paraninfo\/wp-admin\/admin-ajax.php","mouseSwipe":true,"touchSwipe":true,"useWatermark":false}
	);
});
</script>


<div class="wp-block-stackable-columns stk-block-columns stk-block stk-c87afaa" data-block-id="c87afaa"><style>.stk-c87afaa{margin-top:50px !important}</style><div class="stk-row stk-inner-blocks stk-block-content stk-content-align stk-c87afaa-column">
<div class="wp-block-stackable-column stk-block-column stk-column stk-block stk-1bc7456" data-v="4" data-block-id="1bc7456"><style>@media screen and (min-width:768px){.stk-1bc7456{flex:var(--stk-flex-grow,1) 1 calc(66.666% - var(--stk-column-gap,0px) * 1 / 2 ) !important}}</style><div class="stk-column-wrapper stk-block-column__content stk-container stk-1bc7456-container stk--no-background stk--no-padding"><div class="stk-block-content stk-inner-blocks stk-1bc7456-inner-blocks">
<div class="wp-block-stackable-heading stk-block-heading stk-block-heading--v2 stk-block stk-f632c2d" id="conoce-nuestra-historia" data-block-id="f632c2d"><h2 class="stk-block-heading__text">CONOCE NUESTRA HISTORIA</h2></div>



<div class="wp-block-stackable-text stk-block-text stk-block stk-5e2f366" data-block-id="5e2f366"><p class="stk-block-text__text">El Paraninfo de la Universidad de La Laguna es un espacio polivalente, diseñado para acoger tanto actos académicos como conferencias y espectáculos escénicos.</p></div>



<p>Es uno de los elementos principales del Edificio Central de la ULL, que comenzó a construirse a mediados de los años 30 del siglo XX y no sería finalizado hasta 1962. Su diseño fue responsabilidad de los arquitectos José Enrique Marrero Regalado y Domingo Pisaca, si bien fue la actuacíón de este último la que resultaría fundamental en la configuración del aspecto final del Paraninfo.</p>



<p>Dotado de una privilegiada acústica para la voz en vivo, otro de sus elementos destacados es la decoración pictórica de su cubierta, obra de Mariano de Cossio, en la que se representa alegorías de las diferentes ramas del conocimiento universitario.</p>



<p>Durante sus años de actividad, pasaron por su escenario los más importantes músicos y actores del panorama regional y nacional, lo cual convirtió al Paraninfo de la Universidad de La Laguna en una de las salas de referencia en Tenerife.</p>



<p>En 2001 el inmueble mostraba altos signos de deterioro debido a la humedad, que aconsejaron su cierre y restauración. Tras varias demoras, el proyecto de rehabilitación firmado por el arquitecto Pedro Domínguez-Anadón comenzaría a ejecutarse en 2007, para culminar a finales de 2009, momento en el que se reabre nuevamente al público.</p>



<p><a href="https://drive.google.com/drive/folders/0Bxi8Rp1_THQzSUdsTmhWb0pJbXc?usp=sharing" target="_blank" rel="noreferrer noopener" target="_blank" rel="noopener">Galería de fotos</a></p>
</div></div></div>



<div class="wp-block-stackable-column stk-block-column stk-column stk-block stk-72e98f4" data-v="4" data-block-id="72e98f4"><style>@media screen and (min-width:768px){.stk-72e98f4{flex:var(--stk-flex-grow,1) 1 calc(33.33400000000002% - var(--stk-column-gap,0px) * 1 / 2 ) !important}}</style><div class="stk-column-wrapper stk-block-column__content stk-container stk-72e98f4-container stk--no-background stk--no-padding"><div class="stk-block-content stk-inner-blocks stk-72e98f4-inner-blocks">
<figure class="wp-block-embed is-type-video is-provider-youtube wp-block-embed-youtube wp-embed-aspect-3-2 wp-embed-aspect-16-9 wp-has-aspect-ratio"><div class="wp-block-embed__wrapper">
<iframe loading="lazy" title="‪Documental sobre el Paraninfo de la Universidad de La Laguna‬" width="750" height="422" src="https://www.youtube.com/embed/TG3oHQsa3CA?feature=oembed" frameborder="0" allow="accelerometer; autoplay; clipboard-write; encrypted-media; gyroscope; picture-in-picture; web-share" referrerpolicy="strict-origin-when-cross-origin" allowfullscreen></iframe>
</div></figure>



<figure class="wp-block-embed is-type-video is-provider-youtube wp-block-embed-youtube wp-embed-aspect-16-9 wp-has-aspect-ratio"><div class="wp-block-embed__wrapper">
<iframe loading="lazy" title="Mural de Mariano de Cossío en el Paraninfo de la Universidad de La Laguna" width="750" height="422" src="https://www.youtube.com/embed/2cDwETB5_IQ?feature=oembed" frameborder="0" allow="accelerometer; autoplay; clipboard-write; encrypted-media; gyroscope; picture-in-picture; web-share" referrerpolicy="strict-origin-when-cross-origin" allowfullscreen></iframe>
</div></figure>



<figure class="wp-block-embed is-type-video is-provider-youtube wp-block-embed-youtube wp-embed-aspect-16-9 wp-has-aspect-ratio"><div class="wp-block-embed__wrapper">
<iframe loading="lazy" title="Restauracion Boceto Cossio" width="750" height="422" src="https://www.youtube.com/embed/q0c2HNeIR0g?start=2&#038;feature=oembed" frameborder="0" allow="accelerometer; autoplay; clipboard-write; encrypted-media; gyroscope; picture-in-picture; web-share" referrerpolicy="strict-origin-when-cross-origin" allowfullscreen></iframe>
</div></figure>
</div></div></div>
</div></div>

<p>CONOCE NUESTRA HISTORIA El Paraninfo de la Universidad de La Laguna es un espacio polivalente, diseñado para acoger tanto actos académicos como conferencias y espectáculos escénicos. Es uno de los elementos principales del Edificio Central de la ULL, que comenzó a construirse a mediados de los años 30 del siglo XX y no sería finalizado&#8230;</p>
